{"id":11606,"date":"2021-04-19T18:08:08","date_gmt":"2021-04-19T22:08:08","guid":{"rendered":"https:\/\/eljardinderosas.cl\/inicio\/?post_type=product&#038;p=11606"},"modified":"2025-06-18T18:03:38","modified_gmt":"2025-06-18T22:03:38","slug":"florero-con-12-rosas-rosadas-y-6-varas-de-lilium-amarillos","status":"publish","type":"product","link":"https:\/\/eljardinderosas.cl\/inicio\/tienda\/arreglos-florales\/rosas\/florero-con-12-rosas-rosadas-y-6-varas-de-lilium-amarillos\/","title":{"rendered":"Florero con 12 rosas rosadas y 6 varas de lilium amarillos"},"content":{"rendered":"<ul>\n<li>Sum\u00e9rgete en un mundo de elegancia y deleite con este impresionante arreglo floral en florero con 12 bellas rosas rosadas y 6 varas lilium\u00a0 amarillos asi\u00e1ticos, No dejes pasar esta oportunidad de mostrarle a tu mam\u00e1 lo especial que es. Haz de este D\u00eda de la Madre un d\u00eda inolvidable lleno de amor y gratitud. Regalar flores en este d\u00eda, es una forma maravillosa de honrar a las madres por todo el amor que nos dan, viene acompa\u00f1ado de una tarjeta de saludos dise\u00f1ada con amor, para que puedas expresar todos esos sentimientos que te desbordan. Un detalle tan hermoso que siempre quedar\u00e1 grabado en su memoria, record\u00e1ndole el amor y aprecio que le tienes. No esperes m\u00e1s, regala un pedacito de felicidad.<\/li>\n<\/ul>\n","protected":false},"excerpt":{"rendered":"<p>Sum\u00e9rgete en un mundo de elegancia y deleite con este impresionante arreglo floral en florero con 12 bellas rosas rosadas y 6 varas lilium\u00a0 amarillos asi\u00e1ticos, No dejes pasar esta oportunidad de mostrarle a tu mam\u00e1 lo especial que es. Haz de este D\u00eda de la Madre un d\u00eda inolvidable lleno de amor y gratitud. [&#8230;]\n","protected":false},"featured_media":11607,"template":"","meta":[],"product_cat":[72,94,84,245,216],"product_tag":[138,206],"yoast_head":"<!-- This site is optimized with the Yoast SEO Premium plugin v17.1.2 (Yoast SEO v17.3) - https:\/\/yoast.com\/wordpress\/plugins\/seo\/ -->\n<title>Florero con 12 rosas rosadas y 6 varas de lilium amarillos - El Jardin de Rosas<\/title>\n<meta name=\"description\" content=\"Arreglo floral en florero con 12 bellas rosas rosadas y varas lilium\u00a0 amarillos asi\u00e1ticos para regalar alguien especial cumplea\u00f1os\" \/>\n<meta name=\"robots\" content=\"index, follow, max-snippet:-1, max-image-preview:large, max-video-preview:-1\" \/>\n<link rel=\"canonical\" href=\"https:\/\/eljardinderosas.cl\/inicio\/tienda\/arreglos-florales\/rosas\/florero-con-12-rosas-rosadas-y-6-varas-de-lilium-amarillos\/\" \/>\n<meta property=\"og:locale\" content=\"es_ES\" \/>\n<meta property=\"og:type\" content=\"article\" \/>\n<meta property=\"og:title\" content=\"Florero con 12 rosas rosadas y 6 varas de lilium amarillos\" \/>\n<meta property=\"og:description\" content=\"Arreglo floral en florero con 12 bellas rosas rosadas y varas lilium\u00a0 amarillos asi\u00e1ticos para regalar alguien especial cumplea\u00f1os\" \/>\n<meta property=\"og:url\" content=\"https:\/\/eljardinderosas.cl\/inicio\/tienda\/arreglos-florales\/rosas\/florero-con-12-rosas-rosadas-y-6-varas-de-lilium-amarillos\/\" \/>\n<meta property=\"og:site_name\" content=\"El Jardin de Rosas\" \/>\n<meta property=\"article:modified_time\" content=\"2025-06-18T22:03:38+00:00\" \/>\n<meta property=\"og:image\" content=\"https:\/\/eljardinderosas.cl\/inicio\/wp-content\/uploads\/2021\/04\/396-261be38468e4f51f26f0b92b85acfd46.jpg\" \/>\n\t<meta property=\"og:image:width\" content=\"600\" \/>\n\t<meta property=\"og:image:height\" content=\"600\" \/>\n<meta name=\"twitter:card\" content=\"summary_large_image\" \/>\n<meta name=\"twitter:label1\" content=\"Tiempo de lectura\" \/>\n\t<meta name=\"twitter:data1\" content=\"1 minuto\" \/>\n<script type=\"application\/ld+json\" class=\"yoast-schema-graph\">{\"@context\":\"https:\/\/schema.org\",\"@graph\":[{\"@type\":\"Organization\",\"@id\":\"https:\/\/eljardinderosas.cl\/inicio\/#organization\",\"name\":\"El jardin de las rosas\",\"url\":\"https:\/\/eljardinderosas.cl\/inicio\/\",\"sameAs\":[\"https:\/\/www.instagram.com\/floreria_eljardinderosas\/\"],\"logo\":{\"@type\":\"ImageObject\",\"@id\":\"https:\/\/eljardinderosas.cl\/inicio\/#logo\",\"inLanguage\":\"es\",\"url\":\"https:\/\/eljardinderosas.cl\/inicio\/wp-content\/uploads\/2020\/10\/eljardinderosas-mail.png\",\"contentUrl\":\"https:\/\/eljardinderosas.cl\/inicio\/wp-content\/uploads\/2020\/10\/eljardinderosas-mail.png\",\"width\":317,\"height\":97,\"caption\":\"El jardin de las rosas\"},\"image\":{\"@id\":\"https:\/\/eljardinderosas.cl\/inicio\/#logo\"}},{\"@type\":\"WebSite\",\"@id\":\"https:\/\/eljardinderosas.cl\/inicio\/#website\",\"url\":\"https:\/\/eljardinderosas.cl\/inicio\/\",\"name\":\"Floreria El jardin de las Rosas\",\"description\":\"Flores en Santiago\",\"publisher\":{\"@id\":\"https:\/\/eljardinderosas.cl\/inicio\/#organization\"},\"potentialAction\":[{\"@type\":\"SearchAction\",\"target\":{\"@type\":\"EntryPoint\",\"urlTemplate\":\"https:\/\/eljardinderosas.cl\/inicio\/?s={search_term_string}\"},\"query-input\":\"required name=search_term_string\"}],\"inLanguage\":\"es\"},{\"@type\":\"ImageObject\",\"@id\":\"https:\/\/eljardinderosas.cl\/inicio\/tienda\/arreglos-florales\/rosas\/florero-con-12-rosas-rosadas-y-6-varas-de-lilium-amarillos\/#primaryimage\",\"inLanguage\":\"es\",\"url\":\"https:\/\/eljardinderosas.cl\/inicio\/wp-content\/uploads\/2021\/04\/396-261be38468e4f51f26f0b92b85acfd46.jpg\",\"contentUrl\":\"https:\/\/eljardinderosas.cl\/inicio\/wp-content\/uploads\/2021\/04\/396-261be38468e4f51f26f0b92b85acfd46.jpg\",\"width\":600,\"height\":600},{\"@type\":\"WebPage\",\"@id\":\"https:\/\/eljardinderosas.cl\/inicio\/tienda\/arreglos-florales\/rosas\/florero-con-12-rosas-rosadas-y-6-varas-de-lilium-amarillos\/#webpage\",\"url\":\"https:\/\/eljardinderosas.cl\/inicio\/tienda\/arreglos-florales\/rosas\/florero-con-12-rosas-rosadas-y-6-varas-de-lilium-amarillos\/\",\"name\":\"Florero con 12 rosas rosadas y 6 varas de lilium amarillos - El Jardin de Rosas\",\"isPartOf\":{\"@id\":\"https:\/\/eljardinderosas.cl\/inicio\/#website\"},\"primaryImageOfPage\":{\"@id\":\"https:\/\/eljardinderosas.cl\/inicio\/tienda\/arreglos-florales\/rosas\/florero-con-12-rosas-rosadas-y-6-varas-de-lilium-amarillos\/#primaryimage\"},\"datePublished\":\"2021-04-19T22:08:08+00:00\",\"dateModified\":\"2025-06-18T22:03:38+00:00\",\"description\":\"Arreglo floral en florero con 12 bellas rosas rosadas y varas lilium\\u00a0 amarillos asi\\u00e1ticos para regalar alguien especial cumplea\\u00f1os\",\"breadcrumb\":{\"@id\":\"https:\/\/eljardinderosas.cl\/inicio\/tienda\/arreglos-florales\/rosas\/florero-con-12-rosas-rosadas-y-6-varas-de-lilium-amarillos\/#breadcrumb\"},\"inLanguage\":\"es\",\"potentialAction\":[{\"@type\":\"ReadAction\",\"target\":[\"https:\/\/eljardinderosas.cl\/inicio\/tienda\/arreglos-florales\/rosas\/florero-con-12-rosas-rosadas-y-6-varas-de-lilium-amarillos\/\"]}]},{\"@type\":\"BreadcrumbList\",\"@id\":\"https:\/\/eljardinderosas.cl\/inicio\/tienda\/arreglos-florales\/rosas\/florero-con-12-rosas-rosadas-y-6-varas-de-lilium-amarillos\/#breadcrumb\",\"itemListElement\":[{\"@type\":\"ListItem\",\"position\":1,\"name\":\"Home\",\"item\":\"https:\/\/eljardinderosas.cl\/inicio\/\"},{\"@type\":\"ListItem\",\"position\":2,\"name\":\"Tienda\",\"item\":\"https:\/\/eljardinderosas.cl\/inicio\/tienda\/\"},{\"@type\":\"ListItem\",\"position\":3,\"name\":\"Florero con 12 rosas rosadas y 6 varas de lilium amarillos\"}]}]}<\/script>\n<!-- \/ Yoast SEO Premium plugin. -->","yoast_head_json":{"title":"Florero con 12 rosas rosadas y 6 varas de lilium amarillos - El Jardin de Rosas","description":"Arreglo floral en florero con 12 bellas rosas rosadas y varas lilium\u00a0 amarillos asi\u00e1ticos para regalar alguien especial cumplea\u00f1os","robots":{"index":"index","follow":"follow","max-snippet":"max-snippet:-1","max-image-preview":"max-image-preview:large","max-video-preview":"max-video-preview:-1"},"canonical":"https:\/\/eljardinderosas.cl\/inicio\/tienda\/arreglos-florales\/rosas\/florero-con-12-rosas-rosadas-y-6-varas-de-lilium-amarillos\/","og_locale":"es_ES","og_type":"article","og_title":"Florero con 12 rosas rosadas y 6 varas de lilium amarillos","og_description":"Arreglo floral en florero con 12 bellas rosas rosadas y varas lilium\u00a0 amarillos asi\u00e1ticos para regalar alguien especial cumplea\u00f1os","og_url":"https:\/\/eljardinderosas.cl\/inicio\/tienda\/arreglos-florales\/rosas\/florero-con-12-rosas-rosadas-y-6-varas-de-lilium-amarillos\/","og_site_name":"El Jardin de Rosas","article_modified_time":"2025-06-18T22:03:38+00:00","og_image":[{"width":600,"height":600,"url":"https:\/\/eljardinderosas.cl\/inicio\/wp-content\/uploads\/2021\/04\/396-261be38468e4f51f26f0b92b85acfd46.jpg","type":"image\/jpeg"}],"twitter_card":"summary_large_image","twitter_misc":{"Tiempo de lectura":"1 minuto"},"schema":{"@context":"https:\/\/schema.org","@graph":[{"@type":"Organization","@id":"https:\/\/eljardinderosas.cl\/inicio\/#organization","name":"El jardin de las rosas","url":"https:\/\/eljardinderosas.cl\/inicio\/","sameAs":["https:\/\/www.instagram.com\/floreria_eljardinderosas\/"],"logo":{"@type":"ImageObject","@id":"https:\/\/eljardinderosas.cl\/inicio\/#logo","inLanguage":"es","url":"https:\/\/eljardinderosas.cl\/inicio\/wp-content\/uploads\/2020\/10\/eljardinderosas-mail.png","contentUrl":"https:\/\/eljardinderosas.cl\/inicio\/wp-content\/uploads\/2020\/10\/eljardinderosas-mail.png","width":317,"height":97,"caption":"El jardin de las rosas"},"image":{"@id":"https:\/\/eljardinderosas.cl\/inicio\/#logo"}},{"@type":"WebSite","@id":"https:\/\/eljardinderosas.cl\/inicio\/#website","url":"https:\/\/eljardinderosas.cl\/inicio\/","name":"Floreria El jardin de las Rosas","description":"Flores en Santiago","publisher":{"@id":"https:\/\/eljardinderosas.cl\/inicio\/#organization"},"potentialAction":[{"@type":"SearchAction","target":{"@type":"EntryPoint","urlTemplate":"https:\/\/eljardinderosas.cl\/inicio\/?s={search_term_string}"},"query-input":"required name=search_term_string"}],"inLanguage":"es"},{"@type":"ImageObject","@id":"https:\/\/eljardinderosas.cl\/inicio\/tienda\/arreglos-florales\/rosas\/florero-con-12-rosas-rosadas-y-6-varas-de-lilium-amarillos\/#primaryimage","inLanguage":"es","url":"https:\/\/eljardinderosas.cl\/inicio\/wp-content\/uploads\/2021\/04\/396-261be38468e4f51f26f0b92b85acfd46.jpg","contentUrl":"https:\/\/eljardinderosas.cl\/inicio\/wp-content\/uploads\/2021\/04\/396-261be38468e4f51f26f0b92b85acfd46.jpg","width":600,"height":600},{"@type":"WebPage","@id":"https:\/\/eljardinderosas.cl\/inicio\/tienda\/arreglos-florales\/rosas\/florero-con-12-rosas-rosadas-y-6-varas-de-lilium-amarillos\/#webpage","url":"https:\/\/eljardinderosas.cl\/inicio\/tienda\/arreglos-florales\/rosas\/florero-con-12-rosas-rosadas-y-6-varas-de-lilium-amarillos\/","name":"Florero con 12 rosas rosadas y 6 varas de lilium amarillos - El Jardin de Rosas","isPartOf":{"@id":"https:\/\/eljardinderosas.cl\/inicio\/#website"},"primaryImageOfPage":{"@id":"https:\/\/eljardinderosas.cl\/inicio\/tienda\/arreglos-florales\/rosas\/florero-con-12-rosas-rosadas-y-6-varas-de-lilium-amarillos\/#primaryimage"},"datePublished":"2021-04-19T22:08:08+00:00","dateModified":"2025-06-18T22:03:38+00:00","description":"Arreglo floral en florero con 12 bellas rosas rosadas y varas lilium\u00a0 amarillos asi\u00e1ticos para regalar alguien especial cumplea\u00f1os","breadcrumb":{"@id":"https:\/\/eljardinderosas.cl\/inicio\/tienda\/arreglos-florales\/rosas\/florero-con-12-rosas-rosadas-y-6-varas-de-lilium-amarillos\/#breadcrumb"},"inLanguage":"es","potentialAction":[{"@type":"ReadAction","target":["https:\/\/eljardinderosas.cl\/inicio\/tienda\/arreglos-florales\/rosas\/florero-con-12-rosas-rosadas-y-6-varas-de-lilium-amarillos\/"]}]},{"@type":"BreadcrumbList","@id":"https:\/\/eljardinderosas.cl\/inicio\/tienda\/arreglos-florales\/rosas\/florero-con-12-rosas-rosadas-y-6-varas-de-lilium-amarillos\/#breadcrumb","itemListElement":[{"@type":"ListItem","position":1,"name":"Home","item":"https:\/\/eljardinderosas.cl\/inicio\/"},{"@type":"ListItem","position":2,"name":"Tienda","item":"https:\/\/eljardinderosas.cl\/inicio\/tienda\/"},{"@type":"ListItem","position":3,"name":"Florero con 12 rosas rosadas y 6 varas de lilium amarillos"}]}]}},"_links":{"self":[{"href":"https:\/\/eljardinderosas.cl\/inicio\/wp-json\/wp\/v2\/product\/11606"}],"collection":[{"href":"https:\/\/eljardinderosas.cl\/inicio\/wp-json\/wp\/v2\/product"}],"about":[{"href":"https:\/\/eljardinderosas.cl\/inicio\/wp-json\/wp\/v2\/types\/product"}],"wp:featuredmedia":[{"embeddable":true,"href":"https:\/\/eljardinderosas.cl\/inicio\/wp-json\/wp\/v2\/media\/11607"}],"wp:attachment":[{"href":"https:\/\/eljardinderosas.cl\/inicio\/wp-json\/wp\/v2\/media?parent=11606"}],"wp:term":[{"taxonomy":"product_cat","embeddable":true,"href":"https:\/\/eljardinderosas.cl\/inicio\/wp-json\/wp\/v2\/product_cat?post=11606"},{"taxonomy":"product_tag","embeddable":true,"href":"https:\/\/eljardinderosas.cl\/inicio\/wp-json\/wp\/v2\/product_tag?post=11606"}],"curies":[{"name":"wp","href":"https:\/\/api.w.org\/{rel}","templated":true}]}}

<ul>
<li>Sumérgete en un mundo de elegancia y deleite con este impresionante arreglo floral en florero con 12 bellas rosas rosadas y 6 varas lilium  amarillos asiáticos, No dejes pasar esta oportunidad de mostrarle a tu mamá lo especial que es. Haz de este Día de la Madre un día inolvidable lleno de amor y gratitud. Regalar flores en este día, es una forma maravillosa de honrar a las madres por todo el amor que nos dan, viene acompañado de una tarjeta de saludos diseñada con amor, para que puedas expresar todos esos sentimientos que te desbordan. Un detalle tan hermoso que siempre quedará grabado en su memoria, recordándole el amor y aprecio que le tienes. No esperes más, regala un pedacito de felicidad.</li>
</ul>

<p>Sumérgete en un mundo de elegancia y deleite con este impresionante arreglo floral en florero con 12 bellas rosas rosadas y 6 varas lilium  amarillos asiáticos, No dejes pasar esta oportunidad de mostrarle a tu mamá lo especial que es. Haz de este Día de la Madre un día inolvidable lleno de amor y gratitud. [&#8230;]

<!-- This site is optimized with the Yoast SEO Premium plugin v17.1.2 (Yoast SEO v17.3) - https://yoast.com/wordpress/plugins/seo/ -->
<title>Florero con 12 rosas rosadas y 6 varas de lilium amarillos - El Jardin de Rosas</title>
<meta name="description" content="Arreglo floral en florero con 12 bellas rosas rosadas y varas lilium  amarillos asiáticos para regalar alguien especial cumpleaños" />
<meta name="robots" content="index, follow, max-snippet:-1, max-image-preview:large, max-video-preview:-1" />
<link rel="canonical" href="https://eljardinderosas.cl/inicio/tienda/arreglos-florales/rosas/florero-con-12-rosas-rosadas-y-6-varas-de-lilium-amarillos/" />
<meta property="og:locale" content="es_ES" />
<meta property="og:type" content="article" />
<meta property="og:title" content="Florero con 12 rosas rosadas y 6 varas de lilium amarillos" />
<meta property="og:description" content="Arreglo floral en florero con 12 bellas rosas rosadas y varas lilium  amarillos asiáticos para regalar alguien especial cumpleaños" />
<meta property="og:url" content="https://eljardinderosas.cl/inicio/tienda/arreglos-florales/rosas/florero-con-12-rosas-rosadas-y-6-varas-de-lilium-amarillos/" />
<meta property="og:site_name" content="El Jardin de Rosas" />
<meta property="article:modified_time" content="2025-06-18T22:03:38+00:00" />
<meta property="og:image" content="https://eljardinderosas.cl/inicio/wp-content/uploads/2021/04/396-261be38468e4f51f26f0b92b85acfd46.jpg" />
	<meta property="og:image:width" content="600" />
	<meta property="og:image:height" content="600" />
<meta name="twitter:card" content="summary_large_image" />
<meta name="twitter:label1" content="Tiempo de lectura" />
	<meta name="twitter:data1" content="1 minuto" />
<script type="application/ld+json" class="yoast-schema-graph">{"@context":"https://schema.org","@graph":[{"@type":"Organization","@id":"https://eljardinderosas.cl/inicio/#organization","name":"El jardin de las rosas","url":"https://eljardinderosas.cl/inicio/","sameAs":["https://www.instagram.com/floreria_eljardinderosas/"],"logo":{"@type":"ImageObject","@id":"https://eljardinderosas.cl/inicio/#logo","inLanguage":"es","url":"https://eljardinderosas.cl/inicio/wp-content/uploads/2020/10/eljardinderosas-mail.png","contentUrl":"https://eljardinderosas.cl/inicio/wp-content/uploads/2020/10/eljardinderosas-mail.png","width":317,"height":97,"caption":"El jardin de las rosas"},"image":{"@id":"https://eljardinderosas.cl/inicio/#logo"}},{"@type":"WebSite","@id":"https://eljardinderosas.cl/inicio/#website","url":"https://eljardinderosas.cl/inicio/","name":"Floreria El jardin de las Rosas","description":"Flores en Santiago","publisher":{"@id":"https://eljardinderosas.cl/inicio/#organization"},"potentialAction":[{"@type":"SearchAction","target":{"@type":"EntryPoint","urlTemplate":"https://eljardinderosas.cl/inicio/?s={search_term_string}"},"query-input":"required name=search_term_string"}],"inLanguage":"es"},{"@type":"ImageObject","@id":"https://eljardinderosas.cl/inicio/tienda/arreglos-florales/rosas/florero-con-12-rosas-rosadas-y-6-varas-de-lilium-amarillos/#primaryimage","inLanguage":"es","url":"https://eljardinderosas.cl/inicio/wp-content/uploads/2021/04/396-261be38468e4f51f26f0b92b85acfd46.jpg","contentUrl":"https://eljardinderosas.cl/inicio/wp-content/uploads/2021/04/396-261be38468e4f51f26f0b92b85acfd46.jpg","width":600,"height":600},{"@type":"WebPage","@id":"https://eljardinderosas.cl/inicio/tienda/arreglos-florales/rosas/florero-con-12-rosas-rosadas-y-6-varas-de-lilium-amarillos/#webpage","url":"https://eljardinderosas.cl/inicio/tienda/arreglos-florales/rosas/florero-con-12-rosas-rosadas-y-6-varas-de-lilium-amarillos/","name":"Florero con 12 rosas rosadas y 6 varas de lilium amarillos - El Jardin de Rosas","isPartOf":{"@id":"https://eljardinderosas.cl/inicio/#website"},"primaryImageOfPage":{"@id":"https://eljardinderosas.cl/inicio/tienda/arreglos-florales/rosas/florero-con-12-rosas-rosadas-y-6-varas-de-lilium-amarillos/#primaryimage"},"datePublished":"2021-04-19T22:08:08+00:00","dateModified":"2025-06-18T22:03:38+00:00","description":"Arreglo floral en florero con 12 bellas rosas rosadas y varas lilium\u00a0 amarillos asi\u00e1ticos para regalar alguien especial cumplea\u00f1os","breadcrumb":{"@id":"https://eljardinderosas.cl/inicio/tienda/arreglos-florales/rosas/florero-con-12-rosas-rosadas-y-6-varas-de-lilium-amarillos/#breadcrumb"},"inLanguage":"es","potentialAction":[{"@type":"ReadAction","target":["https://eljardinderosas.cl/inicio/tienda/arreglos-florales/rosas/florero-con-12-rosas-rosadas-y-6-varas-de-lilium-amarillos/"]}]},{"@type":"BreadcrumbList","@id":"https://eljardinderosas.cl/inicio/tienda/arreglos-florales/rosas/florero-con-12-rosas-rosadas-y-6-varas-de-lilium-amarillos/#breadcrumb","itemListElement":[{"@type":"ListItem","position":1,"name":"Home","item":"https://eljardinderosas.cl/inicio/"},{"@type":"ListItem","position":2,"name":"Tienda","item":"https://eljardinderosas.cl/inicio/tienda/"},{"@type":"ListItem","position":3,"name":"Florero con 12 rosas rosadas y 6 varas de lilium amarillos"}]}]}</script>
<!-- / Yoast SEO Premium plugin. -->

Arreglo floral en florero con 12 bellas rosas rosadas y varas lilium  amarillos asiáticos para regalar alguien especial cumpleaños
