{"id":12227,"date":"2021-09-19T23:45:10","date_gmt":"2021-09-20T02:45:10","guid":{"rendered":"https:\/\/eljardinderosas.cl\/inicio\/?post_type=product&#038;p=12227"},"modified":"2026-04-19T17:50:26","modified_gmt":"2026-04-19T21:50:26","slug":"canasta-grande-con-25-rosas-rojas-y-10-varas-lilium-blancos","status":"publish","type":"product","link":"https:\/\/eljardinderosas.cl\/inicio\/tienda\/arreglos-florales\/rosas\/canasta-grande-con-25-rosas-rojas-y-10-varas-lilium-blancos\/","title":{"rendered":"Canasta grande con 25 rosas rojas y 10 varas lilium blancos"},"content":{"rendered":"<p>Sorprende con este fascinante arreglo floral para este 14 de febrero con esta canasta grande XXL con 25 deslumbrantes rosas rojas y 10 delicadas varas de Lilium blancos\u00a0oriental se entrelazan en esta creaci\u00f3n que evoca la pasi\u00f3n y el amor profundo. Este regalo es perfecto para celebrar ocasiones especiales como este 14 de febrero dia de los enamorados\u00a0Piensa en la sonrisa en el rostro de tu ser amado al recibir esta incre\u00edble canasta . \u00a1No esperes m\u00e1s y haz tu pedido ahora mismo! Sorprende a tu ser amado una explosi\u00f3n de emociones inolvidables. Sum\u00e9rgete en este encanto irresistible y sorprende a esa persona tan especial. \u00a1No podr\u00e1n resistirse a su belleza! Te garantizamos que dejara huellas en su coraz\u00f3n por esta combinaci\u00f3n perfecta para enamorar este 14 de febrero <\/p>\n","protected":false},"excerpt":{"rendered":"<p>No pierdas m\u00e1s tiempo, haz tu pedido este 14 de febrero ahora mismo y sorprende a tu ser amado con este hermoso arreglo  Haz que su d\u00eda sea a\u00fan m\u00e1s especial y demu\u00e9strale cu\u00e1nto la amas.<\/p>\n","protected":false},"featured_media":19672,"template":"","meta":[],"product_cat":[96,93,94,84,189],"product_tag":[],"yoast_head":"<!-- This site is optimized with the Yoast SEO Premium plugin v17.1.2 (Yoast SEO v17.3) - https:\/\/yoast.com\/wordpress\/plugins\/seo\/ -->\n<title>Canasta grande con 25 rosas rojas y 10 varas lilium blancos - El Jardin de Rosas<\/title>\n<meta name=\"robots\" content=\"index, follow, max-snippet:-1, max-image-preview:large, max-video-preview:-1\" \/>\n<link rel=\"canonical\" href=\"https:\/\/eljardinderosas.cl\/inicio\/tienda\/arreglos-florales\/rosas\/canasta-grande-con-25-rosas-rojas-y-10-varas-lilium-blancos\/\" \/>\n<meta property=\"og:locale\" content=\"es_ES\" \/>\n<meta property=\"og:type\" content=\"article\" \/>\n<meta property=\"og:title\" content=\"Canasta grande con 25 rosas rojas y 10 varas lilium blancos\" \/>\n<meta property=\"og:description\" content=\"No pierdas m\u00e1s tiempo, haz tu pedido este 14 de febrero ahora mismo y sorprende a tu ser amado con este hermoso arreglo Haz que su d\u00eda sea a\u00fan m\u00e1s especial y demu\u00e9strale cu\u00e1nto la amas.\" \/>\n<meta property=\"og:url\" content=\"https:\/\/eljardinderosas.cl\/inicio\/tienda\/arreglos-florales\/rosas\/canasta-grande-con-25-rosas-rojas-y-10-varas-lilium-blancos\/\" \/>\n<meta property=\"og:site_name\" content=\"El Jardin de Rosas\" \/>\n<meta property=\"article:modified_time\" content=\"2026-04-19T21:50:26+00:00\" \/>\n<meta property=\"og:image\" content=\"https:\/\/eljardinderosas.cl\/inicio\/wp-content\/uploads\/2021\/09\/CANASTA-CON-25-ROSAS-Y-10-VARAS-DE-LILIUM-BLANCOS.png\" \/>\n\t<meta property=\"og:image:width\" content=\"1024\" \/>\n\t<meta property=\"og:image:height\" content=\"1024\" \/>\n<meta name=\"twitter:card\" content=\"summary_large_image\" \/>\n<meta name=\"twitter:label1\" content=\"Tiempo de lectura\" \/>\n\t<meta name=\"twitter:data1\" content=\"1 minuto\" \/>\n<script type=\"application\/ld+json\" class=\"yoast-schema-graph\">{\"@context\":\"https:\/\/schema.org\",\"@graph\":[{\"@type\":\"Organization\",\"@id\":\"https:\/\/eljardinderosas.cl\/inicio\/#organization\",\"name\":\"El jardin de las rosas\",\"url\":\"https:\/\/eljardinderosas.cl\/inicio\/\",\"sameAs\":[\"https:\/\/www.instagram.com\/floreria_eljardinderosas\/\"],\"logo\":{\"@type\":\"ImageObject\",\"@id\":\"https:\/\/eljardinderosas.cl\/inicio\/#logo\",\"inLanguage\":\"es\",\"url\":\"https:\/\/eljardinderosas.cl\/inicio\/wp-content\/uploads\/2020\/10\/eljardinderosas-mail.png\",\"contentUrl\":\"https:\/\/eljardinderosas.cl\/inicio\/wp-content\/uploads\/2020\/10\/eljardinderosas-mail.png\",\"width\":317,\"height\":97,\"caption\":\"El jardin de las rosas\"},\"image\":{\"@id\":\"https:\/\/eljardinderosas.cl\/inicio\/#logo\"}},{\"@type\":\"WebSite\",\"@id\":\"https:\/\/eljardinderosas.cl\/inicio\/#website\",\"url\":\"https:\/\/eljardinderosas.cl\/inicio\/\",\"name\":\"Floreria El jardin de las Rosas\",\"description\":\"Flores en Santiago\",\"publisher\":{\"@id\":\"https:\/\/eljardinderosas.cl\/inicio\/#organization\"},\"potentialAction\":[{\"@type\":\"SearchAction\",\"target\":{\"@type\":\"EntryPoint\",\"urlTemplate\":\"https:\/\/eljardinderosas.cl\/inicio\/?s={search_term_string}\"},\"query-input\":\"required name=search_term_string\"}],\"inLanguage\":\"es\"},{\"@type\":\"ImageObject\",\"@id\":\"https:\/\/eljardinderosas.cl\/inicio\/tienda\/arreglos-florales\/rosas\/canasta-grande-con-25-rosas-rojas-y-10-varas-lilium-blancos\/#primaryimage\",\"inLanguage\":\"es\",\"url\":\"https:\/\/eljardinderosas.cl\/inicio\/wp-content\/uploads\/2021\/09\/CANASTA-CON-25-ROSAS-Y-10-VARAS-DE-LILIUM-BLANCOS.png\",\"contentUrl\":\"https:\/\/eljardinderosas.cl\/inicio\/wp-content\/uploads\/2021\/09\/CANASTA-CON-25-ROSAS-Y-10-VARAS-DE-LILIUM-BLANCOS.png\",\"width\":1024,\"height\":1024},{\"@type\":\"WebPage\",\"@id\":\"https:\/\/eljardinderosas.cl\/inicio\/tienda\/arreglos-florales\/rosas\/canasta-grande-con-25-rosas-rojas-y-10-varas-lilium-blancos\/#webpage\",\"url\":\"https:\/\/eljardinderosas.cl\/inicio\/tienda\/arreglos-florales\/rosas\/canasta-grande-con-25-rosas-rojas-y-10-varas-lilium-blancos\/\",\"name\":\"Canasta grande con 25 rosas rojas y 10 varas lilium blancos - El Jardin de Rosas\",\"isPartOf\":{\"@id\":\"https:\/\/eljardinderosas.cl\/inicio\/#website\"},\"primaryImageOfPage\":{\"@id\":\"https:\/\/eljardinderosas.cl\/inicio\/tienda\/arreglos-florales\/rosas\/canasta-grande-con-25-rosas-rojas-y-10-varas-lilium-blancos\/#primaryimage\"},\"datePublished\":\"2021-09-20T02:45:10+00:00\",\"dateModified\":\"2026-04-19T21:50:26+00:00\",\"breadcrumb\":{\"@id\":\"https:\/\/eljardinderosas.cl\/inicio\/tienda\/arreglos-florales\/rosas\/canasta-grande-con-25-rosas-rojas-y-10-varas-lilium-blancos\/#breadcrumb\"},\"inLanguage\":\"es\",\"potentialAction\":[{\"@type\":\"ReadAction\",\"target\":[\"https:\/\/eljardinderosas.cl\/inicio\/tienda\/arreglos-florales\/rosas\/canasta-grande-con-25-rosas-rojas-y-10-varas-lilium-blancos\/\"]}]},{\"@type\":\"BreadcrumbList\",\"@id\":\"https:\/\/eljardinderosas.cl\/inicio\/tienda\/arreglos-florales\/rosas\/canasta-grande-con-25-rosas-rojas-y-10-varas-lilium-blancos\/#breadcrumb\",\"itemListElement\":[{\"@type\":\"ListItem\",\"position\":1,\"name\":\"Home\",\"item\":\"https:\/\/eljardinderosas.cl\/inicio\/\"},{\"@type\":\"ListItem\",\"position\":2,\"name\":\"Tienda\",\"item\":\"https:\/\/eljardinderosas.cl\/inicio\/tienda\/\"},{\"@type\":\"ListItem\",\"position\":3,\"name\":\"Canasta grande con 25 rosas rojas y 10 varas lilium blancos\"}]}]}<\/script>\n<!-- \/ Yoast SEO Premium plugin. -->","yoast_head_json":{"title":"Canasta grande con 25 rosas rojas y 10 varas lilium blancos - El Jardin de Rosas","robots":{"index":"index","follow":"follow","max-snippet":"max-snippet:-1","max-image-preview":"max-image-preview:large","max-video-preview":"max-video-preview:-1"},"canonical":"https:\/\/eljardinderosas.cl\/inicio\/tienda\/arreglos-florales\/rosas\/canasta-grande-con-25-rosas-rojas-y-10-varas-lilium-blancos\/","og_locale":"es_ES","og_type":"article","og_title":"Canasta grande con 25 rosas rojas y 10 varas lilium blancos","og_description":"No pierdas m\u00e1s tiempo, haz tu pedido este 14 de febrero ahora mismo y sorprende a tu ser amado con este hermoso arreglo Haz que su d\u00eda sea a\u00fan m\u00e1s especial y demu\u00e9strale cu\u00e1nto la amas.","og_url":"https:\/\/eljardinderosas.cl\/inicio\/tienda\/arreglos-florales\/rosas\/canasta-grande-con-25-rosas-rojas-y-10-varas-lilium-blancos\/","og_site_name":"El Jardin de Rosas","article_modified_time":"2026-04-19T21:50:26+00:00","og_image":[{"width":1024,"height":1024,"url":"https:\/\/eljardinderosas.cl\/inicio\/wp-content\/uploads\/2021\/09\/CANASTA-CON-25-ROSAS-Y-10-VARAS-DE-LILIUM-BLANCOS.png","type":"image\/png"}],"twitter_card":"summary_large_image","twitter_misc":{"Tiempo de lectura":"1 minuto"},"schema":{"@context":"https:\/\/schema.org","@graph":[{"@type":"Organization","@id":"https:\/\/eljardinderosas.cl\/inicio\/#organization","name":"El jardin de las rosas","url":"https:\/\/eljardinderosas.cl\/inicio\/","sameAs":["https:\/\/www.instagram.com\/floreria_eljardinderosas\/"],"logo":{"@type":"ImageObject","@id":"https:\/\/eljardinderosas.cl\/inicio\/#logo","inLanguage":"es","url":"https:\/\/eljardinderosas.cl\/inicio\/wp-content\/uploads\/2020\/10\/eljardinderosas-mail.png","contentUrl":"https:\/\/eljardinderosas.cl\/inicio\/wp-content\/uploads\/2020\/10\/eljardinderosas-mail.png","width":317,"height":97,"caption":"El jardin de las rosas"},"image":{"@id":"https:\/\/eljardinderosas.cl\/inicio\/#logo"}},{"@type":"WebSite","@id":"https:\/\/eljardinderosas.cl\/inicio\/#website","url":"https:\/\/eljardinderosas.cl\/inicio\/","name":"Floreria El jardin de las Rosas","description":"Flores en Santiago","publisher":{"@id":"https:\/\/eljardinderosas.cl\/inicio\/#organization"},"potentialAction":[{"@type":"SearchAction","target":{"@type":"EntryPoint","urlTemplate":"https:\/\/eljardinderosas.cl\/inicio\/?s={search_term_string}"},"query-input":"required name=search_term_string"}],"inLanguage":"es"},{"@type":"ImageObject","@id":"https:\/\/eljardinderosas.cl\/inicio\/tienda\/arreglos-florales\/rosas\/canasta-grande-con-25-rosas-rojas-y-10-varas-lilium-blancos\/#primaryimage","inLanguage":"es","url":"https:\/\/eljardinderosas.cl\/inicio\/wp-content\/uploads\/2021\/09\/CANASTA-CON-25-ROSAS-Y-10-VARAS-DE-LILIUM-BLANCOS.png","contentUrl":"https:\/\/eljardinderosas.cl\/inicio\/wp-content\/uploads\/2021\/09\/CANASTA-CON-25-ROSAS-Y-10-VARAS-DE-LILIUM-BLANCOS.png","width":1024,"height":1024},{"@type":"WebPage","@id":"https:\/\/eljardinderosas.cl\/inicio\/tienda\/arreglos-florales\/rosas\/canasta-grande-con-25-rosas-rojas-y-10-varas-lilium-blancos\/#webpage","url":"https:\/\/eljardinderosas.cl\/inicio\/tienda\/arreglos-florales\/rosas\/canasta-grande-con-25-rosas-rojas-y-10-varas-lilium-blancos\/","name":"Canasta grande con 25 rosas rojas y 10 varas lilium blancos - El Jardin de Rosas","isPartOf":{"@id":"https:\/\/eljardinderosas.cl\/inicio\/#website"},"primaryImageOfPage":{"@id":"https:\/\/eljardinderosas.cl\/inicio\/tienda\/arreglos-florales\/rosas\/canasta-grande-con-25-rosas-rojas-y-10-varas-lilium-blancos\/#primaryimage"},"datePublished":"2021-09-20T02:45:10+00:00","dateModified":"2026-04-19T21:50:26+00:00","breadcrumb":{"@id":"https:\/\/eljardinderosas.cl\/inicio\/tienda\/arreglos-florales\/rosas\/canasta-grande-con-25-rosas-rojas-y-10-varas-lilium-blancos\/#breadcrumb"},"inLanguage":"es","potentialAction":[{"@type":"ReadAction","target":["https:\/\/eljardinderosas.cl\/inicio\/tienda\/arreglos-florales\/rosas\/canasta-grande-con-25-rosas-rojas-y-10-varas-lilium-blancos\/"]}]},{"@type":"BreadcrumbList","@id":"https:\/\/eljardinderosas.cl\/inicio\/tienda\/arreglos-florales\/rosas\/canasta-grande-con-25-rosas-rojas-y-10-varas-lilium-blancos\/#breadcrumb","itemListElement":[{"@type":"ListItem","position":1,"name":"Home","item":"https:\/\/eljardinderosas.cl\/inicio\/"},{"@type":"ListItem","position":2,"name":"Tienda","item":"https:\/\/eljardinderosas.cl\/inicio\/tienda\/"},{"@type":"ListItem","position":3,"name":"Canasta grande con 25 rosas rojas y 10 varas lilium blancos"}]}]}},"_links":{"self":[{"href":"https:\/\/eljardinderosas.cl\/inicio\/wp-json\/wp\/v2\/product\/12227"}],"collection":[{"href":"https:\/\/eljardinderosas.cl\/inicio\/wp-json\/wp\/v2\/product"}],"about":[{"href":"https:\/\/eljardinderosas.cl\/inicio\/wp-json\/wp\/v2\/types\/product"}],"wp:featuredmedia":[{"embeddable":true,"href":"https:\/\/eljardinderosas.cl\/inicio\/wp-json\/wp\/v2\/media\/19672"}],"wp:attachment":[{"href":"https:\/\/eljardinderosas.cl\/inicio\/wp-json\/wp\/v2\/media?parent=12227"}],"wp:term":[{"taxonomy":"product_cat","embeddable":true,"href":"https:\/\/eljardinderosas.cl\/inicio\/wp-json\/wp\/v2\/product_cat?post=12227"},{"taxonomy":"product_tag","embeddable":true,"href":"https:\/\/eljardinderosas.cl\/inicio\/wp-json\/wp\/v2\/product_tag?post=12227"}],"curies":[{"name":"wp","href":"https:\/\/api.w.org\/{rel}","templated":true}]}}