{"id":12260,"date":"2021-09-23T11:52:22","date_gmt":"2021-09-23T14:52:22","guid":{"rendered":"https:\/\/eljardinderosas.cl\/inicio\/?post_type=product&#038;p=12260"},"modified":"2026-02-26T15:27:29","modified_gmt":"2026-02-26T18:27:29","slug":"ramo-con-12-rosas-rosadas-y-bombones-ferrero-rocher","status":"publish","type":"product","link":"https:\/\/eljardinderosas.cl\/inicio\/tienda\/secretaria-3-de-diciembre\/ramo-con-12-rosas-rosadas-y-bombones-ferrero-rocher\/","title":{"rendered":"Ramo con 12 rosas rosadas  y bombones Ferrero rocher"},"content":{"rendered":"<p>Precioso ramo circular con 12\u00a0 rosas ecuatorianas de color blush de tallo largo, envueltas en un delicado papel arroz&lt; y una malla roja\u00a0 con un hermoso mo\u00f1o de cinta de raso acompa\u00f1ado por exquisitos bombones Belgian un chocolate belga. \u00a1El regalo perfecto para expresar todo tu cari\u00f1o alguien especial despachos todo santiago <\/p>\n","protected":false},"excerpt":{"rendered":"<p>14 de febrero en San valentin\ud83d\ude0d llega a su coraz\u00f3n\u2764\ufe0f con flores de florer\u00eda<br \/>\nEl Jard\u00edn de Rosas\ud83c\udf39\u00a1Celebra y Descubre ramos \u00fanicos y ofertas especiales que alegrar\u00e1n su d\u00eda. \u00a1Haz tu pedido hoy y sorpr\u00e9ndela con un detalle inolvidable!<\/p>\n","protected":false},"featured_media":18570,"template":"","meta":[],"product_cat":[121],"product_tag":[278,146],"yoast_head":"<!-- This site is optimized with the Yoast SEO Premium plugin v17.1.2 (Yoast SEO v17.3) - https:\/\/yoast.com\/wordpress\/plugins\/seo\/ -->\n<title>Ramo con 12 rosas rosadas y bombones Ferrero rocher - El Jardin de Rosas<\/title>\n<meta name=\"robots\" content=\"index, follow, max-snippet:-1, max-image-preview:large, max-video-preview:-1\" \/>\n<link rel=\"canonical\" href=\"https:\/\/eljardinderosas.cl\/inicio\/tienda\/secretaria-3-de-diciembre\/ramo-con-12-rosas-rosadas-y-bombones-ferrero-rocher\/\" \/>\n<meta property=\"og:locale\" content=\"es_ES\" \/>\n<meta property=\"og:type\" content=\"article\" \/>\n<meta property=\"og:title\" content=\"Ramo con 12 rosas rosadas y bombones Ferrero rocher\" \/>\n<meta property=\"og:description\" content=\"14 de febrero en San valentin\ud83d\ude0d llega a su coraz\u00f3n\u2764\ufe0f con flores de florer\u00eda El Jard\u00edn de Rosas\ud83c\udf39\u00a1Celebra y Descubre ramos \u00fanicos y ofertas especiales que alegrar\u00e1n su d\u00eda. \u00a1Haz tu pedido hoy y sorpr\u00e9ndela con un detalle inolvidable!\" \/>\n<meta property=\"og:url\" content=\"https:\/\/eljardinderosas.cl\/inicio\/tienda\/secretaria-3-de-diciembre\/ramo-con-12-rosas-rosadas-y-bombones-ferrero-rocher\/\" \/>\n<meta property=\"og:site_name\" content=\"El Jardin de Rosas\" \/>\n<meta property=\"article:modified_time\" content=\"2026-02-26T18:27:29+00:00\" \/>\n<meta property=\"og:image\" content=\"https:\/\/eljardinderosas.cl\/inicio\/wp-content\/uploads\/2021\/09\/RAMO-12-ROSAS-BLUSH-Y-FERREROS-3.jpg\" \/>\n\t<meta property=\"og:image:width\" content=\"520\" \/>\n\t<meta property=\"og:image:height\" content=\"519\" \/>\n<meta name=\"twitter:card\" content=\"summary_large_image\" \/>\n<meta name=\"twitter:label1\" content=\"Tiempo de lectura\" \/>\n\t<meta name=\"twitter:data1\" content=\"1 minuto\" \/>\n<script type=\"application\/ld+json\" class=\"yoast-schema-graph\">{\"@context\":\"https:\/\/schema.org\",\"@graph\":[{\"@type\":\"Organization\",\"@id\":\"https:\/\/eljardinderosas.cl\/inicio\/#organization\",\"name\":\"El jardin de las rosas\",\"url\":\"https:\/\/eljardinderosas.cl\/inicio\/\",\"sameAs\":[\"https:\/\/www.instagram.com\/floreria_eljardinderosas\/\"],\"logo\":{\"@type\":\"ImageObject\",\"@id\":\"https:\/\/eljardinderosas.cl\/inicio\/#logo\",\"inLanguage\":\"es\",\"url\":\"https:\/\/eljardinderosas.cl\/inicio\/wp-content\/uploads\/2020\/10\/eljardinderosas-mail.png\",\"contentUrl\":\"https:\/\/eljardinderosas.cl\/inicio\/wp-content\/uploads\/2020\/10\/eljardinderosas-mail.png\",\"width\":317,\"height\":97,\"caption\":\"El jardin de las rosas\"},\"image\":{\"@id\":\"https:\/\/eljardinderosas.cl\/inicio\/#logo\"}},{\"@type\":\"WebSite\",\"@id\":\"https:\/\/eljardinderosas.cl\/inicio\/#website\",\"url\":\"https:\/\/eljardinderosas.cl\/inicio\/\",\"name\":\"Floreria El jardin de las Rosas\",\"description\":\"Flores en Santiago\",\"publisher\":{\"@id\":\"https:\/\/eljardinderosas.cl\/inicio\/#organization\"},\"potentialAction\":[{\"@type\":\"SearchAction\",\"target\":{\"@type\":\"EntryPoint\",\"urlTemplate\":\"https:\/\/eljardinderosas.cl\/inicio\/?s={search_term_string}\"},\"query-input\":\"required name=search_term_string\"}],\"inLanguage\":\"es\"},{\"@type\":\"ImageObject\",\"@id\":\"https:\/\/eljardinderosas.cl\/inicio\/tienda\/secretaria-3-de-diciembre\/ramo-con-12-rosas-rosadas-y-bombones-ferrero-rocher\/#primaryimage\",\"inLanguage\":\"es\",\"url\":\"https:\/\/eljardinderosas.cl\/inicio\/wp-content\/uploads\/2021\/09\/RAMO-12-ROSAS-BLUSH-Y-FERREROS-3.jpg\",\"contentUrl\":\"https:\/\/eljardinderosas.cl\/inicio\/wp-content\/uploads\/2021\/09\/RAMO-12-ROSAS-BLUSH-Y-FERREROS-3.jpg\",\"width\":520,\"height\":519},{\"@type\":\"WebPage\",\"@id\":\"https:\/\/eljardinderosas.cl\/inicio\/tienda\/secretaria-3-de-diciembre\/ramo-con-12-rosas-rosadas-y-bombones-ferrero-rocher\/#webpage\",\"url\":\"https:\/\/eljardinderosas.cl\/inicio\/tienda\/secretaria-3-de-diciembre\/ramo-con-12-rosas-rosadas-y-bombones-ferrero-rocher\/\",\"name\":\"Ramo con 12 rosas rosadas y bombones Ferrero rocher - El Jardin de Rosas\",\"isPartOf\":{\"@id\":\"https:\/\/eljardinderosas.cl\/inicio\/#website\"},\"primaryImageOfPage\":{\"@id\":\"https:\/\/eljardinderosas.cl\/inicio\/tienda\/secretaria-3-de-diciembre\/ramo-con-12-rosas-rosadas-y-bombones-ferrero-rocher\/#primaryimage\"},\"datePublished\":\"2021-09-23T14:52:22+00:00\",\"dateModified\":\"2026-02-26T18:27:29+00:00\",\"breadcrumb\":{\"@id\":\"https:\/\/eljardinderosas.cl\/inicio\/tienda\/secretaria-3-de-diciembre\/ramo-con-12-rosas-rosadas-y-bombones-ferrero-rocher\/#breadcrumb\"},\"inLanguage\":\"es\",\"potentialAction\":[{\"@type\":\"ReadAction\",\"target\":[\"https:\/\/eljardinderosas.cl\/inicio\/tienda\/secretaria-3-de-diciembre\/ramo-con-12-rosas-rosadas-y-bombones-ferrero-rocher\/\"]}]},{\"@type\":\"BreadcrumbList\",\"@id\":\"https:\/\/eljardinderosas.cl\/inicio\/tienda\/secretaria-3-de-diciembre\/ramo-con-12-rosas-rosadas-y-bombones-ferrero-rocher\/#breadcrumb\",\"itemListElement\":[{\"@type\":\"ListItem\",\"position\":1,\"name\":\"Home\",\"item\":\"https:\/\/eljardinderosas.cl\/inicio\/\"},{\"@type\":\"ListItem\",\"position\":2,\"name\":\"Tienda\",\"item\":\"https:\/\/eljardinderosas.cl\/inicio\/tienda\/\"},{\"@type\":\"ListItem\",\"position\":3,\"name\":\"Ramo con 12 rosas rosadas y bombones Ferrero rocher\"}]}]}<\/script>\n<!-- \/ Yoast SEO Premium plugin. -->","yoast_head_json":{"title":"Ramo con 12 rosas rosadas y bombones Ferrero rocher - El Jardin de Rosas","robots":{"index":"index","follow":"follow","max-snippet":"max-snippet:-1","max-image-preview":"max-image-preview:large","max-video-preview":"max-video-preview:-1"},"canonical":"https:\/\/eljardinderosas.cl\/inicio\/tienda\/secretaria-3-de-diciembre\/ramo-con-12-rosas-rosadas-y-bombones-ferrero-rocher\/","og_locale":"es_ES","og_type":"article","og_title":"Ramo con 12 rosas rosadas y bombones Ferrero rocher","og_description":"14 de febrero en San valentin\ud83d\ude0d llega a su coraz\u00f3n\u2764\ufe0f con flores de florer\u00eda El Jard\u00edn de Rosas\ud83c\udf39\u00a1Celebra y Descubre ramos \u00fanicos y ofertas especiales que alegrar\u00e1n su d\u00eda. \u00a1Haz tu pedido hoy y sorpr\u00e9ndela con un detalle inolvidable!","og_url":"https:\/\/eljardinderosas.cl\/inicio\/tienda\/secretaria-3-de-diciembre\/ramo-con-12-rosas-rosadas-y-bombones-ferrero-rocher\/","og_site_name":"El Jardin de Rosas","article_modified_time":"2026-02-26T18:27:29+00:00","og_image":[{"width":520,"height":519,"url":"https:\/\/eljardinderosas.cl\/inicio\/wp-content\/uploads\/2021\/09\/RAMO-12-ROSAS-BLUSH-Y-FERREROS-3.jpg","type":"image\/jpeg"}],"twitter_card":"summary_large_image","twitter_misc":{"Tiempo de lectura":"1 minuto"},"schema":{"@context":"https:\/\/schema.org","@graph":[{"@type":"Organization","@id":"https:\/\/eljardinderosas.cl\/inicio\/#organization","name":"El jardin de las rosas","url":"https:\/\/eljardinderosas.cl\/inicio\/","sameAs":["https:\/\/www.instagram.com\/floreria_eljardinderosas\/"],"logo":{"@type":"ImageObject","@id":"https:\/\/eljardinderosas.cl\/inicio\/#logo","inLanguage":"es","url":"https:\/\/eljardinderosas.cl\/inicio\/wp-content\/uploads\/2020\/10\/eljardinderosas-mail.png","contentUrl":"https:\/\/eljardinderosas.cl\/inicio\/wp-content\/uploads\/2020\/10\/eljardinderosas-mail.png","width":317,"height":97,"caption":"El jardin de las rosas"},"image":{"@id":"https:\/\/eljardinderosas.cl\/inicio\/#logo"}},{"@type":"WebSite","@id":"https:\/\/eljardinderosas.cl\/inicio\/#website","url":"https:\/\/eljardinderosas.cl\/inicio\/","name":"Floreria El jardin de las Rosas","description":"Flores en Santiago","publisher":{"@id":"https:\/\/eljardinderosas.cl\/inicio\/#organization"},"potentialAction":[{"@type":"SearchAction","target":{"@type":"EntryPoint","urlTemplate":"https:\/\/eljardinderosas.cl\/inicio\/?s={search_term_string}"},"query-input":"required name=search_term_string"}],"inLanguage":"es"},{"@type":"ImageObject","@id":"https:\/\/eljardinderosas.cl\/inicio\/tienda\/secretaria-3-de-diciembre\/ramo-con-12-rosas-rosadas-y-bombones-ferrero-rocher\/#primaryimage","inLanguage":"es","url":"https:\/\/eljardinderosas.cl\/inicio\/wp-content\/uploads\/2021\/09\/RAMO-12-ROSAS-BLUSH-Y-FERREROS-3.jpg","contentUrl":"https:\/\/eljardinderosas.cl\/inicio\/wp-content\/uploads\/2021\/09\/RAMO-12-ROSAS-BLUSH-Y-FERREROS-3.jpg","width":520,"height":519},{"@type":"WebPage","@id":"https:\/\/eljardinderosas.cl\/inicio\/tienda\/secretaria-3-de-diciembre\/ramo-con-12-rosas-rosadas-y-bombones-ferrero-rocher\/#webpage","url":"https:\/\/eljardinderosas.cl\/inicio\/tienda\/secretaria-3-de-diciembre\/ramo-con-12-rosas-rosadas-y-bombones-ferrero-rocher\/","name":"Ramo con 12 rosas rosadas y bombones Ferrero rocher - El Jardin de Rosas","isPartOf":{"@id":"https:\/\/eljardinderosas.cl\/inicio\/#website"},"primaryImageOfPage":{"@id":"https:\/\/eljardinderosas.cl\/inicio\/tienda\/secretaria-3-de-diciembre\/ramo-con-12-rosas-rosadas-y-bombones-ferrero-rocher\/#primaryimage"},"datePublished":"2021-09-23T14:52:22+00:00","dateModified":"2026-02-26T18:27:29+00:00","breadcrumb":{"@id":"https:\/\/eljardinderosas.cl\/inicio\/tienda\/secretaria-3-de-diciembre\/ramo-con-12-rosas-rosadas-y-bombones-ferrero-rocher\/#breadcrumb"},"inLanguage":"es","potentialAction":[{"@type":"ReadAction","target":["https:\/\/eljardinderosas.cl\/inicio\/tienda\/secretaria-3-de-diciembre\/ramo-con-12-rosas-rosadas-y-bombones-ferrero-rocher\/"]}]},{"@type":"BreadcrumbList","@id":"https:\/\/eljardinderosas.cl\/inicio\/tienda\/secretaria-3-de-diciembre\/ramo-con-12-rosas-rosadas-y-bombones-ferrero-rocher\/#breadcrumb","itemListElement":[{"@type":"ListItem","position":1,"name":"Home","item":"https:\/\/eljardinderosas.cl\/inicio\/"},{"@type":"ListItem","position":2,"name":"Tienda","item":"https:\/\/eljardinderosas.cl\/inicio\/tienda\/"},{"@type":"ListItem","position":3,"name":"Ramo con 12 rosas rosadas y bombones Ferrero rocher"}]}]}},"_links":{"self":[{"href":"https:\/\/eljardinderosas.cl\/inicio\/wp-json\/wp\/v2\/product\/12260"}],"collection":[{"href":"https:\/\/eljardinderosas.cl\/inicio\/wp-json\/wp\/v2\/product"}],"about":[{"href":"https:\/\/eljardinderosas.cl\/inicio\/wp-json\/wp\/v2\/types\/product"}],"wp:featuredmedia":[{"embeddable":true,"href":"https:\/\/eljardinderosas.cl\/inicio\/wp-json\/wp\/v2\/media\/18570"}],"wp:attachment":[{"href":"https:\/\/eljardinderosas.cl\/inicio\/wp-json\/wp\/v2\/media?parent=12260"}],"wp:term":[{"taxonomy":"product_cat","embeddable":true,"href":"https:\/\/eljardinderosas.cl\/inicio\/wp-json\/wp\/v2\/product_cat?post=12260"},{"taxonomy":"product_tag","embeddable":true,"href":"https:\/\/eljardinderosas.cl\/inicio\/wp-json\/wp\/v2\/product_tag?post=12260"}],"curies":[{"name":"wp","href":"https:\/\/api.w.org\/{rel}","templated":true}]}}