{"id":13108,"date":"2022-02-04T23:20:36","date_gmt":"2022-02-05T02:20:36","guid":{"rendered":"https:\/\/eljardinderosas.cl\/inicio\/?post_type=product&#038;p=13108"},"modified":"2026-03-23T17:07:53","modified_gmt":"2026-03-23T20:07:53","slug":"precioso-florero-con-25-bellas-rosas-rojas-y-hypericum-verde","status":"publish","type":"product","link":"https:\/\/eljardinderosas.cl\/inicio\/tienda\/arreglos-florales\/rosas\/precioso-florero-con-25-bellas-rosas-rojas-y-hypericum-verde\/","title":{"rendered":"Precioso florero con 25 bellas rosas rojas y hypericum verde"},"content":{"rendered":"<p>Florero de 25 Rosas Rojas con Hypericum Verde enciende la llama del amor con este espectacular florero de 25 rosas rojas puras, s\u00edmbolo eterno de pasi\u00f3n ardiente y entrega total. Cada p\u00e9talo aterciopelado brilla con intensidad, realzado por el vibrante hypericum verde que las envuelve como un marco esmeralda, haciendo que las rosas resalten con un contraste m\u00e1gico y elegante. Finalizado con una fina cinta de raso roja, atada con delicadeza para un toque de sofisticaci\u00f3n rom\u00e1ntica. \u00a1Ideal para sorprender al amor de tu vida este 14 de febrero y declarar \u00abTe amo\u00bb en cada mirada!<\/p>\n","protected":false},"excerpt":{"rendered":"<p>llega a su coraz\u00f3n estev14 de febrero celebra san valent\u00edn\u2764\ufe0f con flores de florer\u00eda<br \/>\nEl Jard\u00edn de Rosas\ud83c\udf39 ofertas especiales que alegrar\u00e1n su d\u00eda. \u00a1Haz tu pedido hoy y sorpr\u00e9ndela con un detalle inolvidable!<\/p>\n","protected":false},"featured_media":19847,"template":"","meta":[],"product_cat":[96,72,93,71,84,254,104],"product_tag":[187,77],"yoast_head":"<!-- This site is optimized with the Yoast SEO Premium plugin v17.1.2 (Yoast SEO v17.3) - https:\/\/yoast.com\/wordpress\/plugins\/seo\/ -->\n<title>Precioso florero con 25 bellas rosas rojas y hypericum verde - El Jardin de Rosas<\/title>\n<meta name=\"description\" content=\"Rosas Rojas con Hypericum Verde enciende la llama del amor con Haz que las flores hablen desde el coraz\u00f3n y sorprendan a esa persona especial.\" \/>\n<meta name=\"robots\" content=\"index, follow, max-snippet:-1, max-image-preview:large, max-video-preview:-1\" \/>\n<link rel=\"canonical\" href=\"https:\/\/eljardinderosas.cl\/inicio\/tienda\/arreglos-florales\/rosas\/precioso-florero-con-25-bellas-rosas-rojas-y-hypericum-verde\/\" \/>\n<meta property=\"og:locale\" content=\"es_ES\" \/>\n<meta property=\"og:type\" content=\"article\" \/>\n<meta property=\"og:title\" content=\"Precioso florero con 25 bellas rosas rojas y hypericum verde\" \/>\n<meta property=\"og:description\" content=\"Rosas Rojas con Hypericum Verde enciende la llama del amor con Haz que las flores hablen desde el coraz\u00f3n y sorprendan a esa persona especial.\" \/>\n<meta property=\"og:url\" content=\"https:\/\/eljardinderosas.cl\/inicio\/tienda\/arreglos-florales\/rosas\/precioso-florero-con-25-bellas-rosas-rojas-y-hypericum-verde\/\" \/>\n<meta property=\"og:site_name\" content=\"El Jardin de Rosas\" \/>\n<meta property=\"article:modified_time\" content=\"2026-03-23T20:07:53+00:00\" \/>\n<meta property=\"og:image\" content=\"https:\/\/eljardinderosas.cl\/inicio\/wp-content\/uploads\/2022\/02\/Precioso-florero-con-25-rosas-rojas-y-hypericum-verde.jpg\" \/>\n\t<meta property=\"og:image:width\" content=\"1024\" \/>\n\t<meta property=\"og:image:height\" content=\"1024\" \/>\n<meta name=\"twitter:card\" content=\"summary_large_image\" \/>\n<meta name=\"twitter:label1\" content=\"Tiempo de lectura\" \/>\n\t<meta name=\"twitter:data1\" content=\"1 minuto\" \/>\n<script type=\"application\/ld+json\" class=\"yoast-schema-graph\">{\"@context\":\"https:\/\/schema.org\",\"@graph\":[{\"@type\":\"Organization\",\"@id\":\"https:\/\/eljardinderosas.cl\/inicio\/#organization\",\"name\":\"El jardin de las rosas\",\"url\":\"https:\/\/eljardinderosas.cl\/inicio\/\",\"sameAs\":[\"https:\/\/www.instagram.com\/floreria_eljardinderosas\/\"],\"logo\":{\"@type\":\"ImageObject\",\"@id\":\"https:\/\/eljardinderosas.cl\/inicio\/#logo\",\"inLanguage\":\"es\",\"url\":\"https:\/\/eljardinderosas.cl\/inicio\/wp-content\/uploads\/2020\/10\/eljardinderosas-mail.png\",\"contentUrl\":\"https:\/\/eljardinderosas.cl\/inicio\/wp-content\/uploads\/2020\/10\/eljardinderosas-mail.png\",\"width\":317,\"height\":97,\"caption\":\"El jardin de las rosas\"},\"image\":{\"@id\":\"https:\/\/eljardinderosas.cl\/inicio\/#logo\"}},{\"@type\":\"WebSite\",\"@id\":\"https:\/\/eljardinderosas.cl\/inicio\/#website\",\"url\":\"https:\/\/eljardinderosas.cl\/inicio\/\",\"name\":\"Floreria El jardin de las Rosas\",\"description\":\"Flores en Santiago\",\"publisher\":{\"@id\":\"https:\/\/eljardinderosas.cl\/inicio\/#organization\"},\"potentialAction\":[{\"@type\":\"SearchAction\",\"target\":{\"@type\":\"EntryPoint\",\"urlTemplate\":\"https:\/\/eljardinderosas.cl\/inicio\/?s={search_term_string}\"},\"query-input\":\"required name=search_term_string\"}],\"inLanguage\":\"es\"},{\"@type\":\"ImageObject\",\"@id\":\"https:\/\/eljardinderosas.cl\/inicio\/tienda\/arreglos-florales\/rosas\/precioso-florero-con-25-bellas-rosas-rojas-y-hypericum-verde\/#primaryimage\",\"inLanguage\":\"es\",\"url\":\"https:\/\/eljardinderosas.cl\/inicio\/wp-content\/uploads\/2022\/02\/Precioso-florero-con-25-rosas-rojas-y-hypericum-verde.jpg\",\"contentUrl\":\"https:\/\/eljardinderosas.cl\/inicio\/wp-content\/uploads\/2022\/02\/Precioso-florero-con-25-rosas-rojas-y-hypericum-verde.jpg\",\"width\":1024,\"height\":1024},{\"@type\":\"WebPage\",\"@id\":\"https:\/\/eljardinderosas.cl\/inicio\/tienda\/arreglos-florales\/rosas\/precioso-florero-con-25-bellas-rosas-rojas-y-hypericum-verde\/#webpage\",\"url\":\"https:\/\/eljardinderosas.cl\/inicio\/tienda\/arreglos-florales\/rosas\/precioso-florero-con-25-bellas-rosas-rojas-y-hypericum-verde\/\",\"name\":\"Precioso florero con 25 bellas rosas rojas y hypericum verde - El Jardin de Rosas\",\"isPartOf\":{\"@id\":\"https:\/\/eljardinderosas.cl\/inicio\/#website\"},\"primaryImageOfPage\":{\"@id\":\"https:\/\/eljardinderosas.cl\/inicio\/tienda\/arreglos-florales\/rosas\/precioso-florero-con-25-bellas-rosas-rojas-y-hypericum-verde\/#primaryimage\"},\"datePublished\":\"2022-02-05T02:20:36+00:00\",\"dateModified\":\"2026-03-23T20:07:53+00:00\",\"description\":\"Rosas Rojas con Hypericum Verde enciende la llama del amor con Haz que las flores hablen desde el coraz\\u00f3n y sorprendan a esa persona especial.\",\"breadcrumb\":{\"@id\":\"https:\/\/eljardinderosas.cl\/inicio\/tienda\/arreglos-florales\/rosas\/precioso-florero-con-25-bellas-rosas-rojas-y-hypericum-verde\/#breadcrumb\"},\"inLanguage\":\"es\",\"potentialAction\":[{\"@type\":\"ReadAction\",\"target\":[\"https:\/\/eljardinderosas.cl\/inicio\/tienda\/arreglos-florales\/rosas\/precioso-florero-con-25-bellas-rosas-rojas-y-hypericum-verde\/\"]}]},{\"@type\":\"BreadcrumbList\",\"@id\":\"https:\/\/eljardinderosas.cl\/inicio\/tienda\/arreglos-florales\/rosas\/precioso-florero-con-25-bellas-rosas-rojas-y-hypericum-verde\/#breadcrumb\",\"itemListElement\":[{\"@type\":\"ListItem\",\"position\":1,\"name\":\"Home\",\"item\":\"https:\/\/eljardinderosas.cl\/inicio\/\"},{\"@type\":\"ListItem\",\"position\":2,\"name\":\"Tienda\",\"item\":\"https:\/\/eljardinderosas.cl\/inicio\/tienda\/\"},{\"@type\":\"ListItem\",\"position\":3,\"name\":\"Precioso florero con 25 bellas rosas rojas y hypericum verde\"}]}]}<\/script>\n<!-- \/ Yoast SEO Premium plugin. -->","yoast_head_json":{"title":"Precioso florero con 25 bellas rosas rojas y hypericum verde - El Jardin de Rosas","description":"Rosas Rojas con Hypericum Verde enciende la llama del amor con Haz que las flores hablen desde el coraz\u00f3n y sorprendan a esa persona especial.","robots":{"index":"index","follow":"follow","max-snippet":"max-snippet:-1","max-image-preview":"max-image-preview:large","max-video-preview":"max-video-preview:-1"},"canonical":"https:\/\/eljardinderosas.cl\/inicio\/tienda\/arreglos-florales\/rosas\/precioso-florero-con-25-bellas-rosas-rojas-y-hypericum-verde\/","og_locale":"es_ES","og_type":"article","og_title":"Precioso florero con 25 bellas rosas rojas y hypericum verde","og_description":"Rosas Rojas con Hypericum Verde enciende la llama del amor con Haz que las flores hablen desde el coraz\u00f3n y sorprendan a esa persona especial.","og_url":"https:\/\/eljardinderosas.cl\/inicio\/tienda\/arreglos-florales\/rosas\/precioso-florero-con-25-bellas-rosas-rojas-y-hypericum-verde\/","og_site_name":"El Jardin de Rosas","article_modified_time":"2026-03-23T20:07:53+00:00","og_image":[{"width":1024,"height":1024,"url":"https:\/\/eljardinderosas.cl\/inicio\/wp-content\/uploads\/2022\/02\/Precioso-florero-con-25-rosas-rojas-y-hypericum-verde.jpg","type":"image\/jpeg"}],"twitter_card":"summary_large_image","twitter_misc":{"Tiempo de lectura":"1 minuto"},"schema":{"@context":"https:\/\/schema.org","@graph":[{"@type":"Organization","@id":"https:\/\/eljardinderosas.cl\/inicio\/#organization","name":"El jardin de las rosas","url":"https:\/\/eljardinderosas.cl\/inicio\/","sameAs":["https:\/\/www.instagram.com\/floreria_eljardinderosas\/"],"logo":{"@type":"ImageObject","@id":"https:\/\/eljardinderosas.cl\/inicio\/#logo","inLanguage":"es","url":"https:\/\/eljardinderosas.cl\/inicio\/wp-content\/uploads\/2020\/10\/eljardinderosas-mail.png","contentUrl":"https:\/\/eljardinderosas.cl\/inicio\/wp-content\/uploads\/2020\/10\/eljardinderosas-mail.png","width":317,"height":97,"caption":"El jardin de las rosas"},"image":{"@id":"https:\/\/eljardinderosas.cl\/inicio\/#logo"}},{"@type":"WebSite","@id":"https:\/\/eljardinderosas.cl\/inicio\/#website","url":"https:\/\/eljardinderosas.cl\/inicio\/","name":"Floreria El jardin de las Rosas","description":"Flores en Santiago","publisher":{"@id":"https:\/\/eljardinderosas.cl\/inicio\/#organization"},"potentialAction":[{"@type":"SearchAction","target":{"@type":"EntryPoint","urlTemplate":"https:\/\/eljardinderosas.cl\/inicio\/?s={search_term_string}"},"query-input":"required name=search_term_string"}],"inLanguage":"es"},{"@type":"ImageObject","@id":"https:\/\/eljardinderosas.cl\/inicio\/tienda\/arreglos-florales\/rosas\/precioso-florero-con-25-bellas-rosas-rojas-y-hypericum-verde\/#primaryimage","inLanguage":"es","url":"https:\/\/eljardinderosas.cl\/inicio\/wp-content\/uploads\/2022\/02\/Precioso-florero-con-25-rosas-rojas-y-hypericum-verde.jpg","contentUrl":"https:\/\/eljardinderosas.cl\/inicio\/wp-content\/uploads\/2022\/02\/Precioso-florero-con-25-rosas-rojas-y-hypericum-verde.jpg","width":1024,"height":1024},{"@type":"WebPage","@id":"https:\/\/eljardinderosas.cl\/inicio\/tienda\/arreglos-florales\/rosas\/precioso-florero-con-25-bellas-rosas-rojas-y-hypericum-verde\/#webpage","url":"https:\/\/eljardinderosas.cl\/inicio\/tienda\/arreglos-florales\/rosas\/precioso-florero-con-25-bellas-rosas-rojas-y-hypericum-verde\/","name":"Precioso florero con 25 bellas rosas rojas y hypericum verde - El Jardin de Rosas","isPartOf":{"@id":"https:\/\/eljardinderosas.cl\/inicio\/#website"},"primaryImageOfPage":{"@id":"https:\/\/eljardinderosas.cl\/inicio\/tienda\/arreglos-florales\/rosas\/precioso-florero-con-25-bellas-rosas-rojas-y-hypericum-verde\/#primaryimage"},"datePublished":"2022-02-05T02:20:36+00:00","dateModified":"2026-03-23T20:07:53+00:00","description":"Rosas Rojas con Hypericum Verde enciende la llama del amor con Haz que las flores hablen desde el coraz\u00f3n y sorprendan a esa persona especial.","breadcrumb":{"@id":"https:\/\/eljardinderosas.cl\/inicio\/tienda\/arreglos-florales\/rosas\/precioso-florero-con-25-bellas-rosas-rojas-y-hypericum-verde\/#breadcrumb"},"inLanguage":"es","potentialAction":[{"@type":"ReadAction","target":["https:\/\/eljardinderosas.cl\/inicio\/tienda\/arreglos-florales\/rosas\/precioso-florero-con-25-bellas-rosas-rojas-y-hypericum-verde\/"]}]},{"@type":"BreadcrumbList","@id":"https:\/\/eljardinderosas.cl\/inicio\/tienda\/arreglos-florales\/rosas\/precioso-florero-con-25-bellas-rosas-rojas-y-hypericum-verde\/#breadcrumb","itemListElement":[{"@type":"ListItem","position":1,"name":"Home","item":"https:\/\/eljardinderosas.cl\/inicio\/"},{"@type":"ListItem","position":2,"name":"Tienda","item":"https:\/\/eljardinderosas.cl\/inicio\/tienda\/"},{"@type":"ListItem","position":3,"name":"Precioso florero con 25 bellas rosas rojas y hypericum verde"}]}]}},"_links":{"self":[{"href":"https:\/\/eljardinderosas.cl\/inicio\/wp-json\/wp\/v2\/product\/13108"}],"collection":[{"href":"https:\/\/eljardinderosas.cl\/inicio\/wp-json\/wp\/v2\/product"}],"about":[{"href":"https:\/\/eljardinderosas.cl\/inicio\/wp-json\/wp\/v2\/types\/product"}],"wp:featuredmedia":[{"embeddable":true,"href":"https:\/\/eljardinderosas.cl\/inicio\/wp-json\/wp\/v2\/media\/19847"}],"wp:attachment":[{"href":"https:\/\/eljardinderosas.cl\/inicio\/wp-json\/wp\/v2\/media?parent=13108"}],"wp:term":[{"taxonomy":"product_cat","embeddable":true,"href":"https:\/\/eljardinderosas.cl\/inicio\/wp-json\/wp\/v2\/product_cat?post=13108"},{"taxonomy":"product_tag","embeddable":true,"href":"https:\/\/eljardinderosas.cl\/inicio\/wp-json\/wp\/v2\/product_tag?post=13108"}],"curies":[{"name":"wp","href":"https:\/\/api.w.org\/{rel}","templated":true}]}}