{"id":14769,"date":"2022-10-23T21:53:22","date_gmt":"2022-10-24T00:53:22","guid":{"rendered":"https:\/\/eljardinderosas.cl\/inicio\/?post_type=product&#038;p=14769"},"modified":"2025-08-20T16:57:24","modified_gmt":"2025-08-20T20:57:24","slug":"ramo-con-12-rosas-amarillas-y-10-varas-lisianthus-a-domicilio","status":"publish","type":"product","link":"https:\/\/eljardinderosas.cl\/inicio\/tienda\/arreglos-florales\/lisianthus\/ramo-con-12-rosas-amarillas-y-10-varas-lisianthus-a-domicilio\/","title":{"rendered":"ramo con 12 rosas amarillas y 10 varas lisianthus a domicilio"},"content":{"rendered":"<ul>\n<li>ramo con 12 rosas amarillas\u00a0 ecuatorianas tallo largo<\/li>\n<li>10 varas lisianthus morados<\/li>\n<li>Confeccionado por un fino papel metalizado<\/li>\n<li>amarrado finamente por una fina cinta de raso<\/li>\n<li>Significado de regalar rosas amarillas<\/li>\n<li>Como hemos dicho antes,\u00a0<b>simbolizan amistad, optimismo, genialidad, sabidur\u00eda y felicidad<\/b>, entre otras cosas. A estos significados, adem\u00e1s, se les atribuye el brillo y la pureza del oro y la energ\u00eda e intensidad de la luz del sol.<\/li>\n<li><strong>La Alegr\u00eda, Buena Vibra y Optimismo,\u00a0<\/strong>son sentimientos que se pueden transmitir en un momento especial, donde la intenci\u00f3n es celebrar una vida, una amistad, afectos, un reencuentro, dar una sorpresa a un ser querido;<\/li>\n<li>Tambi\u00e9n puede ser un detalle\u00a0 a un amigo, al que se le quiera dar \u00e1nimos, transmitir energ\u00eda positiva y disminuir su ansiedad; Como un s\u00edmbolo de lealtad\u00a0 y apoyo.<\/li>\n<\/ul>\n","protected":false},"excerpt":{"rendered":"<p>ramo con 12 rosas amarillas\u00a0 ecuatorianas tallo largo 10 varas lisianthus morados Confeccionado por un fino papel metalizado amarrado finamente por una fina cinta de raso Significado de regalar rosas amarillas Como hemos dicho antes,\u00a0simbolizan amistad, optimismo, genialidad, sabidur\u00eda y felicidad, entre otras cosas. A estos significados, adem\u00e1s, se les atribuye el brillo y la [&#8230;]\n","protected":false},"featured_media":14878,"template":"","meta":[],"product_cat":[96,71,92],"product_tag":[],"yoast_head":"<!-- This site is optimized with the Yoast SEO Premium plugin v17.1.2 (Yoast SEO v17.3) - https:\/\/yoast.com\/wordpress\/plugins\/seo\/ -->\n<title>ramo con 12 rosas amarillas y 10 varas lisianthus a domicilio - El Jardin de Rosas<\/title>\n<meta name=\"robots\" content=\"index, follow, max-snippet:-1, max-image-preview:large, max-video-preview:-1\" \/>\n<link rel=\"canonical\" href=\"https:\/\/eljardinderosas.cl\/inicio\/tienda\/arreglos-florales\/lisianthus\/ramo-con-12-rosas-amarillas-y-10-varas-lisianthus-a-domicilio\/\" \/>\n<meta property=\"og:locale\" content=\"es_ES\" \/>\n<meta property=\"og:type\" content=\"article\" \/>\n<meta property=\"og:title\" content=\"ramo con 12 rosas amarillas y 10 varas lisianthus a domicilio\" \/>\n<meta property=\"og:description\" content=\"ramo con 12 rosas amarillas\u00a0 ecuatorianas tallo largo 10 varas lisianthus morados Confeccionado por un fino papel metalizado amarrado finamente por una fina cinta de raso Significado de regalar rosas amarillas Como hemos dicho antes,\u00a0simbolizan amistad, optimismo, genialidad, sabidur\u00eda y felicidad, entre otras cosas. A estos significados, adem\u00e1s, se les atribuye el brillo y la [...]\" \/>\n<meta property=\"og:url\" content=\"https:\/\/eljardinderosas.cl\/inicio\/tienda\/arreglos-florales\/lisianthus\/ramo-con-12-rosas-amarillas-y-10-varas-lisianthus-a-domicilio\/\" \/>\n<meta property=\"og:site_name\" content=\"El Jardin de Rosas\" \/>\n<meta property=\"article:modified_time\" content=\"2025-08-20T20:57:24+00:00\" \/>\n<meta property=\"og:image\" content=\"https:\/\/eljardinderosas.cl\/inicio\/wp-content\/uploads\/2022\/10\/3224_0.jpg\" \/>\n\t<meta property=\"og:image:width\" content=\"430\" \/>\n\t<meta property=\"og:image:height\" content=\"430\" \/>\n<meta name=\"twitter:card\" content=\"summary_large_image\" \/>\n<meta name=\"twitter:label1\" content=\"Tiempo de lectura\" \/>\n\t<meta name=\"twitter:data1\" content=\"1 minuto\" \/>\n<script type=\"application\/ld+json\" class=\"yoast-schema-graph\">{\"@context\":\"https:\/\/schema.org\",\"@graph\":[{\"@type\":\"Organization\",\"@id\":\"https:\/\/eljardinderosas.cl\/inicio\/#organization\",\"name\":\"El jardin de las rosas\",\"url\":\"https:\/\/eljardinderosas.cl\/inicio\/\",\"sameAs\":[\"https:\/\/www.instagram.com\/floreria_eljardinderosas\/\"],\"logo\":{\"@type\":\"ImageObject\",\"@id\":\"https:\/\/eljardinderosas.cl\/inicio\/#logo\",\"inLanguage\":\"es\",\"url\":\"https:\/\/eljardinderosas.cl\/inicio\/wp-content\/uploads\/2020\/10\/eljardinderosas-mail.png\",\"contentUrl\":\"https:\/\/eljardinderosas.cl\/inicio\/wp-content\/uploads\/2020\/10\/eljardinderosas-mail.png\",\"width\":317,\"height\":97,\"caption\":\"El jardin de las rosas\"},\"image\":{\"@id\":\"https:\/\/eljardinderosas.cl\/inicio\/#logo\"}},{\"@type\":\"WebSite\",\"@id\":\"https:\/\/eljardinderosas.cl\/inicio\/#website\",\"url\":\"https:\/\/eljardinderosas.cl\/inicio\/\",\"name\":\"Floreria El jardin de las Rosas\",\"description\":\"Flores en Santiago\",\"publisher\":{\"@id\":\"https:\/\/eljardinderosas.cl\/inicio\/#organization\"},\"potentialAction\":[{\"@type\":\"SearchAction\",\"target\":{\"@type\":\"EntryPoint\",\"urlTemplate\":\"https:\/\/eljardinderosas.cl\/inicio\/?s={search_term_string}\"},\"query-input\":\"required name=search_term_string\"}],\"inLanguage\":\"es\"},{\"@type\":\"ImageObject\",\"@id\":\"https:\/\/eljardinderosas.cl\/inicio\/tienda\/arreglos-florales\/lisianthus\/ramo-con-12-rosas-amarillas-y-10-varas-lisianthus-a-domicilio\/#primaryimage\",\"inLanguage\":\"es\",\"url\":\"https:\/\/eljardinderosas.cl\/inicio\/wp-content\/uploads\/2022\/10\/3224_0.jpg\",\"contentUrl\":\"https:\/\/eljardinderosas.cl\/inicio\/wp-content\/uploads\/2022\/10\/3224_0.jpg\",\"width\":430,\"height\":430},{\"@type\":\"WebPage\",\"@id\":\"https:\/\/eljardinderosas.cl\/inicio\/tienda\/arreglos-florales\/lisianthus\/ramo-con-12-rosas-amarillas-y-10-varas-lisianthus-a-domicilio\/#webpage\",\"url\":\"https:\/\/eljardinderosas.cl\/inicio\/tienda\/arreglos-florales\/lisianthus\/ramo-con-12-rosas-amarillas-y-10-varas-lisianthus-a-domicilio\/\",\"name\":\"ramo con 12 rosas amarillas y 10 varas lisianthus a domicilio - El Jardin de Rosas\",\"isPartOf\":{\"@id\":\"https:\/\/eljardinderosas.cl\/inicio\/#website\"},\"primaryImageOfPage\":{\"@id\":\"https:\/\/eljardinderosas.cl\/inicio\/tienda\/arreglos-florales\/lisianthus\/ramo-con-12-rosas-amarillas-y-10-varas-lisianthus-a-domicilio\/#primaryimage\"},\"datePublished\":\"2022-10-24T00:53:22+00:00\",\"dateModified\":\"2025-08-20T20:57:24+00:00\",\"breadcrumb\":{\"@id\":\"https:\/\/eljardinderosas.cl\/inicio\/tienda\/arreglos-florales\/lisianthus\/ramo-con-12-rosas-amarillas-y-10-varas-lisianthus-a-domicilio\/#breadcrumb\"},\"inLanguage\":\"es\",\"potentialAction\":[{\"@type\":\"ReadAction\",\"target\":[\"https:\/\/eljardinderosas.cl\/inicio\/tienda\/arreglos-florales\/lisianthus\/ramo-con-12-rosas-amarillas-y-10-varas-lisianthus-a-domicilio\/\"]}]},{\"@type\":\"BreadcrumbList\",\"@id\":\"https:\/\/eljardinderosas.cl\/inicio\/tienda\/arreglos-florales\/lisianthus\/ramo-con-12-rosas-amarillas-y-10-varas-lisianthus-a-domicilio\/#breadcrumb\",\"itemListElement\":[{\"@type\":\"ListItem\",\"position\":1,\"name\":\"Home\",\"item\":\"https:\/\/eljardinderosas.cl\/inicio\/\"},{\"@type\":\"ListItem\",\"position\":2,\"name\":\"Tienda\",\"item\":\"https:\/\/eljardinderosas.cl\/inicio\/tienda\/\"},{\"@type\":\"ListItem\",\"position\":3,\"name\":\"ramo con 12 rosas amarillas y 10 varas lisianthus a domicilio\"}]}]}<\/script>\n<!-- \/ Yoast SEO Premium plugin. -->","yoast_head_json":{"title":"ramo con 12 rosas amarillas y 10 varas lisianthus a domicilio - El Jardin de Rosas","robots":{"index":"index","follow":"follow","max-snippet":"max-snippet:-1","max-image-preview":"max-image-preview:large","max-video-preview":"max-video-preview:-1"},"canonical":"https:\/\/eljardinderosas.cl\/inicio\/tienda\/arreglos-florales\/lisianthus\/ramo-con-12-rosas-amarillas-y-10-varas-lisianthus-a-domicilio\/","og_locale":"es_ES","og_type":"article","og_title":"ramo con 12 rosas amarillas y 10 varas lisianthus a domicilio","og_description":"ramo con 12 rosas amarillas\u00a0 ecuatorianas tallo largo 10 varas lisianthus morados Confeccionado por un fino papel metalizado amarrado finamente por una fina cinta de raso Significado de regalar rosas amarillas Como hemos dicho antes,\u00a0simbolizan amistad, optimismo, genialidad, sabidur\u00eda y felicidad, entre otras cosas. A estos significados, adem\u00e1s, se les atribuye el brillo y la [...]","og_url":"https:\/\/eljardinderosas.cl\/inicio\/tienda\/arreglos-florales\/lisianthus\/ramo-con-12-rosas-amarillas-y-10-varas-lisianthus-a-domicilio\/","og_site_name":"El Jardin de Rosas","article_modified_time":"2025-08-20T20:57:24+00:00","og_image":[{"width":430,"height":430,"url":"https:\/\/eljardinderosas.cl\/inicio\/wp-content\/uploads\/2022\/10\/3224_0.jpg","type":"image\/jpeg"}],"twitter_card":"summary_large_image","twitter_misc":{"Tiempo de lectura":"1 minuto"},"schema":{"@context":"https:\/\/schema.org","@graph":[{"@type":"Organization","@id":"https:\/\/eljardinderosas.cl\/inicio\/#organization","name":"El jardin de las rosas","url":"https:\/\/eljardinderosas.cl\/inicio\/","sameAs":["https:\/\/www.instagram.com\/floreria_eljardinderosas\/"],"logo":{"@type":"ImageObject","@id":"https:\/\/eljardinderosas.cl\/inicio\/#logo","inLanguage":"es","url":"https:\/\/eljardinderosas.cl\/inicio\/wp-content\/uploads\/2020\/10\/eljardinderosas-mail.png","contentUrl":"https:\/\/eljardinderosas.cl\/inicio\/wp-content\/uploads\/2020\/10\/eljardinderosas-mail.png","width":317,"height":97,"caption":"El jardin de las rosas"},"image":{"@id":"https:\/\/eljardinderosas.cl\/inicio\/#logo"}},{"@type":"WebSite","@id":"https:\/\/eljardinderosas.cl\/inicio\/#website","url":"https:\/\/eljardinderosas.cl\/inicio\/","name":"Floreria El jardin de las Rosas","description":"Flores en Santiago","publisher":{"@id":"https:\/\/eljardinderosas.cl\/inicio\/#organization"},"potentialAction":[{"@type":"SearchAction","target":{"@type":"EntryPoint","urlTemplate":"https:\/\/eljardinderosas.cl\/inicio\/?s={search_term_string}"},"query-input":"required name=search_term_string"}],"inLanguage":"es"},{"@type":"ImageObject","@id":"https:\/\/eljardinderosas.cl\/inicio\/tienda\/arreglos-florales\/lisianthus\/ramo-con-12-rosas-amarillas-y-10-varas-lisianthus-a-domicilio\/#primaryimage","inLanguage":"es","url":"https:\/\/eljardinderosas.cl\/inicio\/wp-content\/uploads\/2022\/10\/3224_0.jpg","contentUrl":"https:\/\/eljardinderosas.cl\/inicio\/wp-content\/uploads\/2022\/10\/3224_0.jpg","width":430,"height":430},{"@type":"WebPage","@id":"https:\/\/eljardinderosas.cl\/inicio\/tienda\/arreglos-florales\/lisianthus\/ramo-con-12-rosas-amarillas-y-10-varas-lisianthus-a-domicilio\/#webpage","url":"https:\/\/eljardinderosas.cl\/inicio\/tienda\/arreglos-florales\/lisianthus\/ramo-con-12-rosas-amarillas-y-10-varas-lisianthus-a-domicilio\/","name":"ramo con 12 rosas amarillas y 10 varas lisianthus a domicilio - El Jardin de Rosas","isPartOf":{"@id":"https:\/\/eljardinderosas.cl\/inicio\/#website"},"primaryImageOfPage":{"@id":"https:\/\/eljardinderosas.cl\/inicio\/tienda\/arreglos-florales\/lisianthus\/ramo-con-12-rosas-amarillas-y-10-varas-lisianthus-a-domicilio\/#primaryimage"},"datePublished":"2022-10-24T00:53:22+00:00","dateModified":"2025-08-20T20:57:24+00:00","breadcrumb":{"@id":"https:\/\/eljardinderosas.cl\/inicio\/tienda\/arreglos-florales\/lisianthus\/ramo-con-12-rosas-amarillas-y-10-varas-lisianthus-a-domicilio\/#breadcrumb"},"inLanguage":"es","potentialAction":[{"@type":"ReadAction","target":["https:\/\/eljardinderosas.cl\/inicio\/tienda\/arreglos-florales\/lisianthus\/ramo-con-12-rosas-amarillas-y-10-varas-lisianthus-a-domicilio\/"]}]},{"@type":"BreadcrumbList","@id":"https:\/\/eljardinderosas.cl\/inicio\/tienda\/arreglos-florales\/lisianthus\/ramo-con-12-rosas-amarillas-y-10-varas-lisianthus-a-domicilio\/#breadcrumb","itemListElement":[{"@type":"ListItem","position":1,"name":"Home","item":"https:\/\/eljardinderosas.cl\/inicio\/"},{"@type":"ListItem","position":2,"name":"Tienda","item":"https:\/\/eljardinderosas.cl\/inicio\/tienda\/"},{"@type":"ListItem","position":3,"name":"ramo con 12 rosas amarillas y 10 varas lisianthus a domicilio"}]}]}},"_links":{"self":[{"href":"https:\/\/eljardinderosas.cl\/inicio\/wp-json\/wp\/v2\/product\/14769"}],"collection":[{"href":"https:\/\/eljardinderosas.cl\/inicio\/wp-json\/wp\/v2\/product"}],"about":[{"href":"https:\/\/eljardinderosas.cl\/inicio\/wp-json\/wp\/v2\/types\/product"}],"wp:featuredmedia":[{"embeddable":true,"href":"https:\/\/eljardinderosas.cl\/inicio\/wp-json\/wp\/v2\/media\/14878"}],"wp:attachment":[{"href":"https:\/\/eljardinderosas.cl\/inicio\/wp-json\/wp\/v2\/media?parent=14769"}],"wp:term":[{"taxonomy":"product_cat","embeddable":true,"href":"https:\/\/eljardinderosas.cl\/inicio\/wp-json\/wp\/v2\/product_cat?post=14769"},{"taxonomy":"product_tag","embeddable":true,"href":"https:\/\/eljardinderosas.cl\/inicio\/wp-json\/wp\/v2\/product_tag?post=14769"}],"curies":[{"name":"wp","href":"https:\/\/api.w.org\/{rel}","templated":true}]}}