{"id":15261,"date":"2023-02-09T17:23:55","date_gmt":"2023-02-09T20:23:55","guid":{"rendered":"https:\/\/eljardinderosas.cl\/inicio\/?post_type=product&#038;p=15261"},"modified":"2026-01-27T23:01:25","modified_gmt":"2026-01-28T02:01:25","slug":"box-con-25-bellas-rosas-rojas-y-fino-follaje-para-san-valentin","status":"publish","type":"product","link":"https:\/\/eljardinderosas.cl\/inicio\/tienda\/arreglos-florales\/rosas\/box-con-25-bellas-rosas-rojas-y-fino-follaje-para-san-valentin\/","title":{"rendered":"Box con 25 bellas rosas rojas y fino follaje para san valent\u00edn"},"content":{"rendered":"<p>Hermoso box  con 25 bellas rosas rojas insertadas en un oasis para mantener la durabilidad de las rosas rojas El regalo perfecto para expresar tu amor este 14 de febrero dia de los enamorados y hacer feliz a esa persona especial!, cuidadosamente seleccionadas para transmitir pasi\u00f3n y romanticismo a trav\u00e9s de su intenso color rojo. Las rosas rojas tienen el poder de transmitir emociones , amor, admiraci\u00f3n, por eso este 14 de febrero es el momento ideal para regalar este arreglo de lujo con 25 bellas rosas rojas, \u00a1Un detalle sorpresa que lo dejar\u00e1 sin palabras!. Piensa en la sonrisa en el rostro de tu ser amado al recibir este incre\u00edble ramo de rosas rojas. \u00a1No esperes m\u00e1s y haz tu pedido ahora mismo! Sorprende a tu ser amado  Te garantizamos  que este  dejar\u00e1 huella!<\/p>\n","protected":false},"excerpt":{"rendered":"<p>Piensa en la sonrisa en el rostro de tu ser amado al recibir este incre\u00edble ramo de rosas rojas. este 14 de febrero dia de los enamorados \u00a1No esperes m\u00e1s y haz tu pedido ahora mismo! Sorprende a tu ser amado  Te garantizamos  que este  dejar\u00e1 huella!<\/p>\n","protected":false},"featured_media":19632,"template":"","meta":[],"product_cat":[144,84,97],"product_tag":[296],"yoast_head":"<!-- This site is optimized with the Yoast SEO Premium plugin v17.1.2 (Yoast SEO v17.3) - https:\/\/yoast.com\/wordpress\/plugins\/seo\/ -->\n<title>Box con 25 bellas rosas rojas y fino follaje para san valent\u00edn - El Jardin de Rosas<\/title>\n<meta name=\"description\" content=\"Box irresistible de 12 rosas rojas + 10 girasoles vibrantes para San Valent\u00edn! Declara tu amor eterno este 14 de febrero. \u00a1C\u00f3mpralo ya\" \/>\n<meta name=\"robots\" content=\"index, follow, max-snippet:-1, max-image-preview:large, max-video-preview:-1\" \/>\n<link rel=\"canonical\" href=\"https:\/\/eljardinderosas.cl\/inicio\/tienda\/arreglos-florales\/rosas\/box-con-25-bellas-rosas-rojas-y-fino-follaje-para-san-valentin\/\" \/>\n<meta property=\"og:locale\" content=\"es_ES\" \/>\n<meta property=\"og:type\" content=\"article\" \/>\n<meta property=\"og:title\" content=\"Box con 25 bellas rosas rojas y fino follaje para san valent\u00edn\" \/>\n<meta property=\"og:description\" content=\"Box irresistible de 12 rosas rojas + 10 girasoles vibrantes para San Valent\u00edn! Declara tu amor eterno este 14 de febrero. \u00a1C\u00f3mpralo ya\" \/>\n<meta property=\"og:url\" content=\"https:\/\/eljardinderosas.cl\/inicio\/tienda\/arreglos-florales\/rosas\/box-con-25-bellas-rosas-rojas-y-fino-follaje-para-san-valentin\/\" \/>\n<meta property=\"og:site_name\" content=\"El Jardin de Rosas\" \/>\n<meta property=\"article:modified_time\" content=\"2026-01-28T02:01:25+00:00\" \/>\n<meta property=\"og:image\" content=\"https:\/\/eljardinderosas.cl\/inicio\/wp-content\/uploads\/2023\/02\/BOX-CON-25-ROSAS-ROJAS-PARA-SAN-VALENTIN.png\" \/>\n\t<meta property=\"og:image:width\" content=\"1024\" \/>\n\t<meta property=\"og:image:height\" content=\"1024\" \/>\n<meta name=\"twitter:card\" content=\"summary_large_image\" \/>\n<meta name=\"twitter:label1\" content=\"Tiempo de lectura\" \/>\n\t<meta name=\"twitter:data1\" content=\"1 minuto\" \/>\n<script type=\"application\/ld+json\" class=\"yoast-schema-graph\">{\"@context\":\"https:\/\/schema.org\",\"@graph\":[{\"@type\":\"Organization\",\"@id\":\"https:\/\/eljardinderosas.cl\/inicio\/#organization\",\"name\":\"El jardin de las rosas\",\"url\":\"https:\/\/eljardinderosas.cl\/inicio\/\",\"sameAs\":[\"https:\/\/www.instagram.com\/floreria_eljardinderosas\/\"],\"logo\":{\"@type\":\"ImageObject\",\"@id\":\"https:\/\/eljardinderosas.cl\/inicio\/#logo\",\"inLanguage\":\"es\",\"url\":\"https:\/\/eljardinderosas.cl\/inicio\/wp-content\/uploads\/2020\/10\/eljardinderosas-mail.png\",\"contentUrl\":\"https:\/\/eljardinderosas.cl\/inicio\/wp-content\/uploads\/2020\/10\/eljardinderosas-mail.png\",\"width\":317,\"height\":97,\"caption\":\"El jardin de las rosas\"},\"image\":{\"@id\":\"https:\/\/eljardinderosas.cl\/inicio\/#logo\"}},{\"@type\":\"WebSite\",\"@id\":\"https:\/\/eljardinderosas.cl\/inicio\/#website\",\"url\":\"https:\/\/eljardinderosas.cl\/inicio\/\",\"name\":\"Floreria El jardin de las Rosas\",\"description\":\"Flores en Santiago\",\"publisher\":{\"@id\":\"https:\/\/eljardinderosas.cl\/inicio\/#organization\"},\"potentialAction\":[{\"@type\":\"SearchAction\",\"target\":{\"@type\":\"EntryPoint\",\"urlTemplate\":\"https:\/\/eljardinderosas.cl\/inicio\/?s={search_term_string}\"},\"query-input\":\"required name=search_term_string\"}],\"inLanguage\":\"es\"},{\"@type\":\"ImageObject\",\"@id\":\"https:\/\/eljardinderosas.cl\/inicio\/tienda\/arreglos-florales\/rosas\/box-con-25-bellas-rosas-rojas-y-fino-follaje-para-san-valentin\/#primaryimage\",\"inLanguage\":\"es\",\"url\":\"https:\/\/eljardinderosas.cl\/inicio\/wp-content\/uploads\/2023\/02\/BOX-CON-25-ROSAS-ROJAS-PARA-SAN-VALENTIN.png\",\"contentUrl\":\"https:\/\/eljardinderosas.cl\/inicio\/wp-content\/uploads\/2023\/02\/BOX-CON-25-ROSAS-ROJAS-PARA-SAN-VALENTIN.png\",\"width\":1024,\"height\":1024},{\"@type\":\"WebPage\",\"@id\":\"https:\/\/eljardinderosas.cl\/inicio\/tienda\/arreglos-florales\/rosas\/box-con-25-bellas-rosas-rojas-y-fino-follaje-para-san-valentin\/#webpage\",\"url\":\"https:\/\/eljardinderosas.cl\/inicio\/tienda\/arreglos-florales\/rosas\/box-con-25-bellas-rosas-rojas-y-fino-follaje-para-san-valentin\/\",\"name\":\"Box con 25 bellas rosas rojas y fino follaje para san valent\\u00edn - El Jardin de Rosas\",\"isPartOf\":{\"@id\":\"https:\/\/eljardinderosas.cl\/inicio\/#website\"},\"primaryImageOfPage\":{\"@id\":\"https:\/\/eljardinderosas.cl\/inicio\/tienda\/arreglos-florales\/rosas\/box-con-25-bellas-rosas-rojas-y-fino-follaje-para-san-valentin\/#primaryimage\"},\"datePublished\":\"2023-02-09T20:23:55+00:00\",\"dateModified\":\"2026-01-28T02:01:25+00:00\",\"description\":\"Box irresistible de 12 rosas rojas + 10 girasoles vibrantes para San Valent\\u00edn! Declara tu amor eterno este 14 de febrero. \\u00a1C\\u00f3mpralo ya\",\"breadcrumb\":{\"@id\":\"https:\/\/eljardinderosas.cl\/inicio\/tienda\/arreglos-florales\/rosas\/box-con-25-bellas-rosas-rojas-y-fino-follaje-para-san-valentin\/#breadcrumb\"},\"inLanguage\":\"es\",\"potentialAction\":[{\"@type\":\"ReadAction\",\"target\":[\"https:\/\/eljardinderosas.cl\/inicio\/tienda\/arreglos-florales\/rosas\/box-con-25-bellas-rosas-rojas-y-fino-follaje-para-san-valentin\/\"]}]},{\"@type\":\"BreadcrumbList\",\"@id\":\"https:\/\/eljardinderosas.cl\/inicio\/tienda\/arreglos-florales\/rosas\/box-con-25-bellas-rosas-rojas-y-fino-follaje-para-san-valentin\/#breadcrumb\",\"itemListElement\":[{\"@type\":\"ListItem\",\"position\":1,\"name\":\"Home\",\"item\":\"https:\/\/eljardinderosas.cl\/inicio\/\"},{\"@type\":\"ListItem\",\"position\":2,\"name\":\"Tienda\",\"item\":\"https:\/\/eljardinderosas.cl\/inicio\/tienda\/\"},{\"@type\":\"ListItem\",\"position\":3,\"name\":\"Box con 25 bellas rosas rojas y fino follaje para san valent\\u00edn\"}]}]}<\/script>\n<!-- \/ Yoast SEO Premium plugin. -->","yoast_head_json":{"title":"Box con 25 bellas rosas rojas y fino follaje para san valent\u00edn - El Jardin de Rosas","description":"Box irresistible de 12 rosas rojas + 10 girasoles vibrantes para San Valent\u00edn! Declara tu amor eterno este 14 de febrero. \u00a1C\u00f3mpralo ya","robots":{"index":"index","follow":"follow","max-snippet":"max-snippet:-1","max-image-preview":"max-image-preview:large","max-video-preview":"max-video-preview:-1"},"canonical":"https:\/\/eljardinderosas.cl\/inicio\/tienda\/arreglos-florales\/rosas\/box-con-25-bellas-rosas-rojas-y-fino-follaje-para-san-valentin\/","og_locale":"es_ES","og_type":"article","og_title":"Box con 25 bellas rosas rojas y fino follaje para san valent\u00edn","og_description":"Box irresistible de 12 rosas rojas + 10 girasoles vibrantes para San Valent\u00edn! Declara tu amor eterno este 14 de febrero. \u00a1C\u00f3mpralo ya","og_url":"https:\/\/eljardinderosas.cl\/inicio\/tienda\/arreglos-florales\/rosas\/box-con-25-bellas-rosas-rojas-y-fino-follaje-para-san-valentin\/","og_site_name":"El Jardin de Rosas","article_modified_time":"2026-01-28T02:01:25+00:00","og_image":[{"width":1024,"height":1024,"url":"https:\/\/eljardinderosas.cl\/inicio\/wp-content\/uploads\/2023\/02\/BOX-CON-25-ROSAS-ROJAS-PARA-SAN-VALENTIN.png","type":"image\/png"}],"twitter_card":"summary_large_image","twitter_misc":{"Tiempo de lectura":"1 minuto"},"schema":{"@context":"https:\/\/schema.org","@graph":[{"@type":"Organization","@id":"https:\/\/eljardinderosas.cl\/inicio\/#organization","name":"El jardin de las rosas","url":"https:\/\/eljardinderosas.cl\/inicio\/","sameAs":["https:\/\/www.instagram.com\/floreria_eljardinderosas\/"],"logo":{"@type":"ImageObject","@id":"https:\/\/eljardinderosas.cl\/inicio\/#logo","inLanguage":"es","url":"https:\/\/eljardinderosas.cl\/inicio\/wp-content\/uploads\/2020\/10\/eljardinderosas-mail.png","contentUrl":"https:\/\/eljardinderosas.cl\/inicio\/wp-content\/uploads\/2020\/10\/eljardinderosas-mail.png","width":317,"height":97,"caption":"El jardin de las rosas"},"image":{"@id":"https:\/\/eljardinderosas.cl\/inicio\/#logo"}},{"@type":"WebSite","@id":"https:\/\/eljardinderosas.cl\/inicio\/#website","url":"https:\/\/eljardinderosas.cl\/inicio\/","name":"Floreria El jardin de las Rosas","description":"Flores en Santiago","publisher":{"@id":"https:\/\/eljardinderosas.cl\/inicio\/#organization"},"potentialAction":[{"@type":"SearchAction","target":{"@type":"EntryPoint","urlTemplate":"https:\/\/eljardinderosas.cl\/inicio\/?s={search_term_string}"},"query-input":"required name=search_term_string"}],"inLanguage":"es"},{"@type":"ImageObject","@id":"https:\/\/eljardinderosas.cl\/inicio\/tienda\/arreglos-florales\/rosas\/box-con-25-bellas-rosas-rojas-y-fino-follaje-para-san-valentin\/#primaryimage","inLanguage":"es","url":"https:\/\/eljardinderosas.cl\/inicio\/wp-content\/uploads\/2023\/02\/BOX-CON-25-ROSAS-ROJAS-PARA-SAN-VALENTIN.png","contentUrl":"https:\/\/eljardinderosas.cl\/inicio\/wp-content\/uploads\/2023\/02\/BOX-CON-25-ROSAS-ROJAS-PARA-SAN-VALENTIN.png","width":1024,"height":1024},{"@type":"WebPage","@id":"https:\/\/eljardinderosas.cl\/inicio\/tienda\/arreglos-florales\/rosas\/box-con-25-bellas-rosas-rojas-y-fino-follaje-para-san-valentin\/#webpage","url":"https:\/\/eljardinderosas.cl\/inicio\/tienda\/arreglos-florales\/rosas\/box-con-25-bellas-rosas-rojas-y-fino-follaje-para-san-valentin\/","name":"Box con 25 bellas rosas rojas y fino follaje para san valent\u00edn - El Jardin de Rosas","isPartOf":{"@id":"https:\/\/eljardinderosas.cl\/inicio\/#website"},"primaryImageOfPage":{"@id":"https:\/\/eljardinderosas.cl\/inicio\/tienda\/arreglos-florales\/rosas\/box-con-25-bellas-rosas-rojas-y-fino-follaje-para-san-valentin\/#primaryimage"},"datePublished":"2023-02-09T20:23:55+00:00","dateModified":"2026-01-28T02:01:25+00:00","description":"Box irresistible de 12 rosas rojas + 10 girasoles vibrantes para San Valent\u00edn! Declara tu amor eterno este 14 de febrero. \u00a1C\u00f3mpralo ya","breadcrumb":{"@id":"https:\/\/eljardinderosas.cl\/inicio\/tienda\/arreglos-florales\/rosas\/box-con-25-bellas-rosas-rojas-y-fino-follaje-para-san-valentin\/#breadcrumb"},"inLanguage":"es","potentialAction":[{"@type":"ReadAction","target":["https:\/\/eljardinderosas.cl\/inicio\/tienda\/arreglos-florales\/rosas\/box-con-25-bellas-rosas-rojas-y-fino-follaje-para-san-valentin\/"]}]},{"@type":"BreadcrumbList","@id":"https:\/\/eljardinderosas.cl\/inicio\/tienda\/arreglos-florales\/rosas\/box-con-25-bellas-rosas-rojas-y-fino-follaje-para-san-valentin\/#breadcrumb","itemListElement":[{"@type":"ListItem","position":1,"name":"Home","item":"https:\/\/eljardinderosas.cl\/inicio\/"},{"@type":"ListItem","position":2,"name":"Tienda","item":"https:\/\/eljardinderosas.cl\/inicio\/tienda\/"},{"@type":"ListItem","position":3,"name":"Box con 25 bellas rosas rojas y fino follaje para san valent\u00edn"}]}]}},"_links":{"self":[{"href":"https:\/\/eljardinderosas.cl\/inicio\/wp-json\/wp\/v2\/product\/15261"}],"collection":[{"href":"https:\/\/eljardinderosas.cl\/inicio\/wp-json\/wp\/v2\/product"}],"about":[{"href":"https:\/\/eljardinderosas.cl\/inicio\/wp-json\/wp\/v2\/types\/product"}],"wp:featuredmedia":[{"embeddable":true,"href":"https:\/\/eljardinderosas.cl\/inicio\/wp-json\/wp\/v2\/media\/19632"}],"wp:attachment":[{"href":"https:\/\/eljardinderosas.cl\/inicio\/wp-json\/wp\/v2\/media?parent=15261"}],"wp:term":[{"taxonomy":"product_cat","embeddable":true,"href":"https:\/\/eljardinderosas.cl\/inicio\/wp-json\/wp\/v2\/product_cat?post=15261"},{"taxonomy":"product_tag","embeddable":true,"href":"https:\/\/eljardinderosas.cl\/inicio\/wp-json\/wp\/v2\/product_tag?post=15261"}],"curies":[{"name":"wp","href":"https:\/\/api.w.org\/{rel}","templated":true}]}}