{"id":1592,"date":"2020-11-20T16:40:40","date_gmt":"2020-11-20T19:40:40","guid":{"rendered":"https:\/\/eljardinderosas.cl\/inicio\/?post_type=product&#038;p=1592"},"modified":"2025-12-29T13:49:34","modified_gmt":"2025-12-29T16:49:34","slug":"canasto-navideno-con-espumante-panettone-pan-de-pascua-y-ferrero","status":"publish","type":"product","link":"https:\/\/eljardinderosas.cl\/inicio\/tienda\/regalos\/regalos-para-hombres-en-san-valentin\/canasto-navideno-con-espumante-panettone-pan-de-pascua-y-ferrero\/","title":{"rendered":"Canasto navide\u00f1o con espumante, panettone, pan de pascua y ferrero"},"content":{"rendered":"<p>Cesta de mimbre es m\u00e1s que un simple regalo; es una experiencia que invita a compartir momentos especiales con amigos y familiares.<br \/>\nIncluye lo siguiente<br \/>\n-1 Panettone chocolate Bauducco  de 80 grs.<br \/>\n-1 Frasco de Aceitunas Verdes descarozadas de la marca Nucete.<br \/>\n-1 Caja de chocolates ferrero roche 12 unidades<br \/>\n-1 Botella de espumante Undurraga Brut en su presentaci\u00f3n de 750 CC<br \/>\n-1 Botella de vino santa elena o Carmen  755 cc<br \/>\n-1 Pan De Pascua De Frutos Secos, 700 g<br \/>\n-1 papas fritas lay&#8217;s stax cheddar lata 134 gramos<br \/>\n Su dise\u00f1o elegante y natural la convierte en un elemento decorativo perfecto para cualquier hogar durante la temporada navide\u00f1a decorada por un fino celof\u00e1n y una cinta de raso incluye adornos navide\u00f1os y una linda tarjeta navide\u00f1a para expresar todo tu cari\u00f1o y amor<br \/>\n(Si desea cambiar alg\u00fan producto y agrega otro se puede )<\/p>\n","protected":false},"excerpt":{"rendered":"<p>Cesta de mimbre es m\u00e1s que un simple regalo; es una experiencia que invita a compartir momentos especiales con amigos y familiares. Incluye lo siguiente -1 Panettone chocolate Bauducco de 80 grs. -1 Frasco de Aceitunas Verdes descarozadas de la marca Nucete. -1 Caja de chocolates ferrero roche 12 unidades -1 Botella de espumante Undurraga [&#8230;]\n","protected":false},"featured_media":1593,"template":"","meta":[],"product_cat":[96,103,102],"product_tag":[],"yoast_head":"<!-- This site is optimized with the Yoast SEO Premium plugin v17.1.2 (Yoast SEO v17.3) - https:\/\/yoast.com\/wordpress\/plugins\/seo\/ -->\n<title>Canasto navide\u00f1o con espumante, panettone, pan de pascua y ferrero - El Jardin de Rosas<\/title>\n<meta name=\"robots\" content=\"index, follow, max-snippet:-1, max-image-preview:large, max-video-preview:-1\" \/>\n<link rel=\"canonical\" href=\"https:\/\/eljardinderosas.cl\/inicio\/tienda\/regalos\/regalos-para-hombres-en-san-valentin\/canasto-navideno-con-espumante-panettone-pan-de-pascua-y-ferrero\/\" \/>\n<meta property=\"og:locale\" content=\"es_ES\" \/>\n<meta property=\"og:type\" content=\"article\" \/>\n<meta property=\"og:title\" content=\"Canasto navide\u00f1o con espumante, panettone, pan de pascua y ferrero\" \/>\n<meta property=\"og:description\" content=\"Cesta de mimbre es m\u00e1s que un simple regalo; es una experiencia que invita a compartir momentos especiales con amigos y familiares. Incluye lo siguiente -1 Panettone chocolate Bauducco de 80 grs. -1 Frasco de Aceitunas Verdes descarozadas de la marca Nucete. -1 Caja de chocolates ferrero roche 12 unidades -1 Botella de espumante Undurraga [...]\" \/>\n<meta property=\"og:url\" content=\"https:\/\/eljardinderosas.cl\/inicio\/tienda\/regalos\/regalos-para-hombres-en-san-valentin\/canasto-navideno-con-espumante-panettone-pan-de-pascua-y-ferrero\/\" \/>\n<meta property=\"og:site_name\" content=\"El Jardin de Rosas\" \/>\n<meta property=\"article:modified_time\" content=\"2025-12-29T16:49:34+00:00\" \/>\n<meta property=\"og:image\" content=\"https:\/\/eljardinderosas.cl\/inicio\/wp-content\/uploads\/2020\/11\/9565-3.jpg\" \/>\n\t<meta property=\"og:image:width\" content=\"1300\" \/>\n\t<meta property=\"og:image:height\" content=\"1300\" \/>\n<meta name=\"twitter:card\" content=\"summary_large_image\" \/>\n<meta name=\"twitter:label1\" content=\"Tiempo de lectura\" \/>\n\t<meta name=\"twitter:data1\" content=\"1 minuto\" \/>\n<script type=\"application\/ld+json\" class=\"yoast-schema-graph\">{\"@context\":\"https:\/\/schema.org\",\"@graph\":[{\"@type\":\"Organization\",\"@id\":\"https:\/\/eljardinderosas.cl\/inicio\/#organization\",\"name\":\"El jardin de las rosas\",\"url\":\"https:\/\/eljardinderosas.cl\/inicio\/\",\"sameAs\":[\"https:\/\/www.instagram.com\/floreria_eljardinderosas\/\"],\"logo\":{\"@type\":\"ImageObject\",\"@id\":\"https:\/\/eljardinderosas.cl\/inicio\/#logo\",\"inLanguage\":\"es\",\"url\":\"https:\/\/eljardinderosas.cl\/inicio\/wp-content\/uploads\/2020\/10\/eljardinderosas-mail.png\",\"contentUrl\":\"https:\/\/eljardinderosas.cl\/inicio\/wp-content\/uploads\/2020\/10\/eljardinderosas-mail.png\",\"width\":317,\"height\":97,\"caption\":\"El jardin de las rosas\"},\"image\":{\"@id\":\"https:\/\/eljardinderosas.cl\/inicio\/#logo\"}},{\"@type\":\"WebSite\",\"@id\":\"https:\/\/eljardinderosas.cl\/inicio\/#website\",\"url\":\"https:\/\/eljardinderosas.cl\/inicio\/\",\"name\":\"Floreria El jardin de las Rosas\",\"description\":\"Flores en Santiago\",\"publisher\":{\"@id\":\"https:\/\/eljardinderosas.cl\/inicio\/#organization\"},\"potentialAction\":[{\"@type\":\"SearchAction\",\"target\":{\"@type\":\"EntryPoint\",\"urlTemplate\":\"https:\/\/eljardinderosas.cl\/inicio\/?s={search_term_string}\"},\"query-input\":\"required name=search_term_string\"}],\"inLanguage\":\"es\"},{\"@type\":\"ImageObject\",\"@id\":\"https:\/\/eljardinderosas.cl\/inicio\/tienda\/regalos\/regalos-para-hombres-en-san-valentin\/canasto-navideno-con-espumante-panettone-pan-de-pascua-y-ferrero\/#primaryimage\",\"inLanguage\":\"es\",\"url\":\"https:\/\/eljardinderosas.cl\/inicio\/wp-content\/uploads\/2020\/11\/9565-3.jpg\",\"contentUrl\":\"https:\/\/eljardinderosas.cl\/inicio\/wp-content\/uploads\/2020\/11\/9565-3.jpg\",\"width\":1300,\"height\":1300},{\"@type\":\"WebPage\",\"@id\":\"https:\/\/eljardinderosas.cl\/inicio\/tienda\/regalos\/regalos-para-hombres-en-san-valentin\/canasto-navideno-con-espumante-panettone-pan-de-pascua-y-ferrero\/#webpage\",\"url\":\"https:\/\/eljardinderosas.cl\/inicio\/tienda\/regalos\/regalos-para-hombres-en-san-valentin\/canasto-navideno-con-espumante-panettone-pan-de-pascua-y-ferrero\/\",\"name\":\"Canasto navide\\u00f1o con espumante, panettone, pan de pascua y ferrero - El Jardin de Rosas\",\"isPartOf\":{\"@id\":\"https:\/\/eljardinderosas.cl\/inicio\/#website\"},\"primaryImageOfPage\":{\"@id\":\"https:\/\/eljardinderosas.cl\/inicio\/tienda\/regalos\/regalos-para-hombres-en-san-valentin\/canasto-navideno-con-espumante-panettone-pan-de-pascua-y-ferrero\/#primaryimage\"},\"datePublished\":\"2020-11-20T19:40:40+00:00\",\"dateModified\":\"2025-12-29T16:49:34+00:00\",\"breadcrumb\":{\"@id\":\"https:\/\/eljardinderosas.cl\/inicio\/tienda\/regalos\/regalos-para-hombres-en-san-valentin\/canasto-navideno-con-espumante-panettone-pan-de-pascua-y-ferrero\/#breadcrumb\"},\"inLanguage\":\"es\",\"potentialAction\":[{\"@type\":\"ReadAction\",\"target\":[\"https:\/\/eljardinderosas.cl\/inicio\/tienda\/regalos\/regalos-para-hombres-en-san-valentin\/canasto-navideno-con-espumante-panettone-pan-de-pascua-y-ferrero\/\"]}]},{\"@type\":\"BreadcrumbList\",\"@id\":\"https:\/\/eljardinderosas.cl\/inicio\/tienda\/regalos\/regalos-para-hombres-en-san-valentin\/canasto-navideno-con-espumante-panettone-pan-de-pascua-y-ferrero\/#breadcrumb\",\"itemListElement\":[{\"@type\":\"ListItem\",\"position\":1,\"name\":\"Home\",\"item\":\"https:\/\/eljardinderosas.cl\/inicio\/\"},{\"@type\":\"ListItem\",\"position\":2,\"name\":\"Tienda\",\"item\":\"https:\/\/eljardinderosas.cl\/inicio\/tienda\/\"},{\"@type\":\"ListItem\",\"position\":3,\"name\":\"Canasto navide\\u00f1o con espumante, panettone, pan de pascua y ferrero\"}]}]}<\/script>\n<!-- \/ Yoast SEO Premium plugin. -->","yoast_head_json":{"title":"Canasto navide\u00f1o con espumante, panettone, pan de pascua y ferrero - El Jardin de Rosas","robots":{"index":"index","follow":"follow","max-snippet":"max-snippet:-1","max-image-preview":"max-image-preview:large","max-video-preview":"max-video-preview:-1"},"canonical":"https:\/\/eljardinderosas.cl\/inicio\/tienda\/regalos\/regalos-para-hombres-en-san-valentin\/canasto-navideno-con-espumante-panettone-pan-de-pascua-y-ferrero\/","og_locale":"es_ES","og_type":"article","og_title":"Canasto navide\u00f1o con espumante, panettone, pan de pascua y ferrero","og_description":"Cesta de mimbre es m\u00e1s que un simple regalo; es una experiencia que invita a compartir momentos especiales con amigos y familiares. Incluye lo siguiente -1 Panettone chocolate Bauducco de 80 grs. -1 Frasco de Aceitunas Verdes descarozadas de la marca Nucete. -1 Caja de chocolates ferrero roche 12 unidades -1 Botella de espumante Undurraga [...]","og_url":"https:\/\/eljardinderosas.cl\/inicio\/tienda\/regalos\/regalos-para-hombres-en-san-valentin\/canasto-navideno-con-espumante-panettone-pan-de-pascua-y-ferrero\/","og_site_name":"El Jardin de Rosas","article_modified_time":"2025-12-29T16:49:34+00:00","og_image":[{"width":1300,"height":1300,"url":"https:\/\/eljardinderosas.cl\/inicio\/wp-content\/uploads\/2020\/11\/9565-3.jpg","type":"image\/jpeg"}],"twitter_card":"summary_large_image","twitter_misc":{"Tiempo de lectura":"1 minuto"},"schema":{"@context":"https:\/\/schema.org","@graph":[{"@type":"Organization","@id":"https:\/\/eljardinderosas.cl\/inicio\/#organization","name":"El jardin de las rosas","url":"https:\/\/eljardinderosas.cl\/inicio\/","sameAs":["https:\/\/www.instagram.com\/floreria_eljardinderosas\/"],"logo":{"@type":"ImageObject","@id":"https:\/\/eljardinderosas.cl\/inicio\/#logo","inLanguage":"es","url":"https:\/\/eljardinderosas.cl\/inicio\/wp-content\/uploads\/2020\/10\/eljardinderosas-mail.png","contentUrl":"https:\/\/eljardinderosas.cl\/inicio\/wp-content\/uploads\/2020\/10\/eljardinderosas-mail.png","width":317,"height":97,"caption":"El jardin de las rosas"},"image":{"@id":"https:\/\/eljardinderosas.cl\/inicio\/#logo"}},{"@type":"WebSite","@id":"https:\/\/eljardinderosas.cl\/inicio\/#website","url":"https:\/\/eljardinderosas.cl\/inicio\/","name":"Floreria El jardin de las Rosas","description":"Flores en Santiago","publisher":{"@id":"https:\/\/eljardinderosas.cl\/inicio\/#organization"},"potentialAction":[{"@type":"SearchAction","target":{"@type":"EntryPoint","urlTemplate":"https:\/\/eljardinderosas.cl\/inicio\/?s={search_term_string}"},"query-input":"required name=search_term_string"}],"inLanguage":"es"},{"@type":"ImageObject","@id":"https:\/\/eljardinderosas.cl\/inicio\/tienda\/regalos\/regalos-para-hombres-en-san-valentin\/canasto-navideno-con-espumante-panettone-pan-de-pascua-y-ferrero\/#primaryimage","inLanguage":"es","url":"https:\/\/eljardinderosas.cl\/inicio\/wp-content\/uploads\/2020\/11\/9565-3.jpg","contentUrl":"https:\/\/eljardinderosas.cl\/inicio\/wp-content\/uploads\/2020\/11\/9565-3.jpg","width":1300,"height":1300},{"@type":"WebPage","@id":"https:\/\/eljardinderosas.cl\/inicio\/tienda\/regalos\/regalos-para-hombres-en-san-valentin\/canasto-navideno-con-espumante-panettone-pan-de-pascua-y-ferrero\/#webpage","url":"https:\/\/eljardinderosas.cl\/inicio\/tienda\/regalos\/regalos-para-hombres-en-san-valentin\/canasto-navideno-con-espumante-panettone-pan-de-pascua-y-ferrero\/","name":"Canasto navide\u00f1o con espumante, panettone, pan de pascua y ferrero - El Jardin de Rosas","isPartOf":{"@id":"https:\/\/eljardinderosas.cl\/inicio\/#website"},"primaryImageOfPage":{"@id":"https:\/\/eljardinderosas.cl\/inicio\/tienda\/regalos\/regalos-para-hombres-en-san-valentin\/canasto-navideno-con-espumante-panettone-pan-de-pascua-y-ferrero\/#primaryimage"},"datePublished":"2020-11-20T19:40:40+00:00","dateModified":"2025-12-29T16:49:34+00:00","breadcrumb":{"@id":"https:\/\/eljardinderosas.cl\/inicio\/tienda\/regalos\/regalos-para-hombres-en-san-valentin\/canasto-navideno-con-espumante-panettone-pan-de-pascua-y-ferrero\/#breadcrumb"},"inLanguage":"es","potentialAction":[{"@type":"ReadAction","target":["https:\/\/eljardinderosas.cl\/inicio\/tienda\/regalos\/regalos-para-hombres-en-san-valentin\/canasto-navideno-con-espumante-panettone-pan-de-pascua-y-ferrero\/"]}]},{"@type":"BreadcrumbList","@id":"https:\/\/eljardinderosas.cl\/inicio\/tienda\/regalos\/regalos-para-hombres-en-san-valentin\/canasto-navideno-con-espumante-panettone-pan-de-pascua-y-ferrero\/#breadcrumb","itemListElement":[{"@type":"ListItem","position":1,"name":"Home","item":"https:\/\/eljardinderosas.cl\/inicio\/"},{"@type":"ListItem","position":2,"name":"Tienda","item":"https:\/\/eljardinderosas.cl\/inicio\/tienda\/"},{"@type":"ListItem","position":3,"name":"Canasto navide\u00f1o con espumante, panettone, pan de pascua y ferrero"}]}]}},"_links":{"self":[{"href":"https:\/\/eljardinderosas.cl\/inicio\/wp-json\/wp\/v2\/product\/1592"}],"collection":[{"href":"https:\/\/eljardinderosas.cl\/inicio\/wp-json\/wp\/v2\/product"}],"about":[{"href":"https:\/\/eljardinderosas.cl\/inicio\/wp-json\/wp\/v2\/types\/product"}],"wp:featuredmedia":[{"embeddable":true,"href":"https:\/\/eljardinderosas.cl\/inicio\/wp-json\/wp\/v2\/media\/1593"}],"wp:attachment":[{"href":"https:\/\/eljardinderosas.cl\/inicio\/wp-json\/wp\/v2\/media?parent=1592"}],"wp:term":[{"taxonomy":"product_cat","embeddable":true,"href":"https:\/\/eljardinderosas.cl\/inicio\/wp-json\/wp\/v2\/product_cat?post=1592"},{"taxonomy":"product_tag","embeddable":true,"href":"https:\/\/eljardinderosas.cl\/inicio\/wp-json\/wp\/v2\/product_tag?post=1592"}],"curies":[{"name":"wp","href":"https:\/\/api.w.org\/{rel}","templated":true}]}}