{"id":16698,"date":"2024-01-25T14:43:08","date_gmt":"2024-01-25T17:43:08","guid":{"rendered":"https:\/\/eljardinderosas.cl\/inicio\/?post_type=product&#038;p=16698"},"modified":"2026-04-20T15:56:38","modified_gmt":"2026-04-20T19:56:38","slug":"ramo-12-rosas-rojas-y-6-varas-de-lilium-blancos-codigorl-18","status":"publish","type":"product","link":"https:\/\/eljardinderosas.cl\/inicio\/tienda\/arreglos-florales\/liliums\/ramo-12-rosas-rojas-y-6-varas-de-lilium-blancos-codigorl-18\/","title":{"rendered":"Ramo 12 rosas rojas  y 6 varas de lilium blancos c\u00f3digo:RL-18"},"content":{"rendered":"<p>As\u00f3mbrate con un bello\u00a0 ramo compuesto por 12 deslumbrantes rosas rojas y 6 varas de flores lilium blancos semi abiertos una combinaci\u00f3n perfecta , es ideal para sorprender a tu mam\u00e1 este 10 de mayo la persona mas importante de tu vida. No dejes pasar la oportunidad de embellecer tus momentos m\u00e1s preciados con nuestras flores y\u00a0 cautivadoras creaciones. Sum\u00e9rgete en un oc\u00e9ano de emociones y permite que nuestras flores y\u00a0 ramos de rosas sean testigos de tus momentos m\u00e1s memorables. Descubre la magia inigualable que solo nuestras flores pueden brindarte y crea recuerdos inolvidables. Incluye linda tarjeta de saludos <\/p>\n","protected":false},"excerpt":{"rendered":"<p>Sorprende a tu mam\u00e1 este 10 de mayo dia de la mam\u00e1 \u2764\ufe0f \u00a1Celebra y Descubre ramos \u00fanicos y ofertas especiales que alegrar\u00e1n su d\u00eda. \u00a1Haz tu pedido hoy y sorpr\u00e9ndela con un detalle inolvidable!<\/p>\n","protected":false},"featured_media":20295,"template":"","meta":[],"product_cat":[69,94,200],"product_tag":[298,291,280],"yoast_head":"<!-- This site is optimized with the Yoast SEO Premium plugin v17.1.2 (Yoast SEO v17.3) - https:\/\/yoast.com\/wordpress\/plugins\/seo\/ -->\n<title>Ramo 12 rosas rojas y 6 varas de lilium blancos c\u00f3digo:RL-18 - El Jardin de Rosas<\/title>\n<meta name=\"description\" content=\"\u00a1Celebra y Descubre ramos \u00fanicos y ofertas especiales que alegrar\u00e1n su d\u00eda. \u00a1Haz tu pedido hoy y sorpr\u00e9ndela con un detalle inolvidable!\" \/>\n<meta name=\"robots\" content=\"index, follow, max-snippet:-1, max-image-preview:large, max-video-preview:-1\" \/>\n<link rel=\"canonical\" href=\"https:\/\/eljardinderosas.cl\/inicio\/tienda\/arreglos-florales\/liliums\/ramo-12-rosas-rojas-y-6-varas-de-lilium-blancos-codigorl-18\/\" \/>\n<meta property=\"og:locale\" content=\"es_ES\" \/>\n<meta property=\"og:type\" content=\"article\" \/>\n<meta property=\"og:title\" content=\"Ramo 12 rosas rojas y 6 varas de lilium blancos c\u00f3digo:RL-18\" \/>\n<meta property=\"og:description\" content=\"\u00a1Celebra y Descubre ramos \u00fanicos y ofertas especiales que alegrar\u00e1n su d\u00eda. \u00a1Haz tu pedido hoy y sorpr\u00e9ndela con un detalle inolvidable!\" \/>\n<meta property=\"og:url\" content=\"https:\/\/eljardinderosas.cl\/inicio\/tienda\/arreglos-florales\/liliums\/ramo-12-rosas-rojas-y-6-varas-de-lilium-blancos-codigorl-18\/\" \/>\n<meta property=\"og:site_name\" content=\"El Jardin de Rosas\" \/>\n<meta property=\"article:modified_time\" content=\"2026-04-20T19:56:38+00:00\" \/>\n<meta property=\"og:image\" content=\"https:\/\/eljardinderosas.cl\/inicio\/wp-content\/uploads\/2024\/01\/PRECIOSO-RAMO-CON-12-ROSAS-Y-LILIUM-BLANCOS-GLOBO-FELIZ-DIA-MAMA.jpg\" \/>\n\t<meta property=\"og:image:width\" content=\"1024\" \/>\n\t<meta property=\"og:image:height\" content=\"1024\" \/>\n<meta name=\"twitter:card\" content=\"summary_large_image\" \/>\n<meta name=\"twitter:label1\" content=\"Tiempo de lectura\" \/>\n\t<meta name=\"twitter:data1\" content=\"1 minuto\" \/>\n<script type=\"application\/ld+json\" class=\"yoast-schema-graph\">{\"@context\":\"https:\/\/schema.org\",\"@graph\":[{\"@type\":\"Organization\",\"@id\":\"https:\/\/eljardinderosas.cl\/inicio\/#organization\",\"name\":\"El jardin de las rosas\",\"url\":\"https:\/\/eljardinderosas.cl\/inicio\/\",\"sameAs\":[\"https:\/\/www.instagram.com\/floreria_eljardinderosas\/\"],\"logo\":{\"@type\":\"ImageObject\",\"@id\":\"https:\/\/eljardinderosas.cl\/inicio\/#logo\",\"inLanguage\":\"es\",\"url\":\"https:\/\/eljardinderosas.cl\/inicio\/wp-content\/uploads\/2020\/10\/eljardinderosas-mail.png\",\"contentUrl\":\"https:\/\/eljardinderosas.cl\/inicio\/wp-content\/uploads\/2020\/10\/eljardinderosas-mail.png\",\"width\":317,\"height\":97,\"caption\":\"El jardin de las rosas\"},\"image\":{\"@id\":\"https:\/\/eljardinderosas.cl\/inicio\/#logo\"}},{\"@type\":\"WebSite\",\"@id\":\"https:\/\/eljardinderosas.cl\/inicio\/#website\",\"url\":\"https:\/\/eljardinderosas.cl\/inicio\/\",\"name\":\"Floreria El jardin de las Rosas\",\"description\":\"Flores en Santiago\",\"publisher\":{\"@id\":\"https:\/\/eljardinderosas.cl\/inicio\/#organization\"},\"potentialAction\":[{\"@type\":\"SearchAction\",\"target\":{\"@type\":\"EntryPoint\",\"urlTemplate\":\"https:\/\/eljardinderosas.cl\/inicio\/?s={search_term_string}\"},\"query-input\":\"required name=search_term_string\"}],\"inLanguage\":\"es\"},{\"@type\":\"ImageObject\",\"@id\":\"https:\/\/eljardinderosas.cl\/inicio\/tienda\/arreglos-florales\/liliums\/ramo-12-rosas-rojas-y-6-varas-de-lilium-blancos-codigorl-18\/#primaryimage\",\"inLanguage\":\"es\",\"url\":\"https:\/\/eljardinderosas.cl\/inicio\/wp-content\/uploads\/2024\/01\/PRECIOSO-RAMO-CON-12-ROSAS-Y-LILIUM-BLANCOS-GLOBO-FELIZ-DIA-MAMA.jpg\",\"contentUrl\":\"https:\/\/eljardinderosas.cl\/inicio\/wp-content\/uploads\/2024\/01\/PRECIOSO-RAMO-CON-12-ROSAS-Y-LILIUM-BLANCOS-GLOBO-FELIZ-DIA-MAMA.jpg\",\"width\":1024,\"height\":1024},{\"@type\":\"WebPage\",\"@id\":\"https:\/\/eljardinderosas.cl\/inicio\/tienda\/arreglos-florales\/liliums\/ramo-12-rosas-rojas-y-6-varas-de-lilium-blancos-codigorl-18\/#webpage\",\"url\":\"https:\/\/eljardinderosas.cl\/inicio\/tienda\/arreglos-florales\/liliums\/ramo-12-rosas-rojas-y-6-varas-de-lilium-blancos-codigorl-18\/\",\"name\":\"Ramo 12 rosas rojas y 6 varas de lilium blancos c\\u00f3digo:RL-18 - El Jardin de Rosas\",\"isPartOf\":{\"@id\":\"https:\/\/eljardinderosas.cl\/inicio\/#website\"},\"primaryImageOfPage\":{\"@id\":\"https:\/\/eljardinderosas.cl\/inicio\/tienda\/arreglos-florales\/liliums\/ramo-12-rosas-rojas-y-6-varas-de-lilium-blancos-codigorl-18\/#primaryimage\"},\"datePublished\":\"2024-01-25T17:43:08+00:00\",\"dateModified\":\"2026-04-20T19:56:38+00:00\",\"description\":\"\\u00a1Celebra y Descubre ramos \\u00fanicos y ofertas especiales que alegrar\\u00e1n su d\\u00eda. \\u00a1Haz tu pedido hoy y sorpr\\u00e9ndela con un detalle inolvidable!\",\"breadcrumb\":{\"@id\":\"https:\/\/eljardinderosas.cl\/inicio\/tienda\/arreglos-florales\/liliums\/ramo-12-rosas-rojas-y-6-varas-de-lilium-blancos-codigorl-18\/#breadcrumb\"},\"inLanguage\":\"es\",\"potentialAction\":[{\"@type\":\"ReadAction\",\"target\":[\"https:\/\/eljardinderosas.cl\/inicio\/tienda\/arreglos-florales\/liliums\/ramo-12-rosas-rojas-y-6-varas-de-lilium-blancos-codigorl-18\/\"]}]},{\"@type\":\"BreadcrumbList\",\"@id\":\"https:\/\/eljardinderosas.cl\/inicio\/tienda\/arreglos-florales\/liliums\/ramo-12-rosas-rojas-y-6-varas-de-lilium-blancos-codigorl-18\/#breadcrumb\",\"itemListElement\":[{\"@type\":\"ListItem\",\"position\":1,\"name\":\"Home\",\"item\":\"https:\/\/eljardinderosas.cl\/inicio\/\"},{\"@type\":\"ListItem\",\"position\":2,\"name\":\"Tienda\",\"item\":\"https:\/\/eljardinderosas.cl\/inicio\/tienda\/\"},{\"@type\":\"ListItem\",\"position\":3,\"name\":\"Ramo 12 rosas rojas y 6 varas de lilium blancos c\\u00f3digo:RL-18\"}]}]}<\/script>\n<!-- \/ Yoast SEO Premium plugin. -->","yoast_head_json":{"title":"Ramo 12 rosas rojas y 6 varas de lilium blancos c\u00f3digo:RL-18 - El Jardin de Rosas","description":"\u00a1Celebra y Descubre ramos \u00fanicos y ofertas especiales que alegrar\u00e1n su d\u00eda. \u00a1Haz tu pedido hoy y sorpr\u00e9ndela con un detalle inolvidable!","robots":{"index":"index","follow":"follow","max-snippet":"max-snippet:-1","max-image-preview":"max-image-preview:large","max-video-preview":"max-video-preview:-1"},"canonical":"https:\/\/eljardinderosas.cl\/inicio\/tienda\/arreglos-florales\/liliums\/ramo-12-rosas-rojas-y-6-varas-de-lilium-blancos-codigorl-18\/","og_locale":"es_ES","og_type":"article","og_title":"Ramo 12 rosas rojas y 6 varas de lilium blancos c\u00f3digo:RL-18","og_description":"\u00a1Celebra y Descubre ramos \u00fanicos y ofertas especiales que alegrar\u00e1n su d\u00eda. \u00a1Haz tu pedido hoy y sorpr\u00e9ndela con un detalle inolvidable!","og_url":"https:\/\/eljardinderosas.cl\/inicio\/tienda\/arreglos-florales\/liliums\/ramo-12-rosas-rojas-y-6-varas-de-lilium-blancos-codigorl-18\/","og_site_name":"El Jardin de Rosas","article_modified_time":"2026-04-20T19:56:38+00:00","og_image":[{"width":1024,"height":1024,"url":"https:\/\/eljardinderosas.cl\/inicio\/wp-content\/uploads\/2024\/01\/PRECIOSO-RAMO-CON-12-ROSAS-Y-LILIUM-BLANCOS-GLOBO-FELIZ-DIA-MAMA.jpg","type":"image\/jpeg"}],"twitter_card":"summary_large_image","twitter_misc":{"Tiempo de lectura":"1 minuto"},"schema":{"@context":"https:\/\/schema.org","@graph":[{"@type":"Organization","@id":"https:\/\/eljardinderosas.cl\/inicio\/#organization","name":"El jardin de las rosas","url":"https:\/\/eljardinderosas.cl\/inicio\/","sameAs":["https:\/\/www.instagram.com\/floreria_eljardinderosas\/"],"logo":{"@type":"ImageObject","@id":"https:\/\/eljardinderosas.cl\/inicio\/#logo","inLanguage":"es","url":"https:\/\/eljardinderosas.cl\/inicio\/wp-content\/uploads\/2020\/10\/eljardinderosas-mail.png","contentUrl":"https:\/\/eljardinderosas.cl\/inicio\/wp-content\/uploads\/2020\/10\/eljardinderosas-mail.png","width":317,"height":97,"caption":"El jardin de las rosas"},"image":{"@id":"https:\/\/eljardinderosas.cl\/inicio\/#logo"}},{"@type":"WebSite","@id":"https:\/\/eljardinderosas.cl\/inicio\/#website","url":"https:\/\/eljardinderosas.cl\/inicio\/","name":"Floreria El jardin de las Rosas","description":"Flores en Santiago","publisher":{"@id":"https:\/\/eljardinderosas.cl\/inicio\/#organization"},"potentialAction":[{"@type":"SearchAction","target":{"@type":"EntryPoint","urlTemplate":"https:\/\/eljardinderosas.cl\/inicio\/?s={search_term_string}"},"query-input":"required name=search_term_string"}],"inLanguage":"es"},{"@type":"ImageObject","@id":"https:\/\/eljardinderosas.cl\/inicio\/tienda\/arreglos-florales\/liliums\/ramo-12-rosas-rojas-y-6-varas-de-lilium-blancos-codigorl-18\/#primaryimage","inLanguage":"es","url":"https:\/\/eljardinderosas.cl\/inicio\/wp-content\/uploads\/2024\/01\/PRECIOSO-RAMO-CON-12-ROSAS-Y-LILIUM-BLANCOS-GLOBO-FELIZ-DIA-MAMA.jpg","contentUrl":"https:\/\/eljardinderosas.cl\/inicio\/wp-content\/uploads\/2024\/01\/PRECIOSO-RAMO-CON-12-ROSAS-Y-LILIUM-BLANCOS-GLOBO-FELIZ-DIA-MAMA.jpg","width":1024,"height":1024},{"@type":"WebPage","@id":"https:\/\/eljardinderosas.cl\/inicio\/tienda\/arreglos-florales\/liliums\/ramo-12-rosas-rojas-y-6-varas-de-lilium-blancos-codigorl-18\/#webpage","url":"https:\/\/eljardinderosas.cl\/inicio\/tienda\/arreglos-florales\/liliums\/ramo-12-rosas-rojas-y-6-varas-de-lilium-blancos-codigorl-18\/","name":"Ramo 12 rosas rojas y 6 varas de lilium blancos c\u00f3digo:RL-18 - El Jardin de Rosas","isPartOf":{"@id":"https:\/\/eljardinderosas.cl\/inicio\/#website"},"primaryImageOfPage":{"@id":"https:\/\/eljardinderosas.cl\/inicio\/tienda\/arreglos-florales\/liliums\/ramo-12-rosas-rojas-y-6-varas-de-lilium-blancos-codigorl-18\/#primaryimage"},"datePublished":"2024-01-25T17:43:08+00:00","dateModified":"2026-04-20T19:56:38+00:00","description":"\u00a1Celebra y Descubre ramos \u00fanicos y ofertas especiales que alegrar\u00e1n su d\u00eda. \u00a1Haz tu pedido hoy y sorpr\u00e9ndela con un detalle inolvidable!","breadcrumb":{"@id":"https:\/\/eljardinderosas.cl\/inicio\/tienda\/arreglos-florales\/liliums\/ramo-12-rosas-rojas-y-6-varas-de-lilium-blancos-codigorl-18\/#breadcrumb"},"inLanguage":"es","potentialAction":[{"@type":"ReadAction","target":["https:\/\/eljardinderosas.cl\/inicio\/tienda\/arreglos-florales\/liliums\/ramo-12-rosas-rojas-y-6-varas-de-lilium-blancos-codigorl-18\/"]}]},{"@type":"BreadcrumbList","@id":"https:\/\/eljardinderosas.cl\/inicio\/tienda\/arreglos-florales\/liliums\/ramo-12-rosas-rojas-y-6-varas-de-lilium-blancos-codigorl-18\/#breadcrumb","itemListElement":[{"@type":"ListItem","position":1,"name":"Home","item":"https:\/\/eljardinderosas.cl\/inicio\/"},{"@type":"ListItem","position":2,"name":"Tienda","item":"https:\/\/eljardinderosas.cl\/inicio\/tienda\/"},{"@type":"ListItem","position":3,"name":"Ramo 12 rosas rojas y 6 varas de lilium blancos c\u00f3digo:RL-18"}]}]}},"_links":{"self":[{"href":"https:\/\/eljardinderosas.cl\/inicio\/wp-json\/wp\/v2\/product\/16698"}],"collection":[{"href":"https:\/\/eljardinderosas.cl\/inicio\/wp-json\/wp\/v2\/product"}],"about":[{"href":"https:\/\/eljardinderosas.cl\/inicio\/wp-json\/wp\/v2\/types\/product"}],"wp:featuredmedia":[{"embeddable":true,"href":"https:\/\/eljardinderosas.cl\/inicio\/wp-json\/wp\/v2\/media\/20295"}],"wp:attachment":[{"href":"https:\/\/eljardinderosas.cl\/inicio\/wp-json\/wp\/v2\/media?parent=16698"}],"wp:term":[{"taxonomy":"product_cat","embeddable":true,"href":"https:\/\/eljardinderosas.cl\/inicio\/wp-json\/wp\/v2\/product_cat?post=16698"},{"taxonomy":"product_tag","embeddable":true,"href":"https:\/\/eljardinderosas.cl\/inicio\/wp-json\/wp\/v2\/product_tag?post=16698"}],"curies":[{"name":"wp","href":"https:\/\/api.w.org\/{rel}","templated":true}]}}