{"id":1725,"date":"2020-11-28T21:03:41","date_gmt":"2020-11-29T00:03:41","guid":{"rendered":"https:\/\/eljardinderosas.cl\/inicio\/?post_type=product&#038;p=1725"},"modified":"2026-01-20T17:59:11","modified_gmt":"2026-01-20T20:59:11","slug":"florero-con-25-rosas-rojas-blancas-y-rosadas-tallo-largo","status":"publish","type":"product","link":"https:\/\/eljardinderosas.cl\/inicio\/tienda\/a-floreros-con-rosas\/florero-con-25-rosas-rojas-blancas-y-rosadas-tallo-largo\/","title":{"rendered":"Florero con 25 rosas rojas blancas y rosadas tallo largo"},"content":{"rendered":"<p>Sorprende a esa persona especial que es tu madre en su d\u00eda este\u00a0 regalo que dejar\u00e1 huella en su coraz\u00f3n, Te\u00a0 Imagina entregarle un exquisito arreglo floral compuesto por 25\u00a0 rosas combinadas rosadas blancas y rojas\u00a0 una combinaci\u00f3n que emana elegancia y pasi\u00f3n. Y eso no es todo, este regalo viene acompa\u00f1ado de una tarjeta de saludos dise\u00f1ada con amor, para que puedas expresar todos esos sentimientos que te desbordan. Un detalle tan hermoso que siempre quedar\u00e1 grabado en su memoria, record\u00e1ndole todo el cari\u00f1o amor y aprecio que le tienes. No esperes m\u00e1s, regala un pedacito de felicidad.<\/p>\n","protected":false},"excerpt":{"rendered":"<p>Sorprende a esa persona especial que es tu madre en su d\u00eda este\u00a0 regalo que dejar\u00e1 huella en su coraz\u00f3n, Te\u00a0 Imagina entregarle un exquisito arreglo floral compuesto por 25\u00a0 rosas combinadas rosadas blancas y rojas\u00a0 una combinaci\u00f3n que emana elegancia y pasi\u00f3n. Y eso no es todo, este regalo viene acompa\u00f1ado de una tarjeta [&#8230;]\n","protected":false},"featured_media":19696,"template":"","meta":[],"product_cat":[72],"product_tag":[113,143],"yoast_head":"<!-- This site is optimized with the Yoast SEO Premium plugin v17.1.2 (Yoast SEO v17.3) - https:\/\/yoast.com\/wordpress\/plugins\/seo\/ -->\n<title>Florero con 25 rosas rojas blancas y rosadas tallo largo - El Jardin de Rosas<\/title>\n<meta name=\"robots\" content=\"index, follow, max-snippet:-1, max-image-preview:large, max-video-preview:-1\" \/>\n<link rel=\"canonical\" href=\"https:\/\/eljardinderosas.cl\/inicio\/tienda\/a-floreros-con-rosas\/florero-con-25-rosas-rojas-blancas-y-rosadas-tallo-largo\/\" \/>\n<meta property=\"og:locale\" content=\"es_ES\" \/>\n<meta property=\"og:type\" content=\"article\" \/>\n<meta property=\"og:title\" content=\"Florero con 25 rosas rojas blancas y rosadas tallo largo\" \/>\n<meta property=\"og:description\" content=\"Sorprende a esa persona especial que es tu madre en su d\u00eda este\u00a0 regalo que dejar\u00e1 huella en su coraz\u00f3n, Te\u00a0 Imagina entregarle un exquisito arreglo floral compuesto por 25\u00a0 rosas combinadas rosadas blancas y rojas\u00a0 una combinaci\u00f3n que emana elegancia y pasi\u00f3n. Y eso no es todo, este regalo viene acompa\u00f1ado de una tarjeta [...]\" \/>\n<meta property=\"og:url\" content=\"https:\/\/eljardinderosas.cl\/inicio\/tienda\/a-floreros-con-rosas\/florero-con-25-rosas-rojas-blancas-y-rosadas-tallo-largo\/\" \/>\n<meta property=\"og:site_name\" content=\"El Jardin de Rosas\" \/>\n<meta property=\"article:modified_time\" content=\"2026-01-20T20:59:11+00:00\" \/>\n<meta property=\"og:image\" content=\"https:\/\/eljardinderosas.cl\/inicio\/wp-content\/uploads\/2020\/11\/FLORERO-CON-25-ROSAS-ROJAS-BLANCAS-Y-ROJAS.png\" \/>\n\t<meta property=\"og:image:width\" content=\"1024\" \/>\n\t<meta property=\"og:image:height\" content=\"1024\" \/>\n<meta name=\"twitter:card\" content=\"summary_large_image\" \/>\n<meta name=\"twitter:label1\" content=\"Tiempo de lectura\" \/>\n\t<meta name=\"twitter:data1\" content=\"1 minuto\" \/>\n<script type=\"application\/ld+json\" class=\"yoast-schema-graph\">{\"@context\":\"https:\/\/schema.org\",\"@graph\":[{\"@type\":\"Organization\",\"@id\":\"https:\/\/eljardinderosas.cl\/inicio\/#organization\",\"name\":\"El jardin de las rosas\",\"url\":\"https:\/\/eljardinderosas.cl\/inicio\/\",\"sameAs\":[\"https:\/\/www.instagram.com\/floreria_eljardinderosas\/\"],\"logo\":{\"@type\":\"ImageObject\",\"@id\":\"https:\/\/eljardinderosas.cl\/inicio\/#logo\",\"inLanguage\":\"es\",\"url\":\"https:\/\/eljardinderosas.cl\/inicio\/wp-content\/uploads\/2020\/10\/eljardinderosas-mail.png\",\"contentUrl\":\"https:\/\/eljardinderosas.cl\/inicio\/wp-content\/uploads\/2020\/10\/eljardinderosas-mail.png\",\"width\":317,\"height\":97,\"caption\":\"El jardin de las rosas\"},\"image\":{\"@id\":\"https:\/\/eljardinderosas.cl\/inicio\/#logo\"}},{\"@type\":\"WebSite\",\"@id\":\"https:\/\/eljardinderosas.cl\/inicio\/#website\",\"url\":\"https:\/\/eljardinderosas.cl\/inicio\/\",\"name\":\"Floreria El jardin de las Rosas\",\"description\":\"Flores en Santiago\",\"publisher\":{\"@id\":\"https:\/\/eljardinderosas.cl\/inicio\/#organization\"},\"potentialAction\":[{\"@type\":\"SearchAction\",\"target\":{\"@type\":\"EntryPoint\",\"urlTemplate\":\"https:\/\/eljardinderosas.cl\/inicio\/?s={search_term_string}\"},\"query-input\":\"required name=search_term_string\"}],\"inLanguage\":\"es\"},{\"@type\":\"ImageObject\",\"@id\":\"https:\/\/eljardinderosas.cl\/inicio\/tienda\/a-floreros-con-rosas\/florero-con-25-rosas-rojas-blancas-y-rosadas-tallo-largo\/#primaryimage\",\"inLanguage\":\"es\",\"url\":\"https:\/\/eljardinderosas.cl\/inicio\/wp-content\/uploads\/2020\/11\/FLORERO-CON-25-ROSAS-ROJAS-BLANCAS-Y-ROJAS.png\",\"contentUrl\":\"https:\/\/eljardinderosas.cl\/inicio\/wp-content\/uploads\/2020\/11\/FLORERO-CON-25-ROSAS-ROJAS-BLANCAS-Y-ROJAS.png\",\"width\":1024,\"height\":1024},{\"@type\":\"WebPage\",\"@id\":\"https:\/\/eljardinderosas.cl\/inicio\/tienda\/a-floreros-con-rosas\/florero-con-25-rosas-rojas-blancas-y-rosadas-tallo-largo\/#webpage\",\"url\":\"https:\/\/eljardinderosas.cl\/inicio\/tienda\/a-floreros-con-rosas\/florero-con-25-rosas-rojas-blancas-y-rosadas-tallo-largo\/\",\"name\":\"Florero con 25 rosas rojas blancas y rosadas tallo largo - El Jardin de Rosas\",\"isPartOf\":{\"@id\":\"https:\/\/eljardinderosas.cl\/inicio\/#website\"},\"primaryImageOfPage\":{\"@id\":\"https:\/\/eljardinderosas.cl\/inicio\/tienda\/a-floreros-con-rosas\/florero-con-25-rosas-rojas-blancas-y-rosadas-tallo-largo\/#primaryimage\"},\"datePublished\":\"2020-11-29T00:03:41+00:00\",\"dateModified\":\"2026-01-20T20:59:11+00:00\",\"breadcrumb\":{\"@id\":\"https:\/\/eljardinderosas.cl\/inicio\/tienda\/a-floreros-con-rosas\/florero-con-25-rosas-rojas-blancas-y-rosadas-tallo-largo\/#breadcrumb\"},\"inLanguage\":\"es\",\"potentialAction\":[{\"@type\":\"ReadAction\",\"target\":[\"https:\/\/eljardinderosas.cl\/inicio\/tienda\/a-floreros-con-rosas\/florero-con-25-rosas-rojas-blancas-y-rosadas-tallo-largo\/\"]}]},{\"@type\":\"BreadcrumbList\",\"@id\":\"https:\/\/eljardinderosas.cl\/inicio\/tienda\/a-floreros-con-rosas\/florero-con-25-rosas-rojas-blancas-y-rosadas-tallo-largo\/#breadcrumb\",\"itemListElement\":[{\"@type\":\"ListItem\",\"position\":1,\"name\":\"Home\",\"item\":\"https:\/\/eljardinderosas.cl\/inicio\/\"},{\"@type\":\"ListItem\",\"position\":2,\"name\":\"Tienda\",\"item\":\"https:\/\/eljardinderosas.cl\/inicio\/tienda\/\"},{\"@type\":\"ListItem\",\"position\":3,\"name\":\"Florero con 25 rosas rojas blancas y rosadas tallo largo\"}]}]}<\/script>\n<!-- \/ Yoast SEO Premium plugin. -->","yoast_head_json":{"title":"Florero con 25 rosas rojas blancas y rosadas tallo largo - El Jardin de Rosas","robots":{"index":"index","follow":"follow","max-snippet":"max-snippet:-1","max-image-preview":"max-image-preview:large","max-video-preview":"max-video-preview:-1"},"canonical":"https:\/\/eljardinderosas.cl\/inicio\/tienda\/a-floreros-con-rosas\/florero-con-25-rosas-rojas-blancas-y-rosadas-tallo-largo\/","og_locale":"es_ES","og_type":"article","og_title":"Florero con 25 rosas rojas blancas y rosadas tallo largo","og_description":"Sorprende a esa persona especial que es tu madre en su d\u00eda este\u00a0 regalo que dejar\u00e1 huella en su coraz\u00f3n, Te\u00a0 Imagina entregarle un exquisito arreglo floral compuesto por 25\u00a0 rosas combinadas rosadas blancas y rojas\u00a0 una combinaci\u00f3n que emana elegancia y pasi\u00f3n. Y eso no es todo, este regalo viene acompa\u00f1ado de una tarjeta [...]","og_url":"https:\/\/eljardinderosas.cl\/inicio\/tienda\/a-floreros-con-rosas\/florero-con-25-rosas-rojas-blancas-y-rosadas-tallo-largo\/","og_site_name":"El Jardin de Rosas","article_modified_time":"2026-01-20T20:59:11+00:00","og_image":[{"width":1024,"height":1024,"url":"https:\/\/eljardinderosas.cl\/inicio\/wp-content\/uploads\/2020\/11\/FLORERO-CON-25-ROSAS-ROJAS-BLANCAS-Y-ROJAS.png","type":"image\/png"}],"twitter_card":"summary_large_image","twitter_misc":{"Tiempo de lectura":"1 minuto"},"schema":{"@context":"https:\/\/schema.org","@graph":[{"@type":"Organization","@id":"https:\/\/eljardinderosas.cl\/inicio\/#organization","name":"El jardin de las rosas","url":"https:\/\/eljardinderosas.cl\/inicio\/","sameAs":["https:\/\/www.instagram.com\/floreria_eljardinderosas\/"],"logo":{"@type":"ImageObject","@id":"https:\/\/eljardinderosas.cl\/inicio\/#logo","inLanguage":"es","url":"https:\/\/eljardinderosas.cl\/inicio\/wp-content\/uploads\/2020\/10\/eljardinderosas-mail.png","contentUrl":"https:\/\/eljardinderosas.cl\/inicio\/wp-content\/uploads\/2020\/10\/eljardinderosas-mail.png","width":317,"height":97,"caption":"El jardin de las rosas"},"image":{"@id":"https:\/\/eljardinderosas.cl\/inicio\/#logo"}},{"@type":"WebSite","@id":"https:\/\/eljardinderosas.cl\/inicio\/#website","url":"https:\/\/eljardinderosas.cl\/inicio\/","name":"Floreria El jardin de las Rosas","description":"Flores en Santiago","publisher":{"@id":"https:\/\/eljardinderosas.cl\/inicio\/#organization"},"potentialAction":[{"@type":"SearchAction","target":{"@type":"EntryPoint","urlTemplate":"https:\/\/eljardinderosas.cl\/inicio\/?s={search_term_string}"},"query-input":"required name=search_term_string"}],"inLanguage":"es"},{"@type":"ImageObject","@id":"https:\/\/eljardinderosas.cl\/inicio\/tienda\/a-floreros-con-rosas\/florero-con-25-rosas-rojas-blancas-y-rosadas-tallo-largo\/#primaryimage","inLanguage":"es","url":"https:\/\/eljardinderosas.cl\/inicio\/wp-content\/uploads\/2020\/11\/FLORERO-CON-25-ROSAS-ROJAS-BLANCAS-Y-ROJAS.png","contentUrl":"https:\/\/eljardinderosas.cl\/inicio\/wp-content\/uploads\/2020\/11\/FLORERO-CON-25-ROSAS-ROJAS-BLANCAS-Y-ROJAS.png","width":1024,"height":1024},{"@type":"WebPage","@id":"https:\/\/eljardinderosas.cl\/inicio\/tienda\/a-floreros-con-rosas\/florero-con-25-rosas-rojas-blancas-y-rosadas-tallo-largo\/#webpage","url":"https:\/\/eljardinderosas.cl\/inicio\/tienda\/a-floreros-con-rosas\/florero-con-25-rosas-rojas-blancas-y-rosadas-tallo-largo\/","name":"Florero con 25 rosas rojas blancas y rosadas tallo largo - El Jardin de Rosas","isPartOf":{"@id":"https:\/\/eljardinderosas.cl\/inicio\/#website"},"primaryImageOfPage":{"@id":"https:\/\/eljardinderosas.cl\/inicio\/tienda\/a-floreros-con-rosas\/florero-con-25-rosas-rojas-blancas-y-rosadas-tallo-largo\/#primaryimage"},"datePublished":"2020-11-29T00:03:41+00:00","dateModified":"2026-01-20T20:59:11+00:00","breadcrumb":{"@id":"https:\/\/eljardinderosas.cl\/inicio\/tienda\/a-floreros-con-rosas\/florero-con-25-rosas-rojas-blancas-y-rosadas-tallo-largo\/#breadcrumb"},"inLanguage":"es","potentialAction":[{"@type":"ReadAction","target":["https:\/\/eljardinderosas.cl\/inicio\/tienda\/a-floreros-con-rosas\/florero-con-25-rosas-rojas-blancas-y-rosadas-tallo-largo\/"]}]},{"@type":"BreadcrumbList","@id":"https:\/\/eljardinderosas.cl\/inicio\/tienda\/a-floreros-con-rosas\/florero-con-25-rosas-rojas-blancas-y-rosadas-tallo-largo\/#breadcrumb","itemListElement":[{"@type":"ListItem","position":1,"name":"Home","item":"https:\/\/eljardinderosas.cl\/inicio\/"},{"@type":"ListItem","position":2,"name":"Tienda","item":"https:\/\/eljardinderosas.cl\/inicio\/tienda\/"},{"@type":"ListItem","position":3,"name":"Florero con 25 rosas rojas blancas y rosadas tallo largo"}]}]}},"_links":{"self":[{"href":"https:\/\/eljardinderosas.cl\/inicio\/wp-json\/wp\/v2\/product\/1725"}],"collection":[{"href":"https:\/\/eljardinderosas.cl\/inicio\/wp-json\/wp\/v2\/product"}],"about":[{"href":"https:\/\/eljardinderosas.cl\/inicio\/wp-json\/wp\/v2\/types\/product"}],"wp:featuredmedia":[{"embeddable":true,"href":"https:\/\/eljardinderosas.cl\/inicio\/wp-json\/wp\/v2\/media\/19696"}],"wp:attachment":[{"href":"https:\/\/eljardinderosas.cl\/inicio\/wp-json\/wp\/v2\/media?parent=1725"}],"wp:term":[{"taxonomy":"product_cat","embeddable":true,"href":"https:\/\/eljardinderosas.cl\/inicio\/wp-json\/wp\/v2\/product_cat?post=1725"},{"taxonomy":"product_tag","embeddable":true,"href":"https:\/\/eljardinderosas.cl\/inicio\/wp-json\/wp\/v2\/product_tag?post=1725"}],"curies":[{"name":"wp","href":"https:\/\/api.w.org\/{rel}","templated":true}]}}

<p>Sorprende a esa persona especial que es tu madre en su día este  regalo que dejará huella en su corazón, Te  Imagina entregarle un exquisito arreglo floral compuesto por 25  rosas combinadas rosadas blancas y rojas  una combinación que emana elegancia y pasión. Y eso no es todo, este regalo viene acompañado de una tarjeta de saludos diseñada con amor, para que puedas expresar todos esos sentimientos que te desbordan. Un detalle tan hermoso que siempre quedará grabado en su memoria, recordándole todo el cariño amor y aprecio que le tienes. No esperes más, regala un pedacito de felicidad.</p>

<p>Sorprende a esa persona especial que es tu madre en su día este  regalo que dejará huella en su corazón, Te  Imagina entregarle un exquisito arreglo floral compuesto por 25  rosas combinadas rosadas blancas y rojas  una combinación que emana elegancia y pasión. Y eso no es todo, este regalo viene acompañado de una tarjeta [&#8230;]

<!-- This site is optimized with the Yoast SEO Premium plugin v17.1.2 (Yoast SEO v17.3) - https://yoast.com/wordpress/plugins/seo/ -->
<title>Florero con 25 rosas rojas blancas y rosadas tallo largo - El Jardin de Rosas</title>
<meta name="robots" content="index, follow, max-snippet:-1, max-image-preview:large, max-video-preview:-1" />
<link rel="canonical" href="https://eljardinderosas.cl/inicio/tienda/a-floreros-con-rosas/florero-con-25-rosas-rojas-blancas-y-rosadas-tallo-largo/" />
<meta property="og:locale" content="es_ES" />
<meta property="og:type" content="article" />
<meta property="og:title" content="Florero con 25 rosas rojas blancas y rosadas tallo largo" />
<meta property="og:description" content="Sorprende a esa persona especial que es tu madre en su día este  regalo que dejará huella en su corazón, Te  Imagina entregarle un exquisito arreglo floral compuesto por 25  rosas combinadas rosadas blancas y rojas  una combinación que emana elegancia y pasión. Y eso no es todo, este regalo viene acompañado de una tarjeta [...]" />
<meta property="og:url" content="https://eljardinderosas.cl/inicio/tienda/a-floreros-con-rosas/florero-con-25-rosas-rojas-blancas-y-rosadas-tallo-largo/" />
<meta property="og:site_name" content="El Jardin de Rosas" />
<meta property="article:modified_time" content="2026-01-20T20:59:11+00:00" />
<meta property="og:image" content="https://eljardinderosas.cl/inicio/wp-content/uploads/2020/11/FLORERO-CON-25-ROSAS-ROJAS-BLANCAS-Y-ROJAS.png" />
	<meta property="og:image:width" content="1024" />
	<meta property="og:image:height" content="1024" />
<meta name="twitter:card" content="summary_large_image" />
<meta name="twitter:label1" content="Tiempo de lectura" />
	<meta name="twitter:data1" content="1 minuto" />
<script type="application/ld+json" class="yoast-schema-graph">{"@context":"https://schema.org","@graph":[{"@type":"Organization","@id":"https://eljardinderosas.cl/inicio/#organization","name":"El jardin de las rosas","url":"https://eljardinderosas.cl/inicio/","sameAs":["https://www.instagram.com/floreria_eljardinderosas/"],"logo":{"@type":"ImageObject","@id":"https://eljardinderosas.cl/inicio/#logo","inLanguage":"es","url":"https://eljardinderosas.cl/inicio/wp-content/uploads/2020/10/eljardinderosas-mail.png","contentUrl":"https://eljardinderosas.cl/inicio/wp-content/uploads/2020/10/eljardinderosas-mail.png","width":317,"height":97,"caption":"El jardin de las rosas"},"image":{"@id":"https://eljardinderosas.cl/inicio/#logo"}},{"@type":"WebSite","@id":"https://eljardinderosas.cl/inicio/#website","url":"https://eljardinderosas.cl/inicio/","name":"Floreria El jardin de las Rosas","description":"Flores en Santiago","publisher":{"@id":"https://eljardinderosas.cl/inicio/#organization"},"potentialAction":[{"@type":"SearchAction","target":{"@type":"EntryPoint","urlTemplate":"https://eljardinderosas.cl/inicio/?s={search_term_string}"},"query-input":"required name=search_term_string"}],"inLanguage":"es"},{"@type":"ImageObject","@id":"https://eljardinderosas.cl/inicio/tienda/a-floreros-con-rosas/florero-con-25-rosas-rojas-blancas-y-rosadas-tallo-largo/#primaryimage","inLanguage":"es","url":"https://eljardinderosas.cl/inicio/wp-content/uploads/2020/11/FLORERO-CON-25-ROSAS-ROJAS-BLANCAS-Y-ROJAS.png","contentUrl":"https://eljardinderosas.cl/inicio/wp-content/uploads/2020/11/FLORERO-CON-25-ROSAS-ROJAS-BLANCAS-Y-ROJAS.png","width":1024,"height":1024},{"@type":"WebPage","@id":"https://eljardinderosas.cl/inicio/tienda/a-floreros-con-rosas/florero-con-25-rosas-rojas-blancas-y-rosadas-tallo-largo/#webpage","url":"https://eljardinderosas.cl/inicio/tienda/a-floreros-con-rosas/florero-con-25-rosas-rojas-blancas-y-rosadas-tallo-largo/","name":"Florero con 25 rosas rojas blancas y rosadas tallo largo - El Jardin de Rosas","isPartOf":{"@id":"https://eljardinderosas.cl/inicio/#website"},"primaryImageOfPage":{"@id":"https://eljardinderosas.cl/inicio/tienda/a-floreros-con-rosas/florero-con-25-rosas-rojas-blancas-y-rosadas-tallo-largo/#primaryimage"},"datePublished":"2020-11-29T00:03:41+00:00","dateModified":"2026-01-20T20:59:11+00:00","breadcrumb":{"@id":"https://eljardinderosas.cl/inicio/tienda/a-floreros-con-rosas/florero-con-25-rosas-rojas-blancas-y-rosadas-tallo-largo/#breadcrumb"},"inLanguage":"es","potentialAction":[{"@type":"ReadAction","target":["https://eljardinderosas.cl/inicio/tienda/a-floreros-con-rosas/florero-con-25-rosas-rojas-blancas-y-rosadas-tallo-largo/"]}]},{"@type":"BreadcrumbList","@id":"https://eljardinderosas.cl/inicio/tienda/a-floreros-con-rosas/florero-con-25-rosas-rojas-blancas-y-rosadas-tallo-largo/#breadcrumb","itemListElement":[{"@type":"ListItem","position":1,"name":"Home","item":"https://eljardinderosas.cl/inicio/"},{"@type":"ListItem","position":2,"name":"Tienda","item":"https://eljardinderosas.cl/inicio/tienda/"},{"@type":"ListItem","position":3,"name":"Florero con 25 rosas rojas blancas y rosadas tallo largo"}]}]}</script>
<!-- / Yoast SEO Premium plugin. -->

Sorprende a esa persona especial que es tu madre en su día este  regalo que dejará huella en su corazón, Te  Imagina entregarle un exquisito arreglo floral compuesto por 25  rosas combinadas rosadas blancas y rojas  una combinación que emana elegancia y pasión. Y eso no es todo, este regalo viene acompañado de una tarjeta [...]
