{"id":17292,"date":"2024-05-01T00:48:41","date_gmt":"2024-05-01T04:48:41","guid":{"rendered":"https:\/\/eljardinderosas.cl\/inicio\/?post_type=product&#038;p=17292"},"modified":"2025-01-27T19:14:28","modified_gmt":"2025-01-27T22:14:28","slug":"florero-con-12-rosas-rojas-y-blancas-ecuatorianas-tallo-largo","status":"publish","type":"product","link":"https:\/\/eljardinderosas.cl\/inicio\/tienda\/arreglos-florales\/rosas\/florero-con-12-rosas-rojas-y-blancas-ecuatorianas-tallo-largo\/","title":{"rendered":"Florero con 12 rosas rojas y blancas ecuatorianas tallo largo"},"content":{"rendered":"<ul>\n<li>El D\u00eda de la mam\u00e1 es el d\u00eda mas importante para mostrarle a tu mam\u00e1, todo el amor , cari\u00f1o y dar las gracias por lo maravillosa persona que te dio la vida , que te ayuda en cada momento sorpr\u00e9ndela ese 12 de mayo d\u00eda de la madre con este maravilloso\u00a0 arreglo floral esp\u00e9sale todo tu amor ,No dejes pasar esta oportunidad de mostrarle a tu mam\u00e1 lo especial que es. Haz de este D\u00eda de la Madre un d\u00eda inolvidable lleno de amor y gratitud. \u00a1Ella se lo merece!<\/li>\n<\/ul>\n","protected":false},"excerpt":{"rendered":"<p>El D\u00eda de la mam\u00e1 es el d\u00eda mas importante para mostrarle a tu mam\u00e1, todo el amor , cari\u00f1o y dar las gracias por lo maravillosa persona que te dio la vida , que te ayuda en cada momento sorpr\u00e9ndela ese 12 de mayo d\u00eda de la madre con este maravilloso\u00a0 arreglo floral esp\u00e9sale [&#8230;]\n","protected":false},"featured_media":17294,"template":"","meta":[],"product_cat":[93,71,84],"product_tag":[275],"yoast_head":"<!-- This site is optimized with the Yoast SEO Premium plugin v17.1.2 (Yoast SEO v17.3) - https:\/\/yoast.com\/wordpress\/plugins\/seo\/ -->\n<title>Florero con 12 rosas rojas y blancas ecuatorianas tallo largo - El Jardin de Rosas<\/title>\n<meta name=\"robots\" content=\"index, follow, max-snippet:-1, max-image-preview:large, max-video-preview:-1\" \/>\n<link rel=\"canonical\" href=\"https:\/\/eljardinderosas.cl\/inicio\/tienda\/arreglos-florales\/rosas\/florero-con-12-rosas-rojas-y-blancas-ecuatorianas-tallo-largo\/\" \/>\n<meta property=\"og:locale\" content=\"es_ES\" \/>\n<meta property=\"og:type\" content=\"article\" \/>\n<meta property=\"og:title\" content=\"Florero con 12 rosas rojas y blancas ecuatorianas tallo largo\" \/>\n<meta property=\"og:description\" content=\"El D\u00eda de la mam\u00e1 es el d\u00eda mas importante para mostrarle a tu mam\u00e1, todo el amor , cari\u00f1o y dar las gracias por lo maravillosa persona que te dio la vida , que te ayuda en cada momento sorpr\u00e9ndela ese 12 de mayo d\u00eda de la madre con este maravilloso\u00a0 arreglo floral esp\u00e9sale [...]\" \/>\n<meta property=\"og:url\" content=\"https:\/\/eljardinderosas.cl\/inicio\/tienda\/arreglos-florales\/rosas\/florero-con-12-rosas-rojas-y-blancas-ecuatorianas-tallo-largo\/\" \/>\n<meta property=\"og:site_name\" content=\"El Jardin de Rosas\" \/>\n<meta property=\"article:modified_time\" content=\"2025-01-27T22:14:28+00:00\" \/>\n<meta property=\"og:image\" content=\"https:\/\/eljardinderosas.cl\/inicio\/wp-content\/uploads\/2024\/05\/FLORERO-COB-12-ROSAS-ROJAS-Y-BLANCAS.jpg\" \/>\n\t<meta property=\"og:image:width\" content=\"600\" \/>\n\t<meta property=\"og:image:height\" content=\"600\" \/>\n<meta name=\"twitter:card\" content=\"summary_large_image\" \/>\n<meta name=\"twitter:label1\" content=\"Tiempo de lectura\" \/>\n\t<meta name=\"twitter:data1\" content=\"1 minuto\" \/>\n<script type=\"application\/ld+json\" class=\"yoast-schema-graph\">{\"@context\":\"https:\/\/schema.org\",\"@graph\":[{\"@type\":\"Organization\",\"@id\":\"https:\/\/eljardinderosas.cl\/inicio\/#organization\",\"name\":\"El jardin de las rosas\",\"url\":\"https:\/\/eljardinderosas.cl\/inicio\/\",\"sameAs\":[\"https:\/\/www.instagram.com\/floreria_eljardinderosas\/\"],\"logo\":{\"@type\":\"ImageObject\",\"@id\":\"https:\/\/eljardinderosas.cl\/inicio\/#logo\",\"inLanguage\":\"es\",\"url\":\"https:\/\/eljardinderosas.cl\/inicio\/wp-content\/uploads\/2020\/10\/eljardinderosas-mail.png\",\"contentUrl\":\"https:\/\/eljardinderosas.cl\/inicio\/wp-content\/uploads\/2020\/10\/eljardinderosas-mail.png\",\"width\":317,\"height\":97,\"caption\":\"El jardin de las rosas\"},\"image\":{\"@id\":\"https:\/\/eljardinderosas.cl\/inicio\/#logo\"}},{\"@type\":\"WebSite\",\"@id\":\"https:\/\/eljardinderosas.cl\/inicio\/#website\",\"url\":\"https:\/\/eljardinderosas.cl\/inicio\/\",\"name\":\"Floreria El jardin de las Rosas\",\"description\":\"Flores en Santiago\",\"publisher\":{\"@id\":\"https:\/\/eljardinderosas.cl\/inicio\/#organization\"},\"potentialAction\":[{\"@type\":\"SearchAction\",\"target\":{\"@type\":\"EntryPoint\",\"urlTemplate\":\"https:\/\/eljardinderosas.cl\/inicio\/?s={search_term_string}\"},\"query-input\":\"required name=search_term_string\"}],\"inLanguage\":\"es\"},{\"@type\":\"ImageObject\",\"@id\":\"https:\/\/eljardinderosas.cl\/inicio\/tienda\/arreglos-florales\/rosas\/florero-con-12-rosas-rojas-y-blancas-ecuatorianas-tallo-largo\/#primaryimage\",\"inLanguage\":\"es\",\"url\":\"https:\/\/eljardinderosas.cl\/inicio\/wp-content\/uploads\/2024\/05\/FLORERO-COB-12-ROSAS-ROJAS-Y-BLANCAS.jpg\",\"contentUrl\":\"https:\/\/eljardinderosas.cl\/inicio\/wp-content\/uploads\/2024\/05\/FLORERO-COB-12-ROSAS-ROJAS-Y-BLANCAS.jpg\",\"width\":600,\"height\":600},{\"@type\":\"WebPage\",\"@id\":\"https:\/\/eljardinderosas.cl\/inicio\/tienda\/arreglos-florales\/rosas\/florero-con-12-rosas-rojas-y-blancas-ecuatorianas-tallo-largo\/#webpage\",\"url\":\"https:\/\/eljardinderosas.cl\/inicio\/tienda\/arreglos-florales\/rosas\/florero-con-12-rosas-rojas-y-blancas-ecuatorianas-tallo-largo\/\",\"name\":\"Florero con 12 rosas rojas y blancas ecuatorianas tallo largo - El Jardin de Rosas\",\"isPartOf\":{\"@id\":\"https:\/\/eljardinderosas.cl\/inicio\/#website\"},\"primaryImageOfPage\":{\"@id\":\"https:\/\/eljardinderosas.cl\/inicio\/tienda\/arreglos-florales\/rosas\/florero-con-12-rosas-rojas-y-blancas-ecuatorianas-tallo-largo\/#primaryimage\"},\"datePublished\":\"2024-05-01T04:48:41+00:00\",\"dateModified\":\"2025-01-27T22:14:28+00:00\",\"breadcrumb\":{\"@id\":\"https:\/\/eljardinderosas.cl\/inicio\/tienda\/arreglos-florales\/rosas\/florero-con-12-rosas-rojas-y-blancas-ecuatorianas-tallo-largo\/#breadcrumb\"},\"inLanguage\":\"es\",\"potentialAction\":[{\"@type\":\"ReadAction\",\"target\":[\"https:\/\/eljardinderosas.cl\/inicio\/tienda\/arreglos-florales\/rosas\/florero-con-12-rosas-rojas-y-blancas-ecuatorianas-tallo-largo\/\"]}]},{\"@type\":\"BreadcrumbList\",\"@id\":\"https:\/\/eljardinderosas.cl\/inicio\/tienda\/arreglos-florales\/rosas\/florero-con-12-rosas-rojas-y-blancas-ecuatorianas-tallo-largo\/#breadcrumb\",\"itemListElement\":[{\"@type\":\"ListItem\",\"position\":1,\"name\":\"Home\",\"item\":\"https:\/\/eljardinderosas.cl\/inicio\/\"},{\"@type\":\"ListItem\",\"position\":2,\"name\":\"Tienda\",\"item\":\"https:\/\/eljardinderosas.cl\/inicio\/tienda\/\"},{\"@type\":\"ListItem\",\"position\":3,\"name\":\"Florero con 12 rosas rojas y blancas ecuatorianas tallo largo\"}]}]}<\/script>\n<!-- \/ Yoast SEO Premium plugin. -->","yoast_head_json":{"title":"Florero con 12 rosas rojas y blancas ecuatorianas tallo largo - El Jardin de Rosas","robots":{"index":"index","follow":"follow","max-snippet":"max-snippet:-1","max-image-preview":"max-image-preview:large","max-video-preview":"max-video-preview:-1"},"canonical":"https:\/\/eljardinderosas.cl\/inicio\/tienda\/arreglos-florales\/rosas\/florero-con-12-rosas-rojas-y-blancas-ecuatorianas-tallo-largo\/","og_locale":"es_ES","og_type":"article","og_title":"Florero con 12 rosas rojas y blancas ecuatorianas tallo largo","og_description":"El D\u00eda de la mam\u00e1 es el d\u00eda mas importante para mostrarle a tu mam\u00e1, todo el amor , cari\u00f1o y dar las gracias por lo maravillosa persona que te dio la vida , que te ayuda en cada momento sorpr\u00e9ndela ese 12 de mayo d\u00eda de la madre con este maravilloso\u00a0 arreglo floral esp\u00e9sale [...]","og_url":"https:\/\/eljardinderosas.cl\/inicio\/tienda\/arreglos-florales\/rosas\/florero-con-12-rosas-rojas-y-blancas-ecuatorianas-tallo-largo\/","og_site_name":"El Jardin de Rosas","article_modified_time":"2025-01-27T22:14:28+00:00","og_image":[{"width":600,"height":600,"url":"https:\/\/eljardinderosas.cl\/inicio\/wp-content\/uploads\/2024\/05\/FLORERO-COB-12-ROSAS-ROJAS-Y-BLANCAS.jpg","type":"image\/jpeg"}],"twitter_card":"summary_large_image","twitter_misc":{"Tiempo de lectura":"1 minuto"},"schema":{"@context":"https:\/\/schema.org","@graph":[{"@type":"Organization","@id":"https:\/\/eljardinderosas.cl\/inicio\/#organization","name":"El jardin de las rosas","url":"https:\/\/eljardinderosas.cl\/inicio\/","sameAs":["https:\/\/www.instagram.com\/floreria_eljardinderosas\/"],"logo":{"@type":"ImageObject","@id":"https:\/\/eljardinderosas.cl\/inicio\/#logo","inLanguage":"es","url":"https:\/\/eljardinderosas.cl\/inicio\/wp-content\/uploads\/2020\/10\/eljardinderosas-mail.png","contentUrl":"https:\/\/eljardinderosas.cl\/inicio\/wp-content\/uploads\/2020\/10\/eljardinderosas-mail.png","width":317,"height":97,"caption":"El jardin de las rosas"},"image":{"@id":"https:\/\/eljardinderosas.cl\/inicio\/#logo"}},{"@type":"WebSite","@id":"https:\/\/eljardinderosas.cl\/inicio\/#website","url":"https:\/\/eljardinderosas.cl\/inicio\/","name":"Floreria El jardin de las Rosas","description":"Flores en Santiago","publisher":{"@id":"https:\/\/eljardinderosas.cl\/inicio\/#organization"},"potentialAction":[{"@type":"SearchAction","target":{"@type":"EntryPoint","urlTemplate":"https:\/\/eljardinderosas.cl\/inicio\/?s={search_term_string}"},"query-input":"required name=search_term_string"}],"inLanguage":"es"},{"@type":"ImageObject","@id":"https:\/\/eljardinderosas.cl\/inicio\/tienda\/arreglos-florales\/rosas\/florero-con-12-rosas-rojas-y-blancas-ecuatorianas-tallo-largo\/#primaryimage","inLanguage":"es","url":"https:\/\/eljardinderosas.cl\/inicio\/wp-content\/uploads\/2024\/05\/FLORERO-COB-12-ROSAS-ROJAS-Y-BLANCAS.jpg","contentUrl":"https:\/\/eljardinderosas.cl\/inicio\/wp-content\/uploads\/2024\/05\/FLORERO-COB-12-ROSAS-ROJAS-Y-BLANCAS.jpg","width":600,"height":600},{"@type":"WebPage","@id":"https:\/\/eljardinderosas.cl\/inicio\/tienda\/arreglos-florales\/rosas\/florero-con-12-rosas-rojas-y-blancas-ecuatorianas-tallo-largo\/#webpage","url":"https:\/\/eljardinderosas.cl\/inicio\/tienda\/arreglos-florales\/rosas\/florero-con-12-rosas-rojas-y-blancas-ecuatorianas-tallo-largo\/","name":"Florero con 12 rosas rojas y blancas ecuatorianas tallo largo - El Jardin de Rosas","isPartOf":{"@id":"https:\/\/eljardinderosas.cl\/inicio\/#website"},"primaryImageOfPage":{"@id":"https:\/\/eljardinderosas.cl\/inicio\/tienda\/arreglos-florales\/rosas\/florero-con-12-rosas-rojas-y-blancas-ecuatorianas-tallo-largo\/#primaryimage"},"datePublished":"2024-05-01T04:48:41+00:00","dateModified":"2025-01-27T22:14:28+00:00","breadcrumb":{"@id":"https:\/\/eljardinderosas.cl\/inicio\/tienda\/arreglos-florales\/rosas\/florero-con-12-rosas-rojas-y-blancas-ecuatorianas-tallo-largo\/#breadcrumb"},"inLanguage":"es","potentialAction":[{"@type":"ReadAction","target":["https:\/\/eljardinderosas.cl\/inicio\/tienda\/arreglos-florales\/rosas\/florero-con-12-rosas-rojas-y-blancas-ecuatorianas-tallo-largo\/"]}]},{"@type":"BreadcrumbList","@id":"https:\/\/eljardinderosas.cl\/inicio\/tienda\/arreglos-florales\/rosas\/florero-con-12-rosas-rojas-y-blancas-ecuatorianas-tallo-largo\/#breadcrumb","itemListElement":[{"@type":"ListItem","position":1,"name":"Home","item":"https:\/\/eljardinderosas.cl\/inicio\/"},{"@type":"ListItem","position":2,"name":"Tienda","item":"https:\/\/eljardinderosas.cl\/inicio\/tienda\/"},{"@type":"ListItem","position":3,"name":"Florero con 12 rosas rojas y blancas ecuatorianas tallo largo"}]}]}},"_links":{"self":[{"href":"https:\/\/eljardinderosas.cl\/inicio\/wp-json\/wp\/v2\/product\/17292"}],"collection":[{"href":"https:\/\/eljardinderosas.cl\/inicio\/wp-json\/wp\/v2\/product"}],"about":[{"href":"https:\/\/eljardinderosas.cl\/inicio\/wp-json\/wp\/v2\/types\/product"}],"wp:featuredmedia":[{"embeddable":true,"href":"https:\/\/eljardinderosas.cl\/inicio\/wp-json\/wp\/v2\/media\/17294"}],"wp:attachment":[{"href":"https:\/\/eljardinderosas.cl\/inicio\/wp-json\/wp\/v2\/media?parent=17292"}],"wp:term":[{"taxonomy":"product_cat","embeddable":true,"href":"https:\/\/eljardinderosas.cl\/inicio\/wp-json\/wp\/v2\/product_cat?post=17292"},{"taxonomy":"product_tag","embeddable":true,"href":"https:\/\/eljardinderosas.cl\/inicio\/wp-json\/wp\/v2\/product_tag?post=17292"}],"curies":[{"name":"wp","href":"https:\/\/api.w.org\/{rel}","templated":true}]}}

<ul>
<li>El Día de la mamá es el día mas importante para mostrarle a tu mamá, todo el amor , cariño y dar las gracias por lo maravillosa persona que te dio la vida , que te ayuda en cada momento sorpréndela ese 12 de mayo día de la madre con este maravilloso  arreglo floral espésale todo tu amor ,No dejes pasar esta oportunidad de mostrarle a tu mamá lo especial que es. Haz de este Día de la Madre un día inolvidable lleno de amor y gratitud. ¡Ella se lo merece!</li>
</ul>

<p>El Día de la mamá es el día mas importante para mostrarle a tu mamá, todo el amor , cariño y dar las gracias por lo maravillosa persona que te dio la vida , que te ayuda en cada momento sorpréndela ese 12 de mayo día de la madre con este maravilloso  arreglo floral espésale [&#8230;]

<!-- This site is optimized with the Yoast SEO Premium plugin v17.1.2 (Yoast SEO v17.3) - https://yoast.com/wordpress/plugins/seo/ -->
<title>Florero con 12 rosas rojas y blancas ecuatorianas tallo largo - El Jardin de Rosas</title>
<meta name="robots" content="index, follow, max-snippet:-1, max-image-preview:large, max-video-preview:-1" />
<link rel="canonical" href="https://eljardinderosas.cl/inicio/tienda/arreglos-florales/rosas/florero-con-12-rosas-rojas-y-blancas-ecuatorianas-tallo-largo/" />
<meta property="og:locale" content="es_ES" />
<meta property="og:type" content="article" />
<meta property="og:title" content="Florero con 12 rosas rojas y blancas ecuatorianas tallo largo" />
<meta property="og:description" content="El Día de la mamá es el día mas importante para mostrarle a tu mamá, todo el amor , cariño y dar las gracias por lo maravillosa persona que te dio la vida , que te ayuda en cada momento sorpréndela ese 12 de mayo día de la madre con este maravilloso  arreglo floral espésale [...]" />
<meta property="og:url" content="https://eljardinderosas.cl/inicio/tienda/arreglos-florales/rosas/florero-con-12-rosas-rojas-y-blancas-ecuatorianas-tallo-largo/" />
<meta property="og:site_name" content="El Jardin de Rosas" />
<meta property="article:modified_time" content="2025-01-27T22:14:28+00:00" />
<meta property="og:image" content="https://eljardinderosas.cl/inicio/wp-content/uploads/2024/05/FLORERO-COB-12-ROSAS-ROJAS-Y-BLANCAS.jpg" />
	<meta property="og:image:width" content="600" />
	<meta property="og:image:height" content="600" />
<meta name="twitter:card" content="summary_large_image" />
<meta name="twitter:label1" content="Tiempo de lectura" />
	<meta name="twitter:data1" content="1 minuto" />
<script type="application/ld+json" class="yoast-schema-graph">{"@context":"https://schema.org","@graph":[{"@type":"Organization","@id":"https://eljardinderosas.cl/inicio/#organization","name":"El jardin de las rosas","url":"https://eljardinderosas.cl/inicio/","sameAs":["https://www.instagram.com/floreria_eljardinderosas/"],"logo":{"@type":"ImageObject","@id":"https://eljardinderosas.cl/inicio/#logo","inLanguage":"es","url":"https://eljardinderosas.cl/inicio/wp-content/uploads/2020/10/eljardinderosas-mail.png","contentUrl":"https://eljardinderosas.cl/inicio/wp-content/uploads/2020/10/eljardinderosas-mail.png","width":317,"height":97,"caption":"El jardin de las rosas"},"image":{"@id":"https://eljardinderosas.cl/inicio/#logo"}},{"@type":"WebSite","@id":"https://eljardinderosas.cl/inicio/#website","url":"https://eljardinderosas.cl/inicio/","name":"Floreria El jardin de las Rosas","description":"Flores en Santiago","publisher":{"@id":"https://eljardinderosas.cl/inicio/#organization"},"potentialAction":[{"@type":"SearchAction","target":{"@type":"EntryPoint","urlTemplate":"https://eljardinderosas.cl/inicio/?s={search_term_string}"},"query-input":"required name=search_term_string"}],"inLanguage":"es"},{"@type":"ImageObject","@id":"https://eljardinderosas.cl/inicio/tienda/arreglos-florales/rosas/florero-con-12-rosas-rojas-y-blancas-ecuatorianas-tallo-largo/#primaryimage","inLanguage":"es","url":"https://eljardinderosas.cl/inicio/wp-content/uploads/2024/05/FLORERO-COB-12-ROSAS-ROJAS-Y-BLANCAS.jpg","contentUrl":"https://eljardinderosas.cl/inicio/wp-content/uploads/2024/05/FLORERO-COB-12-ROSAS-ROJAS-Y-BLANCAS.jpg","width":600,"height":600},{"@type":"WebPage","@id":"https://eljardinderosas.cl/inicio/tienda/arreglos-florales/rosas/florero-con-12-rosas-rojas-y-blancas-ecuatorianas-tallo-largo/#webpage","url":"https://eljardinderosas.cl/inicio/tienda/arreglos-florales/rosas/florero-con-12-rosas-rojas-y-blancas-ecuatorianas-tallo-largo/","name":"Florero con 12 rosas rojas y blancas ecuatorianas tallo largo - El Jardin de Rosas","isPartOf":{"@id":"https://eljardinderosas.cl/inicio/#website"},"primaryImageOfPage":{"@id":"https://eljardinderosas.cl/inicio/tienda/arreglos-florales/rosas/florero-con-12-rosas-rojas-y-blancas-ecuatorianas-tallo-largo/#primaryimage"},"datePublished":"2024-05-01T04:48:41+00:00","dateModified":"2025-01-27T22:14:28+00:00","breadcrumb":{"@id":"https://eljardinderosas.cl/inicio/tienda/arreglos-florales/rosas/florero-con-12-rosas-rojas-y-blancas-ecuatorianas-tallo-largo/#breadcrumb"},"inLanguage":"es","potentialAction":[{"@type":"ReadAction","target":["https://eljardinderosas.cl/inicio/tienda/arreglos-florales/rosas/florero-con-12-rosas-rojas-y-blancas-ecuatorianas-tallo-largo/"]}]},{"@type":"BreadcrumbList","@id":"https://eljardinderosas.cl/inicio/tienda/arreglos-florales/rosas/florero-con-12-rosas-rojas-y-blancas-ecuatorianas-tallo-largo/#breadcrumb","itemListElement":[{"@type":"ListItem","position":1,"name":"Home","item":"https://eljardinderosas.cl/inicio/"},{"@type":"ListItem","position":2,"name":"Tienda","item":"https://eljardinderosas.cl/inicio/tienda/"},{"@type":"ListItem","position":3,"name":"Florero con 12 rosas rojas y blancas ecuatorianas tallo largo"}]}]}</script>
<!-- / Yoast SEO Premium plugin. -->

El Día de la mamá es el día mas importante para mostrarle a tu mamá, todo el amor , cariño y dar las gracias por lo maravillosa persona que te dio la vida , que te ayuda en cada momento sorpréndela ese 12 de mayo día de la madre con este maravilloso  arreglo floral espésale [...]
