{"id":17971,"date":"2024-11-30T17:47:01","date_gmt":"2024-11-30T20:47:01","guid":{"rendered":"https:\/\/eljardinderosas.cl\/inicio\/?post_type=product&#038;p=17971"},"modified":"2026-05-08T18:52:26","modified_gmt":"2026-05-08T22:52:26","slug":"ramo-de-primaveral-con-gerberas-lilium-y-rosas-rosadas-tallo-largo","status":"publish","type":"product","link":"https:\/\/eljardinderosas.cl\/inicio\/tienda\/arreglos-florales\/rosas\/ramo-de-primaveral-con-gerberas-lilium-y-rosas-rosadas-tallo-largo\/","title":{"rendered":"Ramo de primaveral con gerberas lilium y rosas rosadas tallo largo"},"content":{"rendered":"<p>Maravilloso y encantador ramo primaveral con gerberas, lilium e y rosas en tonos rosados incluye bellas flores como rayos de luz blancas que hacer mas armonioso el ramo  combina la elegancia de las rosas rosadas con la frescura de las gerberas y la sofisticaci\u00f3n de los lilium, todos en suaves tonos rosados. Ideal para expresar amor, gratitud o simplemente para alegrar el d\u00eda de alguien especial, nuestros arreglos florales y regalos especiales para el D\u00eda de la Secretaria en la Reconoce su dedicaci\u00f3n con creaciones \u00fanicas que expresan gratitud y aprecio. Encuentra el regalo perfecto para hacerlas sentir especiales. Cumplea\u00f1os, aniversarios o como un gesto inesperado, este ramo es un regalo que seguramente dejar\u00e1 una impresi\u00f3n duradera. \u00a1Deja que este hermoso arreglo hable por ti!<\/p>\n","protected":false},"excerpt":{"rendered":"<p>Este ramo es un regalo que seguramente dejar\u00e1 una impresi\u00f3n duradera. \u00a1Deja que este hermoso arreglo hable por ti!<\/p>\n","protected":false},"featured_media":19698,"template":"","meta":[],"product_cat":[93,198,94,84],"product_tag":[],"yoast_head":"<!-- This site is optimized with the Yoast SEO Premium plugin v17.1.2 (Yoast SEO v17.3) - https:\/\/yoast.com\/wordpress\/plugins\/seo\/ -->\n<title>Ramo de primaveral con gerberas lilium y rosas rosadas tallo largo - El Jardin de Rosas<\/title>\n<meta name=\"robots\" content=\"index, follow, max-snippet:-1, max-image-preview:large, max-video-preview:-1\" \/>\n<link rel=\"canonical\" href=\"https:\/\/eljardinderosas.cl\/inicio\/tienda\/arreglos-florales\/rosas\/ramo-de-primaveral-con-gerberas-lilium-y-rosas-rosadas-tallo-largo\/\" \/>\n<meta property=\"og:locale\" content=\"es_ES\" \/>\n<meta property=\"og:type\" content=\"article\" \/>\n<meta property=\"og:title\" content=\"Ramo de primaveral con gerberas lilium y rosas rosadas tallo largo\" \/>\n<meta property=\"og:description\" content=\"Este ramo es un regalo que seguramente dejar\u00e1 una impresi\u00f3n duradera. \u00a1Deja que este hermoso arreglo hable por ti!\" \/>\n<meta property=\"og:url\" content=\"https:\/\/eljardinderosas.cl\/inicio\/tienda\/arreglos-florales\/rosas\/ramo-de-primaveral-con-gerberas-lilium-y-rosas-rosadas-tallo-largo\/\" \/>\n<meta property=\"og:site_name\" content=\"El Jardin de Rosas\" \/>\n<meta property=\"article:modified_time\" content=\"2026-05-08T22:52:26+00:00\" \/>\n<meta name=\"twitter:card\" content=\"summary_large_image\" \/>\n<meta name=\"twitter:image\" content=\"https:\/\/eljardinderosas.cl\/inicio\/wp-content\/uploads\/2024\/11\/RAMO-CON-GERBERAS-LILIUM-Y-ROSAS-ROSADAS-1-1.webp\" \/>\n<meta name=\"twitter:label1\" content=\"Tiempo de lectura\" \/>\n\t<meta name=\"twitter:data1\" content=\"1 minuto\" \/>\n<script type=\"application\/ld+json\" class=\"yoast-schema-graph\">{\"@context\":\"https:\/\/schema.org\",\"@graph\":[{\"@type\":\"Organization\",\"@id\":\"https:\/\/eljardinderosas.cl\/inicio\/#organization\",\"name\":\"El jardin de las rosas\",\"url\":\"https:\/\/eljardinderosas.cl\/inicio\/\",\"sameAs\":[\"https:\/\/www.instagram.com\/floreria_eljardinderosas\/\"],\"logo\":{\"@type\":\"ImageObject\",\"@id\":\"https:\/\/eljardinderosas.cl\/inicio\/#logo\",\"inLanguage\":\"es\",\"url\":\"https:\/\/eljardinderosas.cl\/inicio\/wp-content\/uploads\/2020\/10\/eljardinderosas-mail.png\",\"contentUrl\":\"https:\/\/eljardinderosas.cl\/inicio\/wp-content\/uploads\/2020\/10\/eljardinderosas-mail.png\",\"width\":317,\"height\":97,\"caption\":\"El jardin de las rosas\"},\"image\":{\"@id\":\"https:\/\/eljardinderosas.cl\/inicio\/#logo\"}},{\"@type\":\"WebSite\",\"@id\":\"https:\/\/eljardinderosas.cl\/inicio\/#website\",\"url\":\"https:\/\/eljardinderosas.cl\/inicio\/\",\"name\":\"Floreria El jardin de las Rosas\",\"description\":\"Flores en Santiago\",\"publisher\":{\"@id\":\"https:\/\/eljardinderosas.cl\/inicio\/#organization\"},\"potentialAction\":[{\"@type\":\"SearchAction\",\"target\":{\"@type\":\"EntryPoint\",\"urlTemplate\":\"https:\/\/eljardinderosas.cl\/inicio\/?s={search_term_string}\"},\"query-input\":\"required name=search_term_string\"}],\"inLanguage\":\"es\"},{\"@type\":\"ImageObject\",\"@id\":\"https:\/\/eljardinderosas.cl\/inicio\/tienda\/arreglos-florales\/rosas\/ramo-de-primaveral-con-gerberas-lilium-y-rosas-rosadas-tallo-largo\/#primaryimage\",\"inLanguage\":\"es\",\"url\":\"https:\/\/eljardinderosas.cl\/inicio\/wp-content\/uploads\/2024\/11\/RAMO-CON-GERBERAS-LILIUM-Y-ROSAS-ROSADAS-1-1.webp\",\"contentUrl\":\"https:\/\/eljardinderosas.cl\/inicio\/wp-content\/uploads\/2024\/11\/RAMO-CON-GERBERAS-LILIUM-Y-ROSAS-ROSADAS-1-1.webp\",\"width\":600,\"height\":600},{\"@type\":\"WebPage\",\"@id\":\"https:\/\/eljardinderosas.cl\/inicio\/tienda\/arreglos-florales\/rosas\/ramo-de-primaveral-con-gerberas-lilium-y-rosas-rosadas-tallo-largo\/#webpage\",\"url\":\"https:\/\/eljardinderosas.cl\/inicio\/tienda\/arreglos-florales\/rosas\/ramo-de-primaveral-con-gerberas-lilium-y-rosas-rosadas-tallo-largo\/\",\"name\":\"Ramo de primaveral con gerberas lilium y rosas rosadas tallo largo - El Jardin de Rosas\",\"isPartOf\":{\"@id\":\"https:\/\/eljardinderosas.cl\/inicio\/#website\"},\"primaryImageOfPage\":{\"@id\":\"https:\/\/eljardinderosas.cl\/inicio\/tienda\/arreglos-florales\/rosas\/ramo-de-primaveral-con-gerberas-lilium-y-rosas-rosadas-tallo-largo\/#primaryimage\"},\"datePublished\":\"2024-11-30T20:47:01+00:00\",\"dateModified\":\"2026-05-08T22:52:26+00:00\",\"breadcrumb\":{\"@id\":\"https:\/\/eljardinderosas.cl\/inicio\/tienda\/arreglos-florales\/rosas\/ramo-de-primaveral-con-gerberas-lilium-y-rosas-rosadas-tallo-largo\/#breadcrumb\"},\"inLanguage\":\"es\",\"potentialAction\":[{\"@type\":\"ReadAction\",\"target\":[\"https:\/\/eljardinderosas.cl\/inicio\/tienda\/arreglos-florales\/rosas\/ramo-de-primaveral-con-gerberas-lilium-y-rosas-rosadas-tallo-largo\/\"]}]},{\"@type\":\"BreadcrumbList\",\"@id\":\"https:\/\/eljardinderosas.cl\/inicio\/tienda\/arreglos-florales\/rosas\/ramo-de-primaveral-con-gerberas-lilium-y-rosas-rosadas-tallo-largo\/#breadcrumb\",\"itemListElement\":[{\"@type\":\"ListItem\",\"position\":1,\"name\":\"Home\",\"item\":\"https:\/\/eljardinderosas.cl\/inicio\/\"},{\"@type\":\"ListItem\",\"position\":2,\"name\":\"Tienda\",\"item\":\"https:\/\/eljardinderosas.cl\/inicio\/tienda\/\"},{\"@type\":\"ListItem\",\"position\":3,\"name\":\"Ramo de primaveral con gerberas lilium y rosas rosadas tallo largo\"}]}]}<\/script>\n<!-- \/ Yoast SEO Premium plugin. -->","yoast_head_json":{"title":"Ramo de primaveral con gerberas lilium y rosas rosadas tallo largo - El Jardin de Rosas","robots":{"index":"index","follow":"follow","max-snippet":"max-snippet:-1","max-image-preview":"max-image-preview:large","max-video-preview":"max-video-preview:-1"},"canonical":"https:\/\/eljardinderosas.cl\/inicio\/tienda\/arreglos-florales\/rosas\/ramo-de-primaveral-con-gerberas-lilium-y-rosas-rosadas-tallo-largo\/","og_locale":"es_ES","og_type":"article","og_title":"Ramo de primaveral con gerberas lilium y rosas rosadas tallo largo","og_description":"Este ramo es un regalo que seguramente dejar\u00e1 una impresi\u00f3n duradera. \u00a1Deja que este hermoso arreglo hable por ti!","og_url":"https:\/\/eljardinderosas.cl\/inicio\/tienda\/arreglos-florales\/rosas\/ramo-de-primaveral-con-gerberas-lilium-y-rosas-rosadas-tallo-largo\/","og_site_name":"El Jardin de Rosas","article_modified_time":"2026-05-08T22:52:26+00:00","twitter_card":"summary_large_image","twitter_image":"https:\/\/eljardinderosas.cl\/inicio\/wp-content\/uploads\/2024\/11\/RAMO-CON-GERBERAS-LILIUM-Y-ROSAS-ROSADAS-1-1.webp","twitter_misc":{"Tiempo de lectura":"1 minuto"},"schema":{"@context":"https:\/\/schema.org","@graph":[{"@type":"Organization","@id":"https:\/\/eljardinderosas.cl\/inicio\/#organization","name":"El jardin de las rosas","url":"https:\/\/eljardinderosas.cl\/inicio\/","sameAs":["https:\/\/www.instagram.com\/floreria_eljardinderosas\/"],"logo":{"@type":"ImageObject","@id":"https:\/\/eljardinderosas.cl\/inicio\/#logo","inLanguage":"es","url":"https:\/\/eljardinderosas.cl\/inicio\/wp-content\/uploads\/2020\/10\/eljardinderosas-mail.png","contentUrl":"https:\/\/eljardinderosas.cl\/inicio\/wp-content\/uploads\/2020\/10\/eljardinderosas-mail.png","width":317,"height":97,"caption":"El jardin de las rosas"},"image":{"@id":"https:\/\/eljardinderosas.cl\/inicio\/#logo"}},{"@type":"WebSite","@id":"https:\/\/eljardinderosas.cl\/inicio\/#website","url":"https:\/\/eljardinderosas.cl\/inicio\/","name":"Floreria El jardin de las Rosas","description":"Flores en Santiago","publisher":{"@id":"https:\/\/eljardinderosas.cl\/inicio\/#organization"},"potentialAction":[{"@type":"SearchAction","target":{"@type":"EntryPoint","urlTemplate":"https:\/\/eljardinderosas.cl\/inicio\/?s={search_term_string}"},"query-input":"required name=search_term_string"}],"inLanguage":"es"},{"@type":"ImageObject","@id":"https:\/\/eljardinderosas.cl\/inicio\/tienda\/arreglos-florales\/rosas\/ramo-de-primaveral-con-gerberas-lilium-y-rosas-rosadas-tallo-largo\/#primaryimage","inLanguage":"es","url":"https:\/\/eljardinderosas.cl\/inicio\/wp-content\/uploads\/2024\/11\/RAMO-CON-GERBERAS-LILIUM-Y-ROSAS-ROSADAS-1-1.webp","contentUrl":"https:\/\/eljardinderosas.cl\/inicio\/wp-content\/uploads\/2024\/11\/RAMO-CON-GERBERAS-LILIUM-Y-ROSAS-ROSADAS-1-1.webp","width":600,"height":600},{"@type":"WebPage","@id":"https:\/\/eljardinderosas.cl\/inicio\/tienda\/arreglos-florales\/rosas\/ramo-de-primaveral-con-gerberas-lilium-y-rosas-rosadas-tallo-largo\/#webpage","url":"https:\/\/eljardinderosas.cl\/inicio\/tienda\/arreglos-florales\/rosas\/ramo-de-primaveral-con-gerberas-lilium-y-rosas-rosadas-tallo-largo\/","name":"Ramo de primaveral con gerberas lilium y rosas rosadas tallo largo - El Jardin de Rosas","isPartOf":{"@id":"https:\/\/eljardinderosas.cl\/inicio\/#website"},"primaryImageOfPage":{"@id":"https:\/\/eljardinderosas.cl\/inicio\/tienda\/arreglos-florales\/rosas\/ramo-de-primaveral-con-gerberas-lilium-y-rosas-rosadas-tallo-largo\/#primaryimage"},"datePublished":"2024-11-30T20:47:01+00:00","dateModified":"2026-05-08T22:52:26+00:00","breadcrumb":{"@id":"https:\/\/eljardinderosas.cl\/inicio\/tienda\/arreglos-florales\/rosas\/ramo-de-primaveral-con-gerberas-lilium-y-rosas-rosadas-tallo-largo\/#breadcrumb"},"inLanguage":"es","potentialAction":[{"@type":"ReadAction","target":["https:\/\/eljardinderosas.cl\/inicio\/tienda\/arreglos-florales\/rosas\/ramo-de-primaveral-con-gerberas-lilium-y-rosas-rosadas-tallo-largo\/"]}]},{"@type":"BreadcrumbList","@id":"https:\/\/eljardinderosas.cl\/inicio\/tienda\/arreglos-florales\/rosas\/ramo-de-primaveral-con-gerberas-lilium-y-rosas-rosadas-tallo-largo\/#breadcrumb","itemListElement":[{"@type":"ListItem","position":1,"name":"Home","item":"https:\/\/eljardinderosas.cl\/inicio\/"},{"@type":"ListItem","position":2,"name":"Tienda","item":"https:\/\/eljardinderosas.cl\/inicio\/tienda\/"},{"@type":"ListItem","position":3,"name":"Ramo de primaveral con gerberas lilium y rosas rosadas tallo largo"}]}]}},"_links":{"self":[{"href":"https:\/\/eljardinderosas.cl\/inicio\/wp-json\/wp\/v2\/product\/17971"}],"collection":[{"href":"https:\/\/eljardinderosas.cl\/inicio\/wp-json\/wp\/v2\/product"}],"about":[{"href":"https:\/\/eljardinderosas.cl\/inicio\/wp-json\/wp\/v2\/types\/product"}],"wp:featuredmedia":[{"embeddable":true,"href":"https:\/\/eljardinderosas.cl\/inicio\/wp-json\/wp\/v2\/media\/19698"}],"wp:attachment":[{"href":"https:\/\/eljardinderosas.cl\/inicio\/wp-json\/wp\/v2\/media?parent=17971"}],"wp:term":[{"taxonomy":"product_cat","embeddable":true,"href":"https:\/\/eljardinderosas.cl\/inicio\/wp-json\/wp\/v2\/product_cat?post=17971"},{"taxonomy":"product_tag","embeddable":true,"href":"https:\/\/eljardinderosas.cl\/inicio\/wp-json\/wp\/v2\/product_tag?post=17971"}],"curies":[{"name":"wp","href":"https:\/\/api.w.org\/{rel}","templated":true}]}}