{"id":458,"date":"2020-10-04T23:45:06","date_gmt":"2020-10-04T23:45:06","guid":{"rendered":"https:\/\/eljardinderosas.cl\/inicio\/?post_type=product&#038;p=458"},"modified":"2025-05-01T22:13:09","modified_gmt":"2025-05-02T02:13:09","slug":"caja-redonda-con-25-rosas-rosadas-ecuatorianas","status":"publish","type":"product","link":"https:\/\/eljardinderosas.cl\/inicio\/tienda\/arreglos-florales\/rosas\/caja-redonda-con-25-rosas-rosadas-ecuatorianas\/","title":{"rendered":"Caja redonda con 25 rosas rosadas ecuatorianas"},"content":{"rendered":"<ul>\n<li>Celebra a mam\u00e1 con este hermoso Sum\u00e9rgete en un mundo de elegancia y deleite con este impresionante arreglo floral en un magn\u00edfico box. Con 25 rosas\u00a0 rosadas , este arreglo evoca amor , dulzura y cari\u00f1o hacia tu mam\u00e1 , sorpr\u00e9ndela este 10 y 12 mayo con este maravilloso box con 25 bellas rosas rosadas Un detalle tan hermoso que siempre quedar\u00e1 grabado en su memoria, record\u00e1ndole el amor y aprecio que le tienes. No esperes m\u00e1s, regala un pedacito de felicidad. Piensa en la sonrisa en el rostro de tu mam\u00e1 al recibir este incre\u00edble arreglo de rosas rosadas\u00a0 \u00a1No esperes m\u00e1s y haz tu pedido ahora mismo!\u00a0 Te garantizamos que este dejar\u00e1 huella en el corazon de tu madre.<\/li>\n<\/ul>\n","protected":false},"excerpt":{"rendered":"<p>14 de febrero en San valentin\ud83d\ude0d llega a su coraz\u00f3n\u2764\ufe0f con flores de florer\u00eda<br \/>\nEl Jard\u00edn de Rosas\ud83c\udf39\u00a1Celebra y Descubre ramos \u00fanicos y ofertas especiales que alegrar\u00e1n su d\u00eda. \u00a1Haz tu pedido hoy y sorpr\u00e9ndela con un detalle inolvidable!<\/p>\n","protected":false},"featured_media":14726,"template":"","meta":[],"product_cat":[96,144,93,71,84,97],"product_tag":[],"yoast_head":"<!-- This site is optimized with the Yoast SEO Premium plugin v17.1.2 (Yoast SEO v17.3) - https:\/\/yoast.com\/wordpress\/plugins\/seo\/ -->\n<title>Caja redonda con 25 rosas rosadas ecuatorianas - El Jardin de Rosas<\/title>\n<meta name=\"description\" content=\"Florero con 20 Tulipanes Amarillos y Blancos Eljardinderosas\" \/>\n<meta name=\"robots\" content=\"index, follow, max-snippet:-1, max-image-preview:large, max-video-preview:-1\" \/>\n<link rel=\"canonical\" href=\"https:\/\/eljardinderosas.cl\/inicio\/tienda\/arreglos-florales\/rosas\/caja-redonda-con-25-rosas-rosadas-ecuatorianas\/\" \/>\n<meta property=\"og:locale\" content=\"es_ES\" \/>\n<meta property=\"og:type\" content=\"article\" \/>\n<meta property=\"og:title\" content=\"Caja redonda con 25 rosas rosadas ecuatorianas\" \/>\n<meta property=\"og:description\" content=\"Florero con 20 Tulipanes Amarillos y Blancos Eljardinderosas\" \/>\n<meta property=\"og:url\" content=\"https:\/\/eljardinderosas.cl\/inicio\/tienda\/arreglos-florales\/rosas\/caja-redonda-con-25-rosas-rosadas-ecuatorianas\/\" \/>\n<meta property=\"og:site_name\" content=\"El Jardin de Rosas\" \/>\n<meta property=\"article:modified_time\" content=\"2025-05-02T02:13:09+00:00\" \/>\n<meta property=\"og:image\" content=\"https:\/\/eljardinderosas.cl\/inicio\/wp-content\/uploads\/2020\/10\/CAJA-NEGRA-CON-25-ROSAS-ROSADAS.jpg\" \/>\n\t<meta property=\"og:image:width\" content=\"580\" \/>\n\t<meta property=\"og:image:height\" content=\"597\" \/>\n<meta name=\"twitter:card\" content=\"summary_large_image\" \/>\n<meta name=\"twitter:label1\" content=\"Tiempo de lectura\" \/>\n\t<meta name=\"twitter:data1\" content=\"1 minuto\" \/>\n<script type=\"application\/ld+json\" class=\"yoast-schema-graph\">{\"@context\":\"https:\/\/schema.org\",\"@graph\":[{\"@type\":\"Organization\",\"@id\":\"https:\/\/eljardinderosas.cl\/inicio\/#organization\",\"name\":\"El jardin de las rosas\",\"url\":\"https:\/\/eljardinderosas.cl\/inicio\/\",\"sameAs\":[\"https:\/\/www.instagram.com\/floreria_eljardinderosas\/\"],\"logo\":{\"@type\":\"ImageObject\",\"@id\":\"https:\/\/eljardinderosas.cl\/inicio\/#logo\",\"inLanguage\":\"es\",\"url\":\"https:\/\/eljardinderosas.cl\/inicio\/wp-content\/uploads\/2020\/10\/eljardinderosas-mail.png\",\"contentUrl\":\"https:\/\/eljardinderosas.cl\/inicio\/wp-content\/uploads\/2020\/10\/eljardinderosas-mail.png\",\"width\":317,\"height\":97,\"caption\":\"El jardin de las rosas\"},\"image\":{\"@id\":\"https:\/\/eljardinderosas.cl\/inicio\/#logo\"}},{\"@type\":\"WebSite\",\"@id\":\"https:\/\/eljardinderosas.cl\/inicio\/#website\",\"url\":\"https:\/\/eljardinderosas.cl\/inicio\/\",\"name\":\"Floreria El jardin de las Rosas\",\"description\":\"Flores en Santiago\",\"publisher\":{\"@id\":\"https:\/\/eljardinderosas.cl\/inicio\/#organization\"},\"potentialAction\":[{\"@type\":\"SearchAction\",\"target\":{\"@type\":\"EntryPoint\",\"urlTemplate\":\"https:\/\/eljardinderosas.cl\/inicio\/?s={search_term_string}\"},\"query-input\":\"required name=search_term_string\"}],\"inLanguage\":\"es\"},{\"@type\":\"ImageObject\",\"@id\":\"https:\/\/eljardinderosas.cl\/inicio\/tienda\/arreglos-florales\/rosas\/caja-redonda-con-25-rosas-rosadas-ecuatorianas\/#primaryimage\",\"inLanguage\":\"es\",\"url\":\"https:\/\/eljardinderosas.cl\/inicio\/wp-content\/uploads\/2020\/10\/CAJA-NEGRA-CON-25-ROSAS-ROSADAS.jpg\",\"contentUrl\":\"https:\/\/eljardinderosas.cl\/inicio\/wp-content\/uploads\/2020\/10\/CAJA-NEGRA-CON-25-ROSAS-ROSADAS.jpg\",\"width\":580,\"height\":597},{\"@type\":\"WebPage\",\"@id\":\"https:\/\/eljardinderosas.cl\/inicio\/tienda\/arreglos-florales\/rosas\/caja-redonda-con-25-rosas-rosadas-ecuatorianas\/#webpage\",\"url\":\"https:\/\/eljardinderosas.cl\/inicio\/tienda\/arreglos-florales\/rosas\/caja-redonda-con-25-rosas-rosadas-ecuatorianas\/\",\"name\":\"Caja redonda con 25 rosas rosadas ecuatorianas - El Jardin de Rosas\",\"isPartOf\":{\"@id\":\"https:\/\/eljardinderosas.cl\/inicio\/#website\"},\"primaryImageOfPage\":{\"@id\":\"https:\/\/eljardinderosas.cl\/inicio\/tienda\/arreglos-florales\/rosas\/caja-redonda-con-25-rosas-rosadas-ecuatorianas\/#primaryimage\"},\"datePublished\":\"2020-10-04T23:45:06+00:00\",\"dateModified\":\"2025-05-02T02:13:09+00:00\",\"description\":\"Florero con 20 Tulipanes Amarillos y Blancos Eljardinderosas\",\"breadcrumb\":{\"@id\":\"https:\/\/eljardinderosas.cl\/inicio\/tienda\/arreglos-florales\/rosas\/caja-redonda-con-25-rosas-rosadas-ecuatorianas\/#breadcrumb\"},\"inLanguage\":\"es\",\"potentialAction\":[{\"@type\":\"ReadAction\",\"target\":[\"https:\/\/eljardinderosas.cl\/inicio\/tienda\/arreglos-florales\/rosas\/caja-redonda-con-25-rosas-rosadas-ecuatorianas\/\"]}]},{\"@type\":\"BreadcrumbList\",\"@id\":\"https:\/\/eljardinderosas.cl\/inicio\/tienda\/arreglos-florales\/rosas\/caja-redonda-con-25-rosas-rosadas-ecuatorianas\/#breadcrumb\",\"itemListElement\":[{\"@type\":\"ListItem\",\"position\":1,\"name\":\"Home\",\"item\":\"https:\/\/eljardinderosas.cl\/inicio\/\"},{\"@type\":\"ListItem\",\"position\":2,\"name\":\"Tienda\",\"item\":\"https:\/\/eljardinderosas.cl\/inicio\/tienda\/\"},{\"@type\":\"ListItem\",\"position\":3,\"name\":\"Caja redonda con 25 rosas rosadas ecuatorianas\"}]}]}<\/script>\n<!-- \/ Yoast SEO Premium plugin. -->","yoast_head_json":{"title":"Caja redonda con 25 rosas rosadas ecuatorianas - El Jardin de Rosas","description":"Florero con 20 Tulipanes Amarillos y Blancos Eljardinderosas","robots":{"index":"index","follow":"follow","max-snippet":"max-snippet:-1","max-image-preview":"max-image-preview:large","max-video-preview":"max-video-preview:-1"},"canonical":"https:\/\/eljardinderosas.cl\/inicio\/tienda\/arreglos-florales\/rosas\/caja-redonda-con-25-rosas-rosadas-ecuatorianas\/","og_locale":"es_ES","og_type":"article","og_title":"Caja redonda con 25 rosas rosadas ecuatorianas","og_description":"Florero con 20 Tulipanes Amarillos y Blancos Eljardinderosas","og_url":"https:\/\/eljardinderosas.cl\/inicio\/tienda\/arreglos-florales\/rosas\/caja-redonda-con-25-rosas-rosadas-ecuatorianas\/","og_site_name":"El Jardin de Rosas","article_modified_time":"2025-05-02T02:13:09+00:00","og_image":[{"width":580,"height":597,"url":"https:\/\/eljardinderosas.cl\/inicio\/wp-content\/uploads\/2020\/10\/CAJA-NEGRA-CON-25-ROSAS-ROSADAS.jpg","type":"image\/jpeg"}],"twitter_card":"summary_large_image","twitter_misc":{"Tiempo de lectura":"1 minuto"},"schema":{"@context":"https:\/\/schema.org","@graph":[{"@type":"Organization","@id":"https:\/\/eljardinderosas.cl\/inicio\/#organization","name":"El jardin de las rosas","url":"https:\/\/eljardinderosas.cl\/inicio\/","sameAs":["https:\/\/www.instagram.com\/floreria_eljardinderosas\/"],"logo":{"@type":"ImageObject","@id":"https:\/\/eljardinderosas.cl\/inicio\/#logo","inLanguage":"es","url":"https:\/\/eljardinderosas.cl\/inicio\/wp-content\/uploads\/2020\/10\/eljardinderosas-mail.png","contentUrl":"https:\/\/eljardinderosas.cl\/inicio\/wp-content\/uploads\/2020\/10\/eljardinderosas-mail.png","width":317,"height":97,"caption":"El jardin de las rosas"},"image":{"@id":"https:\/\/eljardinderosas.cl\/inicio\/#logo"}},{"@type":"WebSite","@id":"https:\/\/eljardinderosas.cl\/inicio\/#website","url":"https:\/\/eljardinderosas.cl\/inicio\/","name":"Floreria El jardin de las Rosas","description":"Flores en Santiago","publisher":{"@id":"https:\/\/eljardinderosas.cl\/inicio\/#organization"},"potentialAction":[{"@type":"SearchAction","target":{"@type":"EntryPoint","urlTemplate":"https:\/\/eljardinderosas.cl\/inicio\/?s={search_term_string}"},"query-input":"required name=search_term_string"}],"inLanguage":"es"},{"@type":"ImageObject","@id":"https:\/\/eljardinderosas.cl\/inicio\/tienda\/arreglos-florales\/rosas\/caja-redonda-con-25-rosas-rosadas-ecuatorianas\/#primaryimage","inLanguage":"es","url":"https:\/\/eljardinderosas.cl\/inicio\/wp-content\/uploads\/2020\/10\/CAJA-NEGRA-CON-25-ROSAS-ROSADAS.jpg","contentUrl":"https:\/\/eljardinderosas.cl\/inicio\/wp-content\/uploads\/2020\/10\/CAJA-NEGRA-CON-25-ROSAS-ROSADAS.jpg","width":580,"height":597},{"@type":"WebPage","@id":"https:\/\/eljardinderosas.cl\/inicio\/tienda\/arreglos-florales\/rosas\/caja-redonda-con-25-rosas-rosadas-ecuatorianas\/#webpage","url":"https:\/\/eljardinderosas.cl\/inicio\/tienda\/arreglos-florales\/rosas\/caja-redonda-con-25-rosas-rosadas-ecuatorianas\/","name":"Caja redonda con 25 rosas rosadas ecuatorianas - El Jardin de Rosas","isPartOf":{"@id":"https:\/\/eljardinderosas.cl\/inicio\/#website"},"primaryImageOfPage":{"@id":"https:\/\/eljardinderosas.cl\/inicio\/tienda\/arreglos-florales\/rosas\/caja-redonda-con-25-rosas-rosadas-ecuatorianas\/#primaryimage"},"datePublished":"2020-10-04T23:45:06+00:00","dateModified":"2025-05-02T02:13:09+00:00","description":"Florero con 20 Tulipanes Amarillos y Blancos Eljardinderosas","breadcrumb":{"@id":"https:\/\/eljardinderosas.cl\/inicio\/tienda\/arreglos-florales\/rosas\/caja-redonda-con-25-rosas-rosadas-ecuatorianas\/#breadcrumb"},"inLanguage":"es","potentialAction":[{"@type":"ReadAction","target":["https:\/\/eljardinderosas.cl\/inicio\/tienda\/arreglos-florales\/rosas\/caja-redonda-con-25-rosas-rosadas-ecuatorianas\/"]}]},{"@type":"BreadcrumbList","@id":"https:\/\/eljardinderosas.cl\/inicio\/tienda\/arreglos-florales\/rosas\/caja-redonda-con-25-rosas-rosadas-ecuatorianas\/#breadcrumb","itemListElement":[{"@type":"ListItem","position":1,"name":"Home","item":"https:\/\/eljardinderosas.cl\/inicio\/"},{"@type":"ListItem","position":2,"name":"Tienda","item":"https:\/\/eljardinderosas.cl\/inicio\/tienda\/"},{"@type":"ListItem","position":3,"name":"Caja redonda con 25 rosas rosadas ecuatorianas"}]}]}},"_links":{"self":[{"href":"https:\/\/eljardinderosas.cl\/inicio\/wp-json\/wp\/v2\/product\/458"}],"collection":[{"href":"https:\/\/eljardinderosas.cl\/inicio\/wp-json\/wp\/v2\/product"}],"about":[{"href":"https:\/\/eljardinderosas.cl\/inicio\/wp-json\/wp\/v2\/types\/product"}],"wp:featuredmedia":[{"embeddable":true,"href":"https:\/\/eljardinderosas.cl\/inicio\/wp-json\/wp\/v2\/media\/14726"}],"wp:attachment":[{"href":"https:\/\/eljardinderosas.cl\/inicio\/wp-json\/wp\/v2\/media?parent=458"}],"wp:term":[{"taxonomy":"product_cat","embeddable":true,"href":"https:\/\/eljardinderosas.cl\/inicio\/wp-json\/wp\/v2\/product_cat?post=458"},{"taxonomy":"product_tag","embeddable":true,"href":"https:\/\/eljardinderosas.cl\/inicio\/wp-json\/wp\/v2\/product_tag?post=458"}],"curies":[{"name":"wp","href":"https:\/\/api.w.org\/{rel}","templated":true}]}}

<ul>
<li>Celebra a mamá con este hermoso Sumérgete en un mundo de elegancia y deleite con este impresionante arreglo floral en un magnífico box. Con 25 rosas  rosadas , este arreglo evoca amor , dulzura y cariño hacia tu mamá , sorpréndela este 10 y 12 mayo con este maravilloso box con 25 bellas rosas rosadas Un detalle tan hermoso que siempre quedará grabado en su memoria, recordándole el amor y aprecio que le tienes. No esperes más, regala un pedacito de felicidad. Piensa en la sonrisa en el rostro de tu mamá al recibir este increíble arreglo de rosas rosadas  ¡No esperes más y haz tu pedido ahora mismo!  Te garantizamos que este dejará huella en el corazon de tu madre.</li>
</ul>

<p>14 de febrero en San valentin😍 llega a su corazón❤️ con flores de florería<br />
El Jardín de Rosas🌹¡Celebra y Descubre ramos únicos y ofertas especiales que alegrarán su día. ¡Haz tu pedido hoy y sorpréndela con un detalle inolvidable!</p>
