{"id":662,"date":"2020-10-12T09:39:21","date_gmt":"2020-10-12T12:39:21","guid":{"rendered":"https:\/\/eljardinderosas.cl\/inicio\/?post_type=product&#038;p=662"},"modified":"2026-04-21T22:21:23","modified_gmt":"2026-04-22T02:21:23","slug":"precioso-ramo-con-25-rosas-ecuatorianas-y-hypericum","status":"publish","type":"product","link":"https:\/\/eljardinderosas.cl\/inicio\/tienda\/a-ramos-con-rosas\/precioso-ramo-con-25-rosas-ecuatorianas-y-hypericum\/","title":{"rendered":"Precioso ramo con 25 rosas ecuatorianas y hypericum"},"content":{"rendered":"<p>Celebra tu aniversario o cumplea\u00f1os o otra ocasi\u00f3n con este exquisito ramo de 25 rosas rojas frescas acompa\u00f1adas  por bellas flores hypericum verde una combinaci\u00f3n perfecta simboliza 25 razones para amar. Cada p\u00e9talo vibrante irradia el fuego del romance verdadero, envuelto delicadamente en papel fino que realza su elegancia natural, y atado con una cinta de raso roja satinada que a\u00f1ade un toque de lujo y sofisticaci\u00f3n. Perfecto para conquistar corazones en el D\u00eda de los Enamorados.  <\/p>\n","protected":false},"excerpt":{"rendered":"<p>Celebra este 14 de febrero y Descubre ramos \u00fanicos y ofertas especiales que alegrar\u00e1n su d\u00eda. \u00a1Haz tu pedido hoy y sorpr\u00e9ndela con un detalle inolvidable<\/p>\n","protected":false},"featured_media":20173,"template":"","meta":[],"product_cat":[96,69,93,261,230],"product_tag":[295,117,138,113,146],"yoast_head":"<!-- This site is optimized with the Yoast SEO Premium plugin v17.1.2 (Yoast SEO v17.3) - https:\/\/yoast.com\/wordpress\/plugins\/seo\/ -->\n<title>Precioso ramo con 25 rosas ecuatorianas y hypericum - El Jardin de Rosas<\/title>\n<meta name=\"description\" content=\"Exquisito ramo de 25 rosas rojas combinadas por flores hypericum verde \u00a1Haz tu pedido sorpr\u00e9ndela con amor\" \/>\n<meta name=\"robots\" content=\"index, follow, max-snippet:-1, max-image-preview:large, max-video-preview:-1\" \/>\n<link rel=\"canonical\" href=\"https:\/\/eljardinderosas.cl\/inicio\/tienda\/a-ramos-con-rosas\/precioso-ramo-con-25-rosas-ecuatorianas-y-hypericum\/\" \/>\n<meta property=\"og:locale\" content=\"es_ES\" \/>\n<meta property=\"og:type\" content=\"article\" \/>\n<meta property=\"og:title\" content=\"Precioso ramo con 25 rosas ecuatorianas y hypericum\" \/>\n<meta property=\"og:description\" content=\"Exquisito ramo de 25 rosas rojas combinadas por flores hypericum verde \u00a1Haz tu pedido sorpr\u00e9ndela con amor\" \/>\n<meta property=\"og:url\" content=\"https:\/\/eljardinderosas.cl\/inicio\/tienda\/a-ramos-con-rosas\/precioso-ramo-con-25-rosas-ecuatorianas-y-hypericum\/\" \/>\n<meta property=\"og:site_name\" content=\"El Jardin de Rosas\" \/>\n<meta property=\"article:modified_time\" content=\"2026-04-22T02:21:23+00:00\" \/>\n<meta property=\"og:image\" content=\"https:\/\/eljardinderosas.cl\/inicio\/wp-content\/uploads\/2020\/10\/Bello-ramo-con-25-rosas-rojas-y-hypericum-verde.jpg\" \/>\n\t<meta property=\"og:image:width\" content=\"1024\" \/>\n\t<meta property=\"og:image:height\" content=\"1024\" \/>\n<meta name=\"twitter:card\" content=\"summary_large_image\" \/>\n<meta name=\"twitter:label1\" content=\"Tiempo de lectura\" \/>\n\t<meta name=\"twitter:data1\" content=\"1 minuto\" \/>\n<script type=\"application\/ld+json\" class=\"yoast-schema-graph\">{\"@context\":\"https:\/\/schema.org\",\"@graph\":[{\"@type\":\"Organization\",\"@id\":\"https:\/\/eljardinderosas.cl\/inicio\/#organization\",\"name\":\"El jardin de las rosas\",\"url\":\"https:\/\/eljardinderosas.cl\/inicio\/\",\"sameAs\":[\"https:\/\/www.instagram.com\/floreria_eljardinderosas\/\"],\"logo\":{\"@type\":\"ImageObject\",\"@id\":\"https:\/\/eljardinderosas.cl\/inicio\/#logo\",\"inLanguage\":\"es\",\"url\":\"https:\/\/eljardinderosas.cl\/inicio\/wp-content\/uploads\/2020\/10\/eljardinderosas-mail.png\",\"contentUrl\":\"https:\/\/eljardinderosas.cl\/inicio\/wp-content\/uploads\/2020\/10\/eljardinderosas-mail.png\",\"width\":317,\"height\":97,\"caption\":\"El jardin de las rosas\"},\"image\":{\"@id\":\"https:\/\/eljardinderosas.cl\/inicio\/#logo\"}},{\"@type\":\"WebSite\",\"@id\":\"https:\/\/eljardinderosas.cl\/inicio\/#website\",\"url\":\"https:\/\/eljardinderosas.cl\/inicio\/\",\"name\":\"Floreria El jardin de las Rosas\",\"description\":\"Flores en Santiago\",\"publisher\":{\"@id\":\"https:\/\/eljardinderosas.cl\/inicio\/#organization\"},\"potentialAction\":[{\"@type\":\"SearchAction\",\"target\":{\"@type\":\"EntryPoint\",\"urlTemplate\":\"https:\/\/eljardinderosas.cl\/inicio\/?s={search_term_string}\"},\"query-input\":\"required name=search_term_string\"}],\"inLanguage\":\"es\"},{\"@type\":\"ImageObject\",\"@id\":\"https:\/\/eljardinderosas.cl\/inicio\/tienda\/a-ramos-con-rosas\/precioso-ramo-con-25-rosas-ecuatorianas-y-hypericum\/#primaryimage\",\"inLanguage\":\"es\",\"url\":\"https:\/\/eljardinderosas.cl\/inicio\/wp-content\/uploads\/2020\/10\/Bello-ramo-con-25-rosas-rojas-y-hypericum-verde.jpg\",\"contentUrl\":\"https:\/\/eljardinderosas.cl\/inicio\/wp-content\/uploads\/2020\/10\/Bello-ramo-con-25-rosas-rojas-y-hypericum-verde.jpg\",\"width\":1024,\"height\":1024},{\"@type\":\"WebPage\",\"@id\":\"https:\/\/eljardinderosas.cl\/inicio\/tienda\/a-ramos-con-rosas\/precioso-ramo-con-25-rosas-ecuatorianas-y-hypericum\/#webpage\",\"url\":\"https:\/\/eljardinderosas.cl\/inicio\/tienda\/a-ramos-con-rosas\/precioso-ramo-con-25-rosas-ecuatorianas-y-hypericum\/\",\"name\":\"Precioso ramo con 25 rosas ecuatorianas y hypericum - El Jardin de Rosas\",\"isPartOf\":{\"@id\":\"https:\/\/eljardinderosas.cl\/inicio\/#website\"},\"primaryImageOfPage\":{\"@id\":\"https:\/\/eljardinderosas.cl\/inicio\/tienda\/a-ramos-con-rosas\/precioso-ramo-con-25-rosas-ecuatorianas-y-hypericum\/#primaryimage\"},\"datePublished\":\"2020-10-12T12:39:21+00:00\",\"dateModified\":\"2026-04-22T02:21:23+00:00\",\"description\":\"Exquisito ramo de 25 rosas rojas combinadas por flores hypericum verde \\u00a1Haz tu pedido sorpr\\u00e9ndela con amor\",\"breadcrumb\":{\"@id\":\"https:\/\/eljardinderosas.cl\/inicio\/tienda\/a-ramos-con-rosas\/precioso-ramo-con-25-rosas-ecuatorianas-y-hypericum\/#breadcrumb\"},\"inLanguage\":\"es\",\"potentialAction\":[{\"@type\":\"ReadAction\",\"target\":[\"https:\/\/eljardinderosas.cl\/inicio\/tienda\/a-ramos-con-rosas\/precioso-ramo-con-25-rosas-ecuatorianas-y-hypericum\/\"]}]},{\"@type\":\"BreadcrumbList\",\"@id\":\"https:\/\/eljardinderosas.cl\/inicio\/tienda\/a-ramos-con-rosas\/precioso-ramo-con-25-rosas-ecuatorianas-y-hypericum\/#breadcrumb\",\"itemListElement\":[{\"@type\":\"ListItem\",\"position\":1,\"name\":\"Home\",\"item\":\"https:\/\/eljardinderosas.cl\/inicio\/\"},{\"@type\":\"ListItem\",\"position\":2,\"name\":\"Tienda\",\"item\":\"https:\/\/eljardinderosas.cl\/inicio\/tienda\/\"},{\"@type\":\"ListItem\",\"position\":3,\"name\":\"Precioso ramo con 25 rosas ecuatorianas y hypericum\"}]}]}<\/script>\n<!-- \/ Yoast SEO Premium plugin. -->","yoast_head_json":{"title":"Precioso ramo con 25 rosas ecuatorianas y hypericum - El Jardin de Rosas","description":"Exquisito ramo de 25 rosas rojas combinadas por flores hypericum verde \u00a1Haz tu pedido sorpr\u00e9ndela con amor","robots":{"index":"index","follow":"follow","max-snippet":"max-snippet:-1","max-image-preview":"max-image-preview:large","max-video-preview":"max-video-preview:-1"},"canonical":"https:\/\/eljardinderosas.cl\/inicio\/tienda\/a-ramos-con-rosas\/precioso-ramo-con-25-rosas-ecuatorianas-y-hypericum\/","og_locale":"es_ES","og_type":"article","og_title":"Precioso ramo con 25 rosas ecuatorianas y hypericum","og_description":"Exquisito ramo de 25 rosas rojas combinadas por flores hypericum verde \u00a1Haz tu pedido sorpr\u00e9ndela con amor","og_url":"https:\/\/eljardinderosas.cl\/inicio\/tienda\/a-ramos-con-rosas\/precioso-ramo-con-25-rosas-ecuatorianas-y-hypericum\/","og_site_name":"El Jardin de Rosas","article_modified_time":"2026-04-22T02:21:23+00:00","og_image":[{"width":1024,"height":1024,"url":"https:\/\/eljardinderosas.cl\/inicio\/wp-content\/uploads\/2020\/10\/Bello-ramo-con-25-rosas-rojas-y-hypericum-verde.jpg","type":"image\/jpeg"}],"twitter_card":"summary_large_image","twitter_misc":{"Tiempo de lectura":"1 minuto"},"schema":{"@context":"https:\/\/schema.org","@graph":[{"@type":"Organization","@id":"https:\/\/eljardinderosas.cl\/inicio\/#organization","name":"El jardin de las rosas","url":"https:\/\/eljardinderosas.cl\/inicio\/","sameAs":["https:\/\/www.instagram.com\/floreria_eljardinderosas\/"],"logo":{"@type":"ImageObject","@id":"https:\/\/eljardinderosas.cl\/inicio\/#logo","inLanguage":"es","url":"https:\/\/eljardinderosas.cl\/inicio\/wp-content\/uploads\/2020\/10\/eljardinderosas-mail.png","contentUrl":"https:\/\/eljardinderosas.cl\/inicio\/wp-content\/uploads\/2020\/10\/eljardinderosas-mail.png","width":317,"height":97,"caption":"El jardin de las rosas"},"image":{"@id":"https:\/\/eljardinderosas.cl\/inicio\/#logo"}},{"@type":"WebSite","@id":"https:\/\/eljardinderosas.cl\/inicio\/#website","url":"https:\/\/eljardinderosas.cl\/inicio\/","name":"Floreria El jardin de las Rosas","description":"Flores en Santiago","publisher":{"@id":"https:\/\/eljardinderosas.cl\/inicio\/#organization"},"potentialAction":[{"@type":"SearchAction","target":{"@type":"EntryPoint","urlTemplate":"https:\/\/eljardinderosas.cl\/inicio\/?s={search_term_string}"},"query-input":"required name=search_term_string"}],"inLanguage":"es"},{"@type":"ImageObject","@id":"https:\/\/eljardinderosas.cl\/inicio\/tienda\/a-ramos-con-rosas\/precioso-ramo-con-25-rosas-ecuatorianas-y-hypericum\/#primaryimage","inLanguage":"es","url":"https:\/\/eljardinderosas.cl\/inicio\/wp-content\/uploads\/2020\/10\/Bello-ramo-con-25-rosas-rojas-y-hypericum-verde.jpg","contentUrl":"https:\/\/eljardinderosas.cl\/inicio\/wp-content\/uploads\/2020\/10\/Bello-ramo-con-25-rosas-rojas-y-hypericum-verde.jpg","width":1024,"height":1024},{"@type":"WebPage","@id":"https:\/\/eljardinderosas.cl\/inicio\/tienda\/a-ramos-con-rosas\/precioso-ramo-con-25-rosas-ecuatorianas-y-hypericum\/#webpage","url":"https:\/\/eljardinderosas.cl\/inicio\/tienda\/a-ramos-con-rosas\/precioso-ramo-con-25-rosas-ecuatorianas-y-hypericum\/","name":"Precioso ramo con 25 rosas ecuatorianas y hypericum - El Jardin de Rosas","isPartOf":{"@id":"https:\/\/eljardinderosas.cl\/inicio\/#website"},"primaryImageOfPage":{"@id":"https:\/\/eljardinderosas.cl\/inicio\/tienda\/a-ramos-con-rosas\/precioso-ramo-con-25-rosas-ecuatorianas-y-hypericum\/#primaryimage"},"datePublished":"2020-10-12T12:39:21+00:00","dateModified":"2026-04-22T02:21:23+00:00","description":"Exquisito ramo de 25 rosas rojas combinadas por flores hypericum verde \u00a1Haz tu pedido sorpr\u00e9ndela con amor","breadcrumb":{"@id":"https:\/\/eljardinderosas.cl\/inicio\/tienda\/a-ramos-con-rosas\/precioso-ramo-con-25-rosas-ecuatorianas-y-hypericum\/#breadcrumb"},"inLanguage":"es","potentialAction":[{"@type":"ReadAction","target":["https:\/\/eljardinderosas.cl\/inicio\/tienda\/a-ramos-con-rosas\/precioso-ramo-con-25-rosas-ecuatorianas-y-hypericum\/"]}]},{"@type":"BreadcrumbList","@id":"https:\/\/eljardinderosas.cl\/inicio\/tienda\/a-ramos-con-rosas\/precioso-ramo-con-25-rosas-ecuatorianas-y-hypericum\/#breadcrumb","itemListElement":[{"@type":"ListItem","position":1,"name":"Home","item":"https:\/\/eljardinderosas.cl\/inicio\/"},{"@type":"ListItem","position":2,"name":"Tienda","item":"https:\/\/eljardinderosas.cl\/inicio\/tienda\/"},{"@type":"ListItem","position":3,"name":"Precioso ramo con 25 rosas ecuatorianas y hypericum"}]}]}},"_links":{"self":[{"href":"https:\/\/eljardinderosas.cl\/inicio\/wp-json\/wp\/v2\/product\/662"}],"collection":[{"href":"https:\/\/eljardinderosas.cl\/inicio\/wp-json\/wp\/v2\/product"}],"about":[{"href":"https:\/\/eljardinderosas.cl\/inicio\/wp-json\/wp\/v2\/types\/product"}],"wp:featuredmedia":[{"embeddable":true,"href":"https:\/\/eljardinderosas.cl\/inicio\/wp-json\/wp\/v2\/media\/20173"}],"wp:attachment":[{"href":"https:\/\/eljardinderosas.cl\/inicio\/wp-json\/wp\/v2\/media?parent=662"}],"wp:term":[{"taxonomy":"product_cat","embeddable":true,"href":"https:\/\/eljardinderosas.cl\/inicio\/wp-json\/wp\/v2\/product_cat?post=662"},{"taxonomy":"product_tag","embeddable":true,"href":"https:\/\/eljardinderosas.cl\/inicio\/wp-json\/wp\/v2\/product_tag?post=662"}],"curies":[{"name":"wp","href":"https:\/\/api.w.org\/{rel}","templated":true}]}}

<p>Celebra tu aniversario o cumpleaños o otra ocasión con este exquisito ramo de 25 rosas rojas frescas acompañadas  por bellas flores hypericum verde una combinación perfecta simboliza 25 razones para amar. Cada pétalo vibrante irradia el fuego del romance verdadero, envuelto delicadamente en papel fino que realza su elegancia natural, y atado con una cinta de raso roja satinada que añade un toque de lujo y sofisticación. Perfecto para conquistar corazones en el Día de los Enamorados.  </p>

<p>Celebra este 14 de febrero y Descubre ramos únicos y ofertas especiales que alegrarán su día. ¡Haz tu pedido hoy y sorpréndela con un detalle inolvidable</p>

<!-- This site is optimized with the Yoast SEO Premium plugin v17.1.2 (Yoast SEO v17.3) - https://yoast.com/wordpress/plugins/seo/ -->
<title>Precioso ramo con 25 rosas ecuatorianas y hypericum - El Jardin de Rosas</title>
<meta name="description" content="Exquisito ramo de 25 rosas rojas combinadas por flores hypericum verde ¡Haz tu pedido sorpréndela con amor" />
<meta name="robots" content="index, follow, max-snippet:-1, max-image-preview:large, max-video-preview:-1" />
<link rel="canonical" href="https://eljardinderosas.cl/inicio/tienda/a-ramos-con-rosas/precioso-ramo-con-25-rosas-ecuatorianas-y-hypericum/" />
<meta property="og:locale" content="es_ES" />
<meta property="og:type" content="article" />
<meta property="og:title" content="Precioso ramo con 25 rosas ecuatorianas y hypericum" />
<meta property="og:description" content="Exquisito ramo de 25 rosas rojas combinadas por flores hypericum verde ¡Haz tu pedido sorpréndela con amor" />
<meta property="og:url" content="https://eljardinderosas.cl/inicio/tienda/a-ramos-con-rosas/precioso-ramo-con-25-rosas-ecuatorianas-y-hypericum/" />
<meta property="og:site_name" content="El Jardin de Rosas" />
<meta property="article:modified_time" content="2026-04-22T02:21:23+00:00" />
<meta property="og:image" content="https://eljardinderosas.cl/inicio/wp-content/uploads/2020/10/Bello-ramo-con-25-rosas-rojas-y-hypericum-verde.jpg" />
	<meta property="og:image:width" content="1024" />
	<meta property="og:image:height" content="1024" />
<meta name="twitter:card" content="summary_large_image" />
<meta name="twitter:label1" content="Tiempo de lectura" />
	<meta name="twitter:data1" content="1 minuto" />
<script type="application/ld+json" class="yoast-schema-graph">{"@context":"https://schema.org","@graph":[{"@type":"Organization","@id":"https://eljardinderosas.cl/inicio/#organization","name":"El jardin de las rosas","url":"https://eljardinderosas.cl/inicio/","sameAs":["https://www.instagram.com/floreria_eljardinderosas/"],"logo":{"@type":"ImageObject","@id":"https://eljardinderosas.cl/inicio/#logo","inLanguage":"es","url":"https://eljardinderosas.cl/inicio/wp-content/uploads/2020/10/eljardinderosas-mail.png","contentUrl":"https://eljardinderosas.cl/inicio/wp-content/uploads/2020/10/eljardinderosas-mail.png","width":317,"height":97,"caption":"El jardin de las rosas"},"image":{"@id":"https://eljardinderosas.cl/inicio/#logo"}},{"@type":"WebSite","@id":"https://eljardinderosas.cl/inicio/#website","url":"https://eljardinderosas.cl/inicio/","name":"Floreria El jardin de las Rosas","description":"Flores en Santiago","publisher":{"@id":"https://eljardinderosas.cl/inicio/#organization"},"potentialAction":[{"@type":"SearchAction","target":{"@type":"EntryPoint","urlTemplate":"https://eljardinderosas.cl/inicio/?s={search_term_string}"},"query-input":"required name=search_term_string"}],"inLanguage":"es"},{"@type":"ImageObject","@id":"https://eljardinderosas.cl/inicio/tienda/a-ramos-con-rosas/precioso-ramo-con-25-rosas-ecuatorianas-y-hypericum/#primaryimage","inLanguage":"es","url":"https://eljardinderosas.cl/inicio/wp-content/uploads/2020/10/Bello-ramo-con-25-rosas-rojas-y-hypericum-verde.jpg","contentUrl":"https://eljardinderosas.cl/inicio/wp-content/uploads/2020/10/Bello-ramo-con-25-rosas-rojas-y-hypericum-verde.jpg","width":1024,"height":1024},{"@type":"WebPage","@id":"https://eljardinderosas.cl/inicio/tienda/a-ramos-con-rosas/precioso-ramo-con-25-rosas-ecuatorianas-y-hypericum/#webpage","url":"https://eljardinderosas.cl/inicio/tienda/a-ramos-con-rosas/precioso-ramo-con-25-rosas-ecuatorianas-y-hypericum/","name":"Precioso ramo con 25 rosas ecuatorianas y hypericum - El Jardin de Rosas","isPartOf":{"@id":"https://eljardinderosas.cl/inicio/#website"},"primaryImageOfPage":{"@id":"https://eljardinderosas.cl/inicio/tienda/a-ramos-con-rosas/precioso-ramo-con-25-rosas-ecuatorianas-y-hypericum/#primaryimage"},"datePublished":"2020-10-12T12:39:21+00:00","dateModified":"2026-04-22T02:21:23+00:00","description":"Exquisito ramo de 25 rosas rojas combinadas por flores hypericum verde \u00a1Haz tu pedido sorpr\u00e9ndela con amor","breadcrumb":{"@id":"https://eljardinderosas.cl/inicio/tienda/a-ramos-con-rosas/precioso-ramo-con-25-rosas-ecuatorianas-y-hypericum/#breadcrumb"},"inLanguage":"es","potentialAction":[{"@type":"ReadAction","target":["https://eljardinderosas.cl/inicio/tienda/a-ramos-con-rosas/precioso-ramo-con-25-rosas-ecuatorianas-y-hypericum/"]}]},{"@type":"BreadcrumbList","@id":"https://eljardinderosas.cl/inicio/tienda/a-ramos-con-rosas/precioso-ramo-con-25-rosas-ecuatorianas-y-hypericum/#breadcrumb","itemListElement":[{"@type":"ListItem","position":1,"name":"Home","item":"https://eljardinderosas.cl/inicio/"},{"@type":"ListItem","position":2,"name":"Tienda","item":"https://eljardinderosas.cl/inicio/tienda/"},{"@type":"ListItem","position":3,"name":"Precioso ramo con 25 rosas ecuatorianas y hypericum"}]}]}</script>
<!-- / Yoast SEO Premium plugin. -->

Exquisito ramo de 25 rosas rojas combinadas por flores hypericum verde ¡Haz tu pedido sorpréndela con amor
