{"id":943,"date":"2020-10-17T09:44:22","date_gmt":"2020-10-17T12:44:22","guid":{"rendered":"https:\/\/eljardinderosas.cl\/inicio\/?post_type=product&#038;p=943"},"modified":"2026-04-22T19:42:53","modified_gmt":"2026-04-22T23:42:53","slug":"florero-con-12-rosas-rojas-rosadas-y-6-lilium-blancos","status":"publish","type":"product","link":"https:\/\/eljardinderosas.cl\/inicio\/tienda\/arreglos-florales\/liliums\/florero-con-12-rosas-rojas-rosadas-y-6-lilium-blancos\/","title":{"rendered":"Florero con 12 rosas rojas , rosadas y 6 lilium blancos"},"content":{"rendered":"<p>Florero con 12 Rosas Rojas y (fucsia o rosadas)  y 6 Lilium Blancos , combina la pasi\u00f3n de las rosas rojas con la dulzura de las rosas blush (tono rosado suave), complementadas por la elegancia de 6 varas de lilium blancos. Este arreglo ideal para sorprender ideal para expresar sentimientos profundos en ocasiones rom\u00e1nticas o de celebraci\u00f3n. Los liliums blancos a\u00f1aden pureza y sofisticaci\u00f3n, creando un contraste arm\u00f3nico entre colores vibrantes y tonos delicados. Incluye opciones de personalizaci\u00f3n como tarjeta y foto de confirmaci\u00f3n1<\/p>\n","protected":false},"excerpt":{"rendered":"<p>\u00a1Haz tu pedido ahora y sorprende este 10 de mayo dia de la mam\u00e1 con este bello  detalle que la har\u00e1 sonre\u00edr a tu mam\u00e1<\/p>\n","protected":false},"featured_media":19684,"template":"","meta":[],"product_cat":[72,93,94,245,200,230],"product_tag":[138,113],"yoast_head":"<!-- This site is optimized with the Yoast SEO Premium plugin v17.1.2 (Yoast SEO v17.3) - https:\/\/yoast.com\/wordpress\/plugins\/seo\/ -->\n<title>Florero con 12 rosas rojas , rosadas y 6 lilium blancos - El Jardin de Rosas<\/title>\n<meta name=\"description\" content=\"&quot;\u00a1Flores en oferta para 14 febrero! Rosas, arreglos y regalos con descuento en El Jard\u00edn de Rosas. Entrega en Santiago\" \/>\n<meta name=\"robots\" content=\"index, follow, max-snippet:-1, max-image-preview:large, max-video-preview:-1\" \/>\n<link rel=\"canonical\" href=\"https:\/\/eljardinderosas.cl\/inicio\/tienda\/arreglos-florales\/liliums\/florero-con-12-rosas-rojas-rosadas-y-6-lilium-blancos\/\" \/>\n<meta property=\"og:locale\" content=\"es_ES\" \/>\n<meta property=\"og:type\" content=\"article\" \/>\n<meta property=\"og:title\" content=\"Florero con 12 rosas rojas , rosadas y 6 lilium blancos\" \/>\n<meta property=\"og:description\" content=\"&quot;\u00a1Flores en oferta para 14 febrero! Rosas, arreglos y regalos con descuento en El Jard\u00edn de Rosas. Entrega en Santiago\" \/>\n<meta property=\"og:url\" content=\"https:\/\/eljardinderosas.cl\/inicio\/tienda\/arreglos-florales\/liliums\/florero-con-12-rosas-rojas-rosadas-y-6-lilium-blancos\/\" \/>\n<meta property=\"og:site_name\" content=\"El Jardin de Rosas\" \/>\n<meta property=\"article:modified_time\" content=\"2026-04-22T23:42:53+00:00\" \/>\n<meta property=\"og:image\" content=\"https:\/\/eljardinderosas.cl\/inicio\/wp-content\/uploads\/2020\/10\/FLORERO-CON-12-ROSAS-ROJAS-BLUSH-Y-LILIUM-BLANCOS.png\" \/>\n\t<meta property=\"og:image:width\" content=\"1024\" \/>\n\t<meta property=\"og:image:height\" content=\"1024\" \/>\n<meta name=\"twitter:card\" content=\"summary_large_image\" \/>\n<meta name=\"twitter:label1\" content=\"Tiempo de lectura\" \/>\n\t<meta name=\"twitter:data1\" content=\"1 minuto\" \/>\n<script type=\"application\/ld+json\" class=\"yoast-schema-graph\">{\"@context\":\"https:\/\/schema.org\",\"@graph\":[{\"@type\":\"Organization\",\"@id\":\"https:\/\/eljardinderosas.cl\/inicio\/#organization\",\"name\":\"El jardin de las rosas\",\"url\":\"https:\/\/eljardinderosas.cl\/inicio\/\",\"sameAs\":[\"https:\/\/www.instagram.com\/floreria_eljardinderosas\/\"],\"logo\":{\"@type\":\"ImageObject\",\"@id\":\"https:\/\/eljardinderosas.cl\/inicio\/#logo\",\"inLanguage\":\"es\",\"url\":\"https:\/\/eljardinderosas.cl\/inicio\/wp-content\/uploads\/2020\/10\/eljardinderosas-mail.png\",\"contentUrl\":\"https:\/\/eljardinderosas.cl\/inicio\/wp-content\/uploads\/2020\/10\/eljardinderosas-mail.png\",\"width\":317,\"height\":97,\"caption\":\"El jardin de las rosas\"},\"image\":{\"@id\":\"https:\/\/eljardinderosas.cl\/inicio\/#logo\"}},{\"@type\":\"WebSite\",\"@id\":\"https:\/\/eljardinderosas.cl\/inicio\/#website\",\"url\":\"https:\/\/eljardinderosas.cl\/inicio\/\",\"name\":\"Floreria El jardin de las Rosas\",\"description\":\"Flores en Santiago\",\"publisher\":{\"@id\":\"https:\/\/eljardinderosas.cl\/inicio\/#organization\"},\"potentialAction\":[{\"@type\":\"SearchAction\",\"target\":{\"@type\":\"EntryPoint\",\"urlTemplate\":\"https:\/\/eljardinderosas.cl\/inicio\/?s={search_term_string}\"},\"query-input\":\"required name=search_term_string\"}],\"inLanguage\":\"es\"},{\"@type\":\"ImageObject\",\"@id\":\"https:\/\/eljardinderosas.cl\/inicio\/tienda\/arreglos-florales\/liliums\/florero-con-12-rosas-rojas-rosadas-y-6-lilium-blancos\/#primaryimage\",\"inLanguage\":\"es\",\"url\":\"https:\/\/eljardinderosas.cl\/inicio\/wp-content\/uploads\/2020\/10\/FLORERO-CON-12-ROSAS-ROJAS-BLUSH-Y-LILIUM-BLANCOS.png\",\"contentUrl\":\"https:\/\/eljardinderosas.cl\/inicio\/wp-content\/uploads\/2020\/10\/FLORERO-CON-12-ROSAS-ROJAS-BLUSH-Y-LILIUM-BLANCOS.png\",\"width\":1024,\"height\":1024},{\"@type\":\"WebPage\",\"@id\":\"https:\/\/eljardinderosas.cl\/inicio\/tienda\/arreglos-florales\/liliums\/florero-con-12-rosas-rojas-rosadas-y-6-lilium-blancos\/#webpage\",\"url\":\"https:\/\/eljardinderosas.cl\/inicio\/tienda\/arreglos-florales\/liliums\/florero-con-12-rosas-rojas-rosadas-y-6-lilium-blancos\/\",\"name\":\"Florero con 12 rosas rojas , rosadas y 6 lilium blancos - El Jardin de Rosas\",\"isPartOf\":{\"@id\":\"https:\/\/eljardinderosas.cl\/inicio\/#website\"},\"primaryImageOfPage\":{\"@id\":\"https:\/\/eljardinderosas.cl\/inicio\/tienda\/arreglos-florales\/liliums\/florero-con-12-rosas-rojas-rosadas-y-6-lilium-blancos\/#primaryimage\"},\"datePublished\":\"2020-10-17T12:44:22+00:00\",\"dateModified\":\"2026-04-22T23:42:53+00:00\",\"description\":\"\\\"\\u00a1Flores en oferta para 14 febrero! Rosas, arreglos y regalos con descuento en El Jard\\u00edn de Rosas. Entrega en Santiago\",\"breadcrumb\":{\"@id\":\"https:\/\/eljardinderosas.cl\/inicio\/tienda\/arreglos-florales\/liliums\/florero-con-12-rosas-rojas-rosadas-y-6-lilium-blancos\/#breadcrumb\"},\"inLanguage\":\"es\",\"potentialAction\":[{\"@type\":\"ReadAction\",\"target\":[\"https:\/\/eljardinderosas.cl\/inicio\/tienda\/arreglos-florales\/liliums\/florero-con-12-rosas-rojas-rosadas-y-6-lilium-blancos\/\"]}]},{\"@type\":\"BreadcrumbList\",\"@id\":\"https:\/\/eljardinderosas.cl\/inicio\/tienda\/arreglos-florales\/liliums\/florero-con-12-rosas-rojas-rosadas-y-6-lilium-blancos\/#breadcrumb\",\"itemListElement\":[{\"@type\":\"ListItem\",\"position\":1,\"name\":\"Home\",\"item\":\"https:\/\/eljardinderosas.cl\/inicio\/\"},{\"@type\":\"ListItem\",\"position\":2,\"name\":\"Tienda\",\"item\":\"https:\/\/eljardinderosas.cl\/inicio\/tienda\/\"},{\"@type\":\"ListItem\",\"position\":3,\"name\":\"Florero con 12 rosas rojas , rosadas y 6 lilium blancos\"}]}]}<\/script>\n<!-- \/ Yoast SEO Premium plugin. -->","yoast_head_json":{"title":"Florero con 12 rosas rojas , rosadas y 6 lilium blancos - El Jardin de Rosas","description":"\"\u00a1Flores en oferta para 14 febrero! Rosas, arreglos y regalos con descuento en El Jard\u00edn de Rosas. Entrega en Santiago","robots":{"index":"index","follow":"follow","max-snippet":"max-snippet:-1","max-image-preview":"max-image-preview:large","max-video-preview":"max-video-preview:-1"},"canonical":"https:\/\/eljardinderosas.cl\/inicio\/tienda\/arreglos-florales\/liliums\/florero-con-12-rosas-rojas-rosadas-y-6-lilium-blancos\/","og_locale":"es_ES","og_type":"article","og_title":"Florero con 12 rosas rojas , rosadas y 6 lilium blancos","og_description":"\"\u00a1Flores en oferta para 14 febrero! Rosas, arreglos y regalos con descuento en El Jard\u00edn de Rosas. Entrega en Santiago","og_url":"https:\/\/eljardinderosas.cl\/inicio\/tienda\/arreglos-florales\/liliums\/florero-con-12-rosas-rojas-rosadas-y-6-lilium-blancos\/","og_site_name":"El Jardin de Rosas","article_modified_time":"2026-04-22T23:42:53+00:00","og_image":[{"width":1024,"height":1024,"url":"https:\/\/eljardinderosas.cl\/inicio\/wp-content\/uploads\/2020\/10\/FLORERO-CON-12-ROSAS-ROJAS-BLUSH-Y-LILIUM-BLANCOS.png","type":"image\/png"}],"twitter_card":"summary_large_image","twitter_misc":{"Tiempo de lectura":"1 minuto"},"schema":{"@context":"https:\/\/schema.org","@graph":[{"@type":"Organization","@id":"https:\/\/eljardinderosas.cl\/inicio\/#organization","name":"El jardin de las rosas","url":"https:\/\/eljardinderosas.cl\/inicio\/","sameAs":["https:\/\/www.instagram.com\/floreria_eljardinderosas\/"],"logo":{"@type":"ImageObject","@id":"https:\/\/eljardinderosas.cl\/inicio\/#logo","inLanguage":"es","url":"https:\/\/eljardinderosas.cl\/inicio\/wp-content\/uploads\/2020\/10\/eljardinderosas-mail.png","contentUrl":"https:\/\/eljardinderosas.cl\/inicio\/wp-content\/uploads\/2020\/10\/eljardinderosas-mail.png","width":317,"height":97,"caption":"El jardin de las rosas"},"image":{"@id":"https:\/\/eljardinderosas.cl\/inicio\/#logo"}},{"@type":"WebSite","@id":"https:\/\/eljardinderosas.cl\/inicio\/#website","url":"https:\/\/eljardinderosas.cl\/inicio\/","name":"Floreria El jardin de las Rosas","description":"Flores en Santiago","publisher":{"@id":"https:\/\/eljardinderosas.cl\/inicio\/#organization"},"potentialAction":[{"@type":"SearchAction","target":{"@type":"EntryPoint","urlTemplate":"https:\/\/eljardinderosas.cl\/inicio\/?s={search_term_string}"},"query-input":"required name=search_term_string"}],"inLanguage":"es"},{"@type":"ImageObject","@id":"https:\/\/eljardinderosas.cl\/inicio\/tienda\/arreglos-florales\/liliums\/florero-con-12-rosas-rojas-rosadas-y-6-lilium-blancos\/#primaryimage","inLanguage":"es","url":"https:\/\/eljardinderosas.cl\/inicio\/wp-content\/uploads\/2020\/10\/FLORERO-CON-12-ROSAS-ROJAS-BLUSH-Y-LILIUM-BLANCOS.png","contentUrl":"https:\/\/eljardinderosas.cl\/inicio\/wp-content\/uploads\/2020\/10\/FLORERO-CON-12-ROSAS-ROJAS-BLUSH-Y-LILIUM-BLANCOS.png","width":1024,"height":1024},{"@type":"WebPage","@id":"https:\/\/eljardinderosas.cl\/inicio\/tienda\/arreglos-florales\/liliums\/florero-con-12-rosas-rojas-rosadas-y-6-lilium-blancos\/#webpage","url":"https:\/\/eljardinderosas.cl\/inicio\/tienda\/arreglos-florales\/liliums\/florero-con-12-rosas-rojas-rosadas-y-6-lilium-blancos\/","name":"Florero con 12 rosas rojas , rosadas y 6 lilium blancos - El Jardin de Rosas","isPartOf":{"@id":"https:\/\/eljardinderosas.cl\/inicio\/#website"},"primaryImageOfPage":{"@id":"https:\/\/eljardinderosas.cl\/inicio\/tienda\/arreglos-florales\/liliums\/florero-con-12-rosas-rojas-rosadas-y-6-lilium-blancos\/#primaryimage"},"datePublished":"2020-10-17T12:44:22+00:00","dateModified":"2026-04-22T23:42:53+00:00","description":"\"\u00a1Flores en oferta para 14 febrero! Rosas, arreglos y regalos con descuento en El Jard\u00edn de Rosas. Entrega en Santiago","breadcrumb":{"@id":"https:\/\/eljardinderosas.cl\/inicio\/tienda\/arreglos-florales\/liliums\/florero-con-12-rosas-rojas-rosadas-y-6-lilium-blancos\/#breadcrumb"},"inLanguage":"es","potentialAction":[{"@type":"ReadAction","target":["https:\/\/eljardinderosas.cl\/inicio\/tienda\/arreglos-florales\/liliums\/florero-con-12-rosas-rojas-rosadas-y-6-lilium-blancos\/"]}]},{"@type":"BreadcrumbList","@id":"https:\/\/eljardinderosas.cl\/inicio\/tienda\/arreglos-florales\/liliums\/florero-con-12-rosas-rojas-rosadas-y-6-lilium-blancos\/#breadcrumb","itemListElement":[{"@type":"ListItem","position":1,"name":"Home","item":"https:\/\/eljardinderosas.cl\/inicio\/"},{"@type":"ListItem","position":2,"name":"Tienda","item":"https:\/\/eljardinderosas.cl\/inicio\/tienda\/"},{"@type":"ListItem","position":3,"name":"Florero con 12 rosas rojas , rosadas y 6 lilium blancos"}]}]}},"_links":{"self":[{"href":"https:\/\/eljardinderosas.cl\/inicio\/wp-json\/wp\/v2\/product\/943"}],"collection":[{"href":"https:\/\/eljardinderosas.cl\/inicio\/wp-json\/wp\/v2\/product"}],"about":[{"href":"https:\/\/eljardinderosas.cl\/inicio\/wp-json\/wp\/v2\/types\/product"}],"wp:featuredmedia":[{"embeddable":true,"href":"https:\/\/eljardinderosas.cl\/inicio\/wp-json\/wp\/v2\/media\/19684"}],"wp:attachment":[{"href":"https:\/\/eljardinderosas.cl\/inicio\/wp-json\/wp\/v2\/media?parent=943"}],"wp:term":[{"taxonomy":"product_cat","embeddable":true,"href":"https:\/\/eljardinderosas.cl\/inicio\/wp-json\/wp\/v2\/product_cat?post=943"},{"taxonomy":"product_tag","embeddable":true,"href":"https:\/\/eljardinderosas.cl\/inicio\/wp-json\/wp\/v2\/product_tag?post=943"}],"curies":[{"name":"wp","href":"https:\/\/api.w.org\/{rel}","templated":true}]}}